{"id":22817,"date":"2018-08-29T11:43:47","date_gmt":"2018-08-29T14:43:47","guid":{"rendered":"https:\/\/www.muniancud.cl\/portal\/?page_id=22817"},"modified":"2025-12-16T16:07:28","modified_gmt":"2025-12-16T19:07:28","slug":"comisiones","status":"publish","type":"page","link":"https:\/\/www.muniancud.cl\/portal\/concejo-municipal\/concejo-online\/comisiones\/","title":{"rendered":"Comisiones de Concejo"},"content":{"rendered":"<div class=\"wpb-content-wrapper\"><p>[vc_row][vc_column width=\u00bb1\/2&#8243;][vc_column_text]El Concejo podr\u00e1 acordar la formaci\u00f3n de Comisiones cuando la naturaleza de la materia as\u00ed lo requiera, sin perjuicio que individualmente cada Concejal se aboque a un tema de su inter\u00e9s y dominio.<\/p>\n<p>Cada una estar\u00e1 integrada, a lo menos, por dos Concejales, los que podr\u00e1n participar en m\u00e1s de una Comisi\u00f3n a la vez.<\/p>\n<p>Adem\u00e1s, de ser necesario, concurrir\u00e1n a la reuni\u00f3n funcionarios municipales, miembros del Consejo Comunal de las Organizaciones de la Sociedad Civil, representantes de otros Servicios P\u00fablicos, organismos comunitarios o particulares, los que ser\u00e1n convocados o invitados seg\u00fan corresponda.<\/p>\n<p>Tendr\u00e1n el car\u00e1cter de permanentes las siguientes comisiones:[\/vc_column_text][\/vc_column][vc_column width=\u00bb1\/2&#8243;][vc_tta_accordion style=\u00bbflat\u00bb c_icon=\u00bbchevron\u00bb active_section=\u00bb0&#8243; collapsible_all=\u00bbtrue\u00bb][vc_tta_section title=\u00bbVivienda y Urbanismo\u00bb tab_id=\u00bb1637157372439-20479869-c379&#8243;][vc_column_text css=\u00bb\u00bb]<\/p>\n<ul class=\"td-arrow-list\">\n<li><strong>Javier C\u00e1rdenas (Presidente)<\/strong><\/li>\n<li>Pablo Vargas<\/li>\n<li>Jaime Chepillo<\/li>\n<li>Fernando Ojeda<\/li>\n<\/ul>\n<p>[\/vc_column_text][\/vc_tta_section][vc_tta_section title=\u00bbSalud y Educaci\u00f3n\u00bb tab_id=\u00bb1637157372450-d599496a-2670&#8243;][vc_column_text css=\u00bb\u00bb]<\/p>\n<ul class=\"td-arrow-list\">\n<li><strong>Javier C\u00e1rdenas (Presidente)<\/strong><\/li>\n<li>Andr\u00e9s Ib\u00e1\u00f1ez<\/li>\n<li>Pablo Vargas<\/li>\n<li>Jaime Chepillo<\/li>\n<\/ul>\n<p>[\/vc_column_text][\/vc_tta_section][vc_tta_section title=\u00bbMedio Ambiente, Flora y Fauna\u00bb tab_id=\u00bb1637157420414-d3cb44a0-af9a\u00bb][vc_column_text css=\u00bb\u00bb]<\/p>\n<ul class=\"td-arrow-list\">\n<li><strong>Pablo Vargas (Presidente)<\/strong><\/li>\n<li>Andr\u00e9s Ib\u00e1\u00f1ez<\/li>\n<li>Jaime Chepillo<\/li>\n<li>Fernando Ojeda<\/li>\n<\/ul>\n<p>[\/vc_column_text][\/vc_tta_section][vc_tta_section title=\u00bbSocial\u00bb tab_id=\u00bb1637157452280-7ffbe186-81d0&#8243;][vc_column_text css=\u00bb\u00bb]<\/p>\n<ul class=\"td-arrow-list\">\n<li><strong>Andr\u00e9s Ib\u00e1\u00f1ez (Presidente)<\/strong><\/li>\n<li>Jaime Chepillo<\/li>\n<li>Pablo Vargas<\/li>\n<\/ul>\n<p>[\/vc_column_text][\/vc_tta_section][vc_tta_section title=\u00bbFinanzas y Fiscalizaci\u00f3n\u00bb tab_id=\u00bb1637157469773-43b96ed4-c8a7&#8243;][vc_column_text css=\u00bb\u00bb]<\/p>\n<ul class=\"td-arrow-list\">\n<li><strong>Federico Kr\u00fcger (Presidente)<\/strong><\/li>\n<li>Javier C\u00e1rdenas<\/li>\n<li>Andr\u00e9s Ib\u00e1\u00f1ez<\/li>\n<li>Pablo Vargas<\/li>\n<li>Jaime Chepillo<\/li>\n<\/ul>\n<p>[\/vc_column_text][\/vc_tta_section][vc_tta_section title=\u00bbDeportes\u00bb tab_id=\u00bb1637157484278-15e148fe-2f6c\u00bb][vc_column_text css=\u00bb\u00bb]<\/p>\n<ul class=\"td-arrow-list\">\n<li><strong>Fernando Ojeda (Presidente)<\/strong><\/li>\n<li>Pablo Vargas<\/li>\n<li>Javier C\u00e1rdenas<\/li>\n<li>Andr\u00e9s Ib\u00e1\u00f1ez<\/li>\n<\/ul>\n<p>[\/vc_column_text][\/vc_tta_section][vc_tta_section title=\u00bbR\u00e9gimen Interno\u00bb tab_id=\u00bb1637157497208-bb44258b-8a19&#8243;][vc_column_text css=\u00bb\u00bb]<\/p>\n<ul class=\"td-arrow-list\">\n<li><strong>Andr\u00e9s Ib\u00e1\u00f1ez (Presidente)<\/strong><\/li>\n<li>Jaime Chepillo<\/li>\n<li>Javier C\u00e1rdenas<\/li>\n<li>Fernando Ojeda<\/li>\n<li>Pablo Vargas<\/li>\n<\/ul>\n<p>[\/vc_column_text][\/vc_tta_section][vc_tta_section title=\u00bbComercio, Pesca y Agricultura\u00bb tab_id=\u00bb1637157528395-8b4d6e10-6997&#8243;][vc_column_text css=\u00bb\u00bb]<\/p>\n<ul class=\"td-arrow-list\">\n<li><strong>Javier C\u00e1rdenas (Presidente)<\/strong><\/li>\n<li>Federico Kr\u00fcger<\/li>\n<li>Pablo Vargas<\/li>\n<li>Fernando Ojeda<\/li>\n<\/ul>\n<p>[\/vc_column_text][\/vc_tta_section][vc_tta_section title=\u00bbSeguridad P\u00fablica, Urbana y Rural\u00bb tab_id=\u00bb1637157552233-cbbb962a-4408&#8243;][vc_column_text css=\u00bb\u00bb]<\/p>\n<ul class=\"td-arrow-list\">\n<li><strong>Jaime Chepillo (Presidente)<\/strong><\/li>\n<li>Javier C\u00e1rdenas<\/li>\n<li>Pablo Vargas<\/li>\n<\/ul>\n<p>[\/vc_column_text][\/vc_tta_section][vc_tta_section title=\u00bbCultura\u00bb tab_id=\u00bb1637157567509-7e7c98f5-e41c\u00bb][vc_column_text css=\u00bb\u00bb]<\/p>\n<ul class=\"td-arrow-list\">\n<li><strong>Fernando Ojeda (Presidente)<\/strong><\/li>\n<li>Andr\u00e9s Ib\u00e1\u00f1ez<\/li>\n<li>Pablo Vargas<\/li>\n<\/ul>\n<p>[\/vc_column_text][\/vc_tta_section][vc_tta_section title=\u00bbTurismo y Patrimonio\u00bb tab_id=\u00bb1749131358897-f337f4eb-390d\u00bb][vc_column_text css=\u00bb\u00bb]<\/p>\n<ul class=\"td-arrow-list\">\n<li><strong>Jaime Chepillo (Presidente)<\/strong><\/li>\n<li>Andr\u00e9s Ib\u00e1\u00f1ez<\/li>\n<li>Pablo Vargas<\/li>\n<\/ul>\n<p>[\/vc_column_text][\/vc_tta_section][vc_tta_section title=\u00bbMujer y Equidad de G\u00e9nero\u00bb tab_id=\u00bb1737646722923-06aca43f-5ae1&#8243;][vc_column_text css=\u00bb\u00bb]<\/p>\n<ul class=\"td-arrow-list\">\n<li><strong>Javier C\u00e1rdenas (Presidente)<\/strong><\/li>\n<li>Fernando Ojeda<\/li>\n<\/ul>\n<p>[\/vc_column_text][\/vc_tta_section][vc_tta_section title=\u00bbEmergencias y Desastres\u00bb tab_id=\u00bb1749131683190-5f1cc9de-efe3&#8243;][vc_column_text css=\u00bb\u00bb]<\/p>\n<ul class=\"td-arrow-list\">\n<li><strong>Pablo Vargas (Presidente)<\/strong><\/li>\n<li>Andr\u00e9s Ib\u00e1\u00f1ez<\/li>\n<li>Jaime Chepillo<\/li>\n<li>Fernado Ojeda<\/li>\n<\/ul>\n<p>[\/vc_column_text][\/vc_tta_section][\/vc_tta_accordion][\/vc_column][\/vc_row][vc_row][vc_column][vc_column_text]<div class=\"td_block_wrap td_block_title td_uid_1_6a04ba1be0d5c_rand td-pb-border-top td_block_template_8\"  data-td-block-uid=\"td_uid_1_6a04ba1be0d5c\" >\n<style>\n.td_uid_1_6a04ba1be0d5c_rand .td-block-title > * {\n                color: #f15a29 !important;\n            }\n\n            \n            .td_uid_1_6a04ba1be0d5c_rand .td-block-title > *:before,\n            .td_uid_1_6a04ba1be0d5c_rand .td-block-title > *:after {\n                background-color: #f15a29 !important;\n            }\n<\/style>\n<style>\n\/* custom css *\/\n.td_uid_1_6a04ba1be0d5c_rand .td-block-title {\n\t\t\t\t\ttext-align: center;\n\t\t\t\t}\n\t\t\t\t.td_uid_1_6a04ba1be0d5c_rand.td_block_template_4 .td-block-title > *:before {\n\t\t\t\t    right: 10px;\n\t\t\t\t}\n\t\t\t\t.td_uid_1_6a04ba1be0d5c_rand.td_block_template_8 .td-block-title > * {\n\t\t\t\t\tpadding-left: 20px;\n\t\t\t\t}\n\t\t\t\t.td_uid_1_6a04ba1be0d5c_rand.td_block_template_9 .td-block-title:after {\n\t\t\t\t\tright: 0;\n\t\t\t\t}\n\t\t\t\t.td_uid_1_6a04ba1be0d5c_rand.td_block_template_13 .td-block-subtitle {\n\t\t\t\t\tleft: 0;\n\t\t\t\t\tright: 0;\n\t\t\t\t}\n<\/style><h1 class=\"td-block-title\"><span>Comisiones Online<\/span><\/h1><div class=\"td_mod_wrap\"><\/div><\/div>[\/vc_column_text][vc_raw_html css=\u00bb\u00bb]JTVCeW90dXdwJTIwdHlwZSUzRCUyMnBsYXlsaXN0JTIyJTIwaWQlM0QlMjJQTFo3MnBUQjFneXpsZ0lqUXJoalNpMEJHS3AtVkMxeGtxJTIyJTIwJTVE[\/vc_raw_html][\/vc_column][\/vc_row]<\/p>\n<\/div>","protected":false},"excerpt":{"rendered":"<p>[vc_row][vc_column width=\u00bb1\/2&#8243;][vc_column_text]El Concejo podr\u00e1 acordar la formaci\u00f3n de Comisiones cuando la naturaleza de la materia as\u00ed lo requiera, sin perjuicio que individualmente cada Concejal se aboque a un tema de su inter\u00e9s y dominio. Cada una estar\u00e1 integrada, a lo menos, por dos Concejales, los que podr\u00e1n participar en m\u00e1s de una Comisi\u00f3n a la [&hellip;]<\/p>\n","protected":false},"author":1,"featured_media":0,"parent":979,"menu_order":3,"comment_status":"closed","ping_status":"closed","template":"page-pagebuilder-title.php","meta":{"footnotes":""},"class_list":["post-22817","page","type-page","status-publish","hentry"],"_links":{"self":[{"href":"https:\/\/www.muniancud.cl\/portal\/wp-json\/wp\/v2\/pages\/22817","targetHints":{"allow":["GET"]}}],"collection":[{"href":"https:\/\/www.muniancud.cl\/portal\/wp-json\/wp\/v2\/pages"}],"about":[{"href":"https:\/\/www.muniancud.cl\/portal\/wp-json\/wp\/v2\/types\/page"}],"author":[{"embeddable":true,"href":"https:\/\/www.muniancud.cl\/portal\/wp-json\/wp\/v2\/users\/1"}],"replies":[{"embeddable":true,"href":"https:\/\/www.muniancud.cl\/portal\/wp-json\/wp\/v2\/comments?post=22817"}],"version-history":[{"count":48,"href":"https:\/\/www.muniancud.cl\/portal\/wp-json\/wp\/v2\/pages\/22817\/revisions"}],"predecessor-version":[{"id":36381,"href":"https:\/\/www.muniancud.cl\/portal\/wp-json\/wp\/v2\/pages\/22817\/revisions\/36381"}],"up":[{"embeddable":true,"href":"https:\/\/www.muniancud.cl\/portal\/wp-json\/wp\/v2\/pages\/979"}],"wp:attachment":[{"href":"https:\/\/www.muniancud.cl\/portal\/wp-json\/wp\/v2\/media?parent=22817"}],"curies":[{"name":"wp","href":"https:\/\/api.w.org\/{rel}","templated":true}]}}