{"id":23536,"date":"2019-01-30T10:49:53","date_gmt":"2019-01-30T13:49:53","guid":{"rendered":"https:\/\/www.muniancud.cl\/portal\/?page_id=23536"},"modified":"2024-11-28T16:43:38","modified_gmt":"2024-11-28T19:43:38","slug":"oficina-de-la-vivienda","status":"publish","type":"page","link":"https:\/\/www.muniancud.cl\/portal\/unidades-municipales\/secretaria-comunal-de-planificacion\/oficina-de-la-vivienda\/","title":{"rendered":"Oficina de la Vivienda"},"content":{"rendered":"<div class=\"wpb-content-wrapper\"><p>[vc_section][vc_row][vc_column width=\u00bb2\/3&#8243;][vc_column_text]La Oficina\u00a0de la Vivienda, es una unidad Profesional Multidisciplinaria, perteneciente a la Direcci\u00f3n de SECPLAN de la Ilustre Municipalidad de Ancud.\u00a0 Su principal funci\u00f3n es la Asesor\u00eda, elaboraci\u00f3n, gesti\u00f3n y seguimiento de proyectos de vivienda en sus diversas modalidades, a fin de mejorar las condiciones de\u00a0habitabilidad de las familias de la comuna, con un enfoque social con pertinencia local.[\/vc_column_text][vc_tta_accordion c_icon=\u00bbchevron\u00bb active_section=\u00bb1&#8243;][vc_tta_section title=\u00bbFunciones\u00bb tab_id=\u00bb1549304492283-d976dfa2-6878&#8243;][vc_column_text]<\/p>\n<ul class=\"td-arrow-list\">\n<li>Asesorar a las familias en el proceso de obtenci\u00f3n de vivienda, a trav\u00e9s de los programas de construcci\u00f3n en sitio propio, construcci\u00f3n de conjuntos habitacionales y adquisici\u00f3n de viviendas construidas.<\/li>\n<li>Organizar, elaborar y fiscalizar los proyectos habitacionales de mejoramiento y ampliaci\u00f3n de vivienda para las familias que ya cuentan con una propiedad habitacional.<\/li>\n<li>Realizar el Acompa\u00f1amiento social de las familias postulantes a los distintos programas habitacionales dispuestos por el Ministerio de Vivienda y Urbanismo.<\/li>\n<li>Realizar el Acompa\u00f1amiento Social a las familias que integran los nuevos conjuntos habitacionales de manera de reforzar la conformaci\u00f3n del nuevo barrio mediante talleres y actividades en conjunto a la red de servicios p\u00fablicos y comunitarios.<\/li>\n<\/ul>\n<p>[\/vc_column_text][\/vc_tta_section][\/vc_tta_accordion][vc_message message_box_style=\u00bbsolid\u00bb message_box_color=\u00bbgreen\u00bb icon_fontawesome=\u00bbfa fa-clock-o\u00bb]<strong>Horario de Atenci\u00f3n<\/strong><br \/>\nLunes a Viernes: 08:00 a 13:00 hrs[\/vc_message][vc_message message_box_style=\u00bbsolid\u00bb message_box_color=\u00bbsky\u00bb icon_fontawesome=\u00bbfa fa-map-marker\u00bb]<b>Ubicaci\u00f3n: Edificio Consistorial<\/b><br \/>\nBlanco Encalada N\u00b0 660 &#8211; Piso 3[\/vc_message][vc_gmaps link=\u00bb#E-8_JTNDaWZyYW1lJTIwc3JjJTNEJTIyaHR0cHMlM0ElMkYlMkZ3d3cuZ29vZ2xlLmNvbSUyRm1hcHMlMkZlbWJlZCUzRnBiJTNEJTIxMW0xOCUyMTFtMTIlMjExbTMlMjExZDc0Mi43ODMyOTIyNDY4MzI0JTIxMmQtNzMuODI4OTc2NTkxNTc3MzIlMjEzZC00MS44Njg0ODEyMjc0Nzg2NyUyMTJtMyUyMTFmMCUyMTJmMCUyMTNmMCUyMTNtMiUyMTFpMTAyNCUyMTJpNzY4JTIxNGYxMy4xJTIxM20zJTIxMW0yJTIxMXMweDk2MjI4ZDU4NmNkOTZiMmYlMjUzQTB4NmM5OTkwMmZiMmUzZDQ4NyUyMTJzSWx1c3RyZSUyQk11bmljaXBhbGlkYWQlMkJkZSUyQkFuY3VkJTIxNWUwJTIxM20yJTIxMXNlcyUyMTJzY2wlMjE0djE1MzE5NDUzNDc5MTMlMjIlMjB3aWR0aCUzRCUyMjQwMCUyMiUyMGhlaWdodCUzRCUyMjIwMCUyMiUyMGZyYW1lYm9yZGVyJTNEJTIyMCUyMiUyMHN0eWxlJTNEJTIyYm9yZGVyJTNBMCUyMiUyMGFsbG93ZnVsbHNjcmVlbiUzRSUzQyUyRmlmcmFtZSUzRQ==\u00bb][\/vc_column][vc_column width=\u00bb1\/3&#8243;][vc_btn title=\u00bbVolver a Servicios Municipales\u00bb style=\u00bbflat\u00bb color=\u00bbsuccess\u00bb align=\u00bbleft\u00bb i_icon_fontawesome=\u00bbfa fa-arrow-left\u00bb button_block=\u00bbtrue\u00bb add_icon=\u00bbtrue\u00bb link=\u00bburl:https%3A%2F%2Fwww.muniancud.cl%2Fportal%2Fservicios-municipales%2F|||\u00bb][vc_single_image image=\u00bb23583&#8243; img_size=\u00bbfull\u00bb alignment=\u00bbcenter\u00bb]<div class=\"td_block_wrap td_block_text_with_title td_uid_1_69f3d2b29dc83_rand td-pb-border-top td_block_template_8\"  data-td-block-uid=\"td_uid_1_69f3d2b29dc83\" ><div class=\"td-block-title-wrap\"><h4 class=\"td-block-title\"><span>Encargada Oficina de la Vivienda<\/span><\/h4><\/div><div class=\"td_mod_wrap td-fix-index\"><p><strong>Cristina Corbett de la Cruz<\/strong><br \/>\nEmail:\u00a0cristina.corbett@muniancud.cl<br \/>\nTel\u00e9fono:65-2487768<\/p>\n<\/div><\/div><div class=\"td_block_wrap td_block_text_with_title td_uid_2_69f3d2b29ee56_rand td-pb-border-top td_block_template_8\"  data-td-block-uid=\"td_uid_2_69f3d2b29ee56\" ><div class=\"td-block-title-wrap\"><h4 class=\"td-block-title\"><span>Secretaria<\/span><\/h4><\/div><div class=\"td_mod_wrap td-fix-index\"><p><strong>Johana Laubscher Seron<\/strong><br \/>\nEmail:\u00a0vivienda@muniancud.cl<br \/>\nTel\u00e9fono:65-2487717<\/p>\n<\/div><\/div><div class=\"td_block_wrap td_block_text_with_title td_uid_3_69f3d2b29fae2_rand td-pb-border-top td_block_template_8\"  data-td-block-uid=\"td_uid_3_69f3d2b29fae2\" ><div class=\"td-block-title-wrap\"><h4 class=\"td-block-title\"><span>\u00c1rea T\u00e9cnica<\/span><\/h4><\/div><div class=\"td_mod_wrap td-fix-index\"><p><strong>Mar\u00eda Jos\u00e9 D\u00edaz Castillo<\/strong><br \/>\nArquitecta<br \/>\nEmail:\u00a0mariajose.diaz@muniancud.cl<br \/>\nTel\u00e9fono:65-2487716<\/p>\n<\/div><\/div>[\/vc_column][\/vc_row][\/vc_section]<\/p>\n<\/div>","protected":false},"excerpt":{"rendered":"<p>[vc_section][vc_row][vc_column width=\u00bb2\/3&#8243;][vc_column_text]La Oficina\u00a0de la Vivienda, es una unidad Profesional Multidisciplinaria, perteneciente a la Direcci\u00f3n de SECPLAN de la Ilustre Municipalidad de Ancud.\u00a0 Su principal funci\u00f3n es la Asesor\u00eda, elaboraci\u00f3n, gesti\u00f3n y seguimiento de proyectos de vivienda en sus diversas modalidades, a fin de mejorar las condiciones de\u00a0habitabilidad de las familias de la comuna, con un [&hellip;]<\/p>\n","protected":false},"author":1,"featured_media":0,"parent":737,"menu_order":1,"comment_status":"closed","ping_status":"closed","template":"page-pagebuilder-title.php","meta":{"footnotes":""},"class_list":["post-23536","page","type-page","status-publish","hentry"],"_links":{"self":[{"href":"https:\/\/www.muniancud.cl\/portal\/wp-json\/wp\/v2\/pages\/23536","targetHints":{"allow":["GET"]}}],"collection":[{"href":"https:\/\/www.muniancud.cl\/portal\/wp-json\/wp\/v2\/pages"}],"about":[{"href":"https:\/\/www.muniancud.cl\/portal\/wp-json\/wp\/v2\/types\/page"}],"author":[{"embeddable":true,"href":"https:\/\/www.muniancud.cl\/portal\/wp-json\/wp\/v2\/users\/1"}],"replies":[{"embeddable":true,"href":"https:\/\/www.muniancud.cl\/portal\/wp-json\/wp\/v2\/comments?post=23536"}],"version-history":[{"count":3,"href":"https:\/\/www.muniancud.cl\/portal\/wp-json\/wp\/v2\/pages\/23536\/revisions"}],"predecessor-version":[{"id":34235,"href":"https:\/\/www.muniancud.cl\/portal\/wp-json\/wp\/v2\/pages\/23536\/revisions\/34235"}],"up":[{"embeddable":true,"href":"https:\/\/www.muniancud.cl\/portal\/wp-json\/wp\/v2\/pages\/737"}],"wp:attachment":[{"href":"https:\/\/www.muniancud.cl\/portal\/wp-json\/wp\/v2\/media?parent=23536"}],"curies":[{"name":"wp","href":"https:\/\/api.w.org\/{rel}","templated":true}]}}

<div class="wpb-content-wrapper"><p>[vc_section][vc_row][vc_column width=»2/3&#8243;][vc_column_text]La Oficina de la Vivienda, es una unidad Profesional Multidisciplinaria, perteneciente a la Dirección de SECPLAN de la Ilustre Municipalidad de Ancud.  Su principal función es la Asesoría, elaboración, gestión y seguimiento de proyectos de vivienda en sus diversas modalidades, a fin de mejorar las condiciones de habitabilidad de las familias de la comuna, con un enfoque social con pertinencia local.[/vc_column_text][vc_tta_accordion c_icon=»chevron» active_section=»1&#8243;][vc_tta_section title=»Funciones» tab_id=»1549304492283-d976dfa2-6878&#8243;][vc_column_text]</p>
<ul class="td-arrow-list">
<li>Asesorar a las familias en el proceso de obtención de vivienda, a través de los programas de construcción en sitio propio, construcción de conjuntos habitacionales y adquisición de viviendas construidas.</li>
<li>Organizar, elaborar y fiscalizar los proyectos habitacionales de mejoramiento y ampliación de vivienda para las familias que ya cuentan con una propiedad habitacional.</li>
<li>Realizar el Acompañamiento social de las familias postulantes a los distintos programas habitacionales dispuestos por el Ministerio de Vivienda y Urbanismo.</li>
<li>Realizar el Acompañamiento Social a las familias que integran los nuevos conjuntos habitacionales de manera de reforzar la conformación del nuevo barrio mediante talleres y actividades en conjunto a la red de servicios públicos y comunitarios.</li>
</ul>
<p>[/vc_column_text][/vc_tta_section][/vc_tta_accordion][vc_message message_box_style=»solid» message_box_color=»green» icon_fontawesome=»fa fa-clock-o»]<strong>Horario de Atención</strong><br />
Lunes a Viernes: 08:00 a 13:00 hrs[/vc_message][vc_message message_box_style=»solid» message_box_color=»sky» icon_fontawesome=»fa fa-map-marker»]<b>Ubicación: Edificio Consistorial</b><br />
Blanco Encalada N° 660 &#8211; Piso 3[/vc_message][vc_gmaps link=»#E-8_JTNDaWZyYW1lJTIwc3JjJTNEJTIyaHR0cHMlM0ElMkYlMkZ3d3cuZ29vZ2xlLmNvbSUyRm1hcHMlMkZlbWJlZCUzRnBiJTNEJTIxMW0xOCUyMTFtMTIlMjExbTMlMjExZDc0Mi43ODMyOTIyNDY4MzI0JTIxMmQtNzMuODI4OTc2NTkxNTc3MzIlMjEzZC00MS44Njg0ODEyMjc0Nzg2NyUyMTJtMyUyMTFmMCUyMTJmMCUyMTNmMCUyMTNtMiUyMTFpMTAyNCUyMTJpNzY4JTIxNGYxMy4xJTIxM20zJTIxMW0yJTIxMXMweDk2MjI4ZDU4NmNkOTZiMmYlMjUzQTB4NmM5OTkwMmZiMmUzZDQ4NyUyMTJzSWx1c3RyZSUyQk11bmljaXBhbGlkYWQlMkJkZSUyQkFuY3VkJTIxNWUwJTIxM20yJTIxMXNlcyUyMTJzY2wlMjE0djE1MzE5NDUzNDc5MTMlMjIlMjB3aWR0aCUzRCUyMjQwMCUyMiUyMGhlaWdodCUzRCUyMjIwMCUyMiUyMGZyYW1lYm9yZGVyJTNEJTIyMCUyMiUyMHN0eWxlJTNEJTIyYm9yZGVyJTNBMCUyMiUyMGFsbG93ZnVsbHNjcmVlbiUzRSUzQyUyRmlmcmFtZSUzRQ==»][/vc_column][vc_column width=»1/3&#8243;][vc_btn title=»Volver a Servicios Municipales» style=»flat» color=»success» align=»left» i_icon_fontawesome=»fa fa-arrow-left» button_block=»true» add_icon=»true» link=»url:https%3A%2F%2Fwww.muniancud.cl%2Fportal%2Fservicios-municipales%2F|||»][vc_single_image image=»23583&#8243; img_size=»full» alignment=»center»]<div class="td_block_wrap td_block_text_with_title td_uid_1_69f3d2b29dc83_rand td-pb-border-top td_block_template_8"  data-td-block-uid="td_uid_1_69f3d2b29dc83" ><div class="td-block-title-wrap"><h4 class="td-block-title"><span>Encargada Oficina de la Vivienda</span></h4></div><div class="td_mod_wrap td-fix-index"><p><strong>Cristina Corbett de la Cruz</strong><br />
Email: cristina.corbett@muniancud.cl<br />
Teléfono:65-2487768</p>
</div></div><div class="td_block_wrap td_block_text_with_title td_uid_2_69f3d2b29ee56_rand td-pb-border-top td_block_template_8"  data-td-block-uid="td_uid_2_69f3d2b29ee56" ><div class="td-block-title-wrap"><h4 class="td-block-title"><span>Secretaria</span></h4></div><div class="td_mod_wrap td-fix-index"><p><strong>Johana Laubscher Seron</strong><br />
Email: vivienda@muniancud.cl<br />
Teléfono:65-2487717</p>
</div></div><div class="td_block_wrap td_block_text_with_title td_uid_3_69f3d2b29fae2_rand td-pb-border-top td_block_template_8"  data-td-block-uid="td_uid_3_69f3d2b29fae2" ><div class="td-block-title-wrap"><h4 class="td-block-title"><span>Área Técnica</span></h4></div><div class="td_mod_wrap td-fix-index"><p><strong>María José Díaz Castillo</strong><br />
Arquitecta<br />
Email: mariajose.diaz@muniancud.cl<br />
Teléfono:65-2487716</p>
</div></div>[/vc_column][/vc_row][/vc_section]</p>
</div>

<p>[vc_section][vc_row][vc_column width=»2/3&#8243;][vc_column_text]La Oficina de la Vivienda, es una unidad Profesional Multidisciplinaria, perteneciente a la Dirección de SECPLAN de la Ilustre Municipalidad de Ancud.  Su principal función es la Asesoría, elaboración, gestión y seguimiento de proyectos de vivienda en sus diversas modalidades, a fin de mejorar las condiciones de habitabilidad de las familias de la comuna, con un [&hellip;]</p>
