{"id":23557,"date":"2019-01-30T18:04:47","date_gmt":"2019-01-30T21:04:47","guid":{"rendered":"https:\/\/www.muniancud.cl\/portal\/?page_id=23557"},"modified":"2025-10-20T11:12:32","modified_gmt":"2025-10-20T14:12:32","slug":"oficina-de-la-mujer-y-familia","status":"publish","type":"page","link":"https:\/\/www.muniancud.cl\/portal\/unidades-municipales\/direccion-de-desarrollo-comunitario\/oficina-de-la-mujer-y-familia\/","title":{"rendered":"Oficina de la Mujer y Familia"},"content":{"rendered":"<div class=\"wpb-content-wrapper\"><p>[vc_section][vc_row][vc_column width=\u00bb2\/3&#8243;][vc_column_text]La Oficina de la Mujer y Familia, perteneciente a la Direcci\u00f3n de Desarrollo Comunitario DIDECO, con el prop\u00f3sito de fortalecer, favorecer y promover el desarrollo, la autonom\u00eda y la integraci\u00f3n social de la mujer de la comuna de Ancud. A trav\u00e9s de la entrega de herramientas que posibiliten una adecuada inserci\u00f3n al sistema p\u00fablico, laboral y comunitario. Adem\u00e1s, promocionar y habilitar espacios de sociabilizaci\u00f3n y participaci\u00f3n comunitarias a trav\u00e9s de\u00a0ejecuci\u00f3n de planes y programas adecuados para las mujeres\u00a0que les permita contribuir a una calidad de vida adecuada para ellas y sus familias. Adem\u00e1s de realizar actividades de salud integral y preventiva.<\/p>\n<p>El programa se orienta a impulsar y promover la equidad de g\u00e9nero, apoyando la creaci\u00f3n y coordinaci\u00f3n de organizaciones de mujeres, asegurando su red participativa y el ejercicio de ciudadan\u00eda, generando un proceso de empoderamiento femenino que les permita desarrollarse como gestoras de su propio desarrollo. Busca generar instancias de articulaci\u00f3n de acciones que permitan velar por la incorporaci\u00f3n de la igualdad de oportunidades y derechos de la mujer en las distintas \u00e1reas que la rodean, sean estas, econ\u00f3micas, sociales y culturales, en el marco de los planes de desarrollo de la comuna.[\/vc_column_text][vc_tta_accordion style=\u00bbflat\u00bb c_icon=\u00bbchevron\u00bb active_section=\u00bb1&#8243;][vc_tta_section title=\u00bbFunciones\u00bb tab_id=\u00bb1548881108963-789d5417-37477719-da08&#8243;][vc_column_text]<\/p>\n<ul class=\"td-arrow-list\">\n<li>Realizar diagn\u00f3sticos de la mujer en la comuna a fin de detectar sus principales necesidades, aspiraciones y proyectos.<\/li>\n<li>Definir pol\u00edticas destinadas a incorporar a la mujer al desarrollo local.<\/li>\n<li>Desarrollar planes y programas espec\u00edficos de la mujer.<\/li>\n<li>Promover el fortalecimiento de las organizaciones de las mujeres.<\/li>\n<li>Establecer coordinaci\u00f3n con otras unidades de la Municipalidad e instituciones p\u00fablicas y privadas que resguarden sus derechos y promuevan su desarrollo en todos sus \u00e1mbitos.<\/li>\n<\/ul>\n<p>[\/vc_column_text][\/vc_tta_section][\/vc_tta_accordion][\/vc_column][vc_column width=\u00bb1\/3&#8243;][vc_btn title=\u00bbVolver a Servicios Municipales\u00bb style=\u00bbflat\u00bb color=\u00bbsuccess\u00bb align=\u00bbleft\u00bb i_icon_fontawesome=\u00bbfa fa-arrow-left\u00bb button_block=\u00bbtrue\u00bb add_icon=\u00bbtrue\u00bb link=\u00bburl:https%3A%2F%2Fwww.muniancud.cl%2Fportal%2Fservicios-municipales%2F|||\u00bb][vc_single_image image=\u00bb23552&#8243; img_size=\u00bbfull\u00bb alignment=\u00bbcenter\u00bb]<div class=\"td_block_wrap td_block_text_with_title td_uid_1_69f19d2388ae7_rand td-pb-border-top td_block_template_8\"  data-td-block-uid=\"td_uid_1_69f19d2388ae7\" ><div class=\"td-block-title-wrap\"><h4 class=\"td-block-title\"><span>Encargada Oficina de la Mujer y Familia<\/span><\/h4><\/div><div class=\"td_mod_wrap td-fix-index\"><p><strong>Ximena Patricia Barr\u00eda Ampuero<\/strong><br \/>\nEmail:\u00a0patricia.barria@muniancud.cl<br \/>\nTel\u00e9fono: 65-2487704<\/p>\n<\/div><\/div>[vc_btn title=\u00bbFacebook\u00bb style=\u00bbflat\u00bb color=\u00bbprimary\u00bb align=\u00bbleft\u00bb i_icon_fontawesome=\u00bbfa fa-facebook\u00bb button_block=\u00bbtrue\u00bb add_icon=\u00bbtrue\u00bb link=\u00bburl:https%3A%2F%2Fwww.facebook.com%2FOficina-Municipal-de-la-Mujer-y-Familia-Ancud-1273096726092260%2F||target:%20_blank|\u00bb][vc_btn title=\u00bbInstagram\u00bb style=\u00bbflat\u00bb color=\u00bbpink\u00bb align=\u00bbleft\u00bb i_icon_fontawesome=\u00bbfa fa-instagram\u00bb button_block=\u00bbtrue\u00bb add_icon=\u00bbtrue\u00bb link=\u00bb||target:%20_blank|\u00bb][\/vc_column][\/vc_row][\/vc_section]<\/p>\n<\/div>","protected":false},"excerpt":{"rendered":"<p>[vc_section][vc_row][vc_column width=\u00bb2\/3&#8243;][vc_column_text]La Oficina de la Mujer y Familia, perteneciente a la Direcci\u00f3n de Desarrollo Comunitario DIDECO, con el prop\u00f3sito de fortalecer, favorecer y promover el desarrollo, la autonom\u00eda y la integraci\u00f3n social de la mujer de la comuna de Ancud. A trav\u00e9s de la entrega de herramientas que posibiliten una adecuada inserci\u00f3n al sistema p\u00fablico, [&hellip;]<\/p>\n","protected":false},"author":1,"featured_media":0,"parent":747,"menu_order":0,"comment_status":"closed","ping_status":"closed","template":"page-pagebuilder-title.php","meta":{"footnotes":""},"class_list":["post-23557","page","type-page","status-publish","hentry"],"_links":{"self":[{"href":"https:\/\/www.muniancud.cl\/portal\/wp-json\/wp\/v2\/pages\/23557","targetHints":{"allow":["GET"]}}],"collection":[{"href":"https:\/\/www.muniancud.cl\/portal\/wp-json\/wp\/v2\/pages"}],"about":[{"href":"https:\/\/www.muniancud.cl\/portal\/wp-json\/wp\/v2\/types\/page"}],"author":[{"embeddable":true,"href":"https:\/\/www.muniancud.cl\/portal\/wp-json\/wp\/v2\/users\/1"}],"replies":[{"embeddable":true,"href":"https:\/\/www.muniancud.cl\/portal\/wp-json\/wp\/v2\/comments?post=23557"}],"version-history":[{"count":7,"href":"https:\/\/www.muniancud.cl\/portal\/wp-json\/wp\/v2\/pages\/23557\/revisions"}],"predecessor-version":[{"id":36059,"href":"https:\/\/www.muniancud.cl\/portal\/wp-json\/wp\/v2\/pages\/23557\/revisions\/36059"}],"up":[{"embeddable":true,"href":"https:\/\/www.muniancud.cl\/portal\/wp-json\/wp\/v2\/pages\/747"}],"wp:attachment":[{"href":"https:\/\/www.muniancud.cl\/portal\/wp-json\/wp\/v2\/media?parent=23557"}],"curies":[{"name":"wp","href":"https:\/\/api.w.org\/{rel}","templated":true}]}}

<div class="wpb-content-wrapper"><p>[vc_section][vc_row][vc_column width=»2/3&#8243;][vc_column_text]La Oficina de la Mujer y Familia, perteneciente a la Dirección de Desarrollo Comunitario DIDECO, con el propósito de fortalecer, favorecer y promover el desarrollo, la autonomía y la integración social de la mujer de la comuna de Ancud. A través de la entrega de herramientas que posibiliten una adecuada inserción al sistema público, laboral y comunitario. Además, promocionar y habilitar espacios de sociabilización y participación comunitarias a través de ejecución de planes y programas adecuados para las mujeres que les permita contribuir a una calidad de vida adecuada para ellas y sus familias. Además de realizar actividades de salud integral y preventiva.</p>
<p>El programa se orienta a impulsar y promover la equidad de género, apoyando la creación y coordinación de organizaciones de mujeres, asegurando su red participativa y el ejercicio de ciudadanía, generando un proceso de empoderamiento femenino que les permita desarrollarse como gestoras de su propio desarrollo. Busca generar instancias de articulación de acciones que permitan velar por la incorporación de la igualdad de oportunidades y derechos de la mujer en las distintas áreas que la rodean, sean estas, económicas, sociales y culturales, en el marco de los planes de desarrollo de la comuna.[/vc_column_text][vc_tta_accordion style=»flat» c_icon=»chevron» active_section=»1&#8243;][vc_tta_section title=»Funciones» tab_id=»1548881108963-789d5417-37477719-da08&#8243;][vc_column_text]</p>
<ul class="td-arrow-list">
<li>Realizar diagnósticos de la mujer en la comuna a fin de detectar sus principales necesidades, aspiraciones y proyectos.</li>
<li>Definir políticas destinadas a incorporar a la mujer al desarrollo local.</li>
<li>Desarrollar planes y programas específicos de la mujer.</li>
<li>Promover el fortalecimiento de las organizaciones de las mujeres.</li>
<li>Establecer coordinación con otras unidades de la Municipalidad e instituciones públicas y privadas que resguarden sus derechos y promuevan su desarrollo en todos sus ámbitos.</li>
</ul>
<p>[/vc_column_text][/vc_tta_section][/vc_tta_accordion][/vc_column][vc_column width=»1/3&#8243;][vc_btn title=»Volver a Servicios Municipales» style=»flat» color=»success» align=»left» i_icon_fontawesome=»fa fa-arrow-left» button_block=»true» add_icon=»true» link=»url:https%3A%2F%2Fwww.muniancud.cl%2Fportal%2Fservicios-municipales%2F|||»][vc_single_image image=»23552&#8243; img_size=»full» alignment=»center»]<div class="td_block_wrap td_block_text_with_title td_uid_1_69f19d2388ae7_rand td-pb-border-top td_block_template_8"  data-td-block-uid="td_uid_1_69f19d2388ae7" ><div class="td-block-title-wrap"><h4 class="td-block-title"><span>Encargada Oficina de la Mujer y Familia</span></h4></div><div class="td_mod_wrap td-fix-index"><p><strong>Ximena Patricia Barría Ampuero</strong><br />
Email: patricia.barria@muniancud.cl<br />
Teléfono: 65-2487704</p>
</div></div>[vc_btn title=»Facebook» style=»flat» color=»primary» align=»left» i_icon_fontawesome=»fa fa-facebook» button_block=»true» add_icon=»true» link=»url:https%3A%2F%2Fwww.facebook.com%2FOficina-Municipal-de-la-Mujer-y-Familia-Ancud-1273096726092260%2F||target:%20_blank|»][vc_btn title=»Instagram» style=»flat» color=»pink» align=»left» i_icon_fontawesome=»fa fa-instagram» button_block=»true» add_icon=»true» link=»||target:%20_blank|»][/vc_column][/vc_row][/vc_section]</p>
</div>

<p>[vc_section][vc_row][vc_column width=»2/3&#8243;][vc_column_text]La Oficina de la Mujer y Familia, perteneciente a la Dirección de Desarrollo Comunitario DIDECO, con el propósito de fortalecer, favorecer y promover el desarrollo, la autonomía y la integración social de la mujer de la comuna de Ancud. A través de la entrega de herramientas que posibiliten una adecuada inserción al sistema público, [&hellip;]</p>
