{"id":23614,"date":"2019-02-13T11:48:13","date_gmt":"2019-02-13T14:48:13","guid":{"rendered":"https:\/\/www.muniancud.cl\/portal\/?page_id=23614"},"modified":"2025-08-28T18:11:57","modified_gmt":"2025-08-28T22:11:57","slug":"oficina-de-la-discapacidad","status":"publish","type":"page","link":"https:\/\/www.muniancud.cl\/portal\/unidades-municipales\/direccion-de-desarrollo-comunitario\/oficina-de-la-discapacidad\/","title":{"rendered":"Oficina de las Personas con Discapacidad"},"content":{"rendered":"<div class=\"wpb-content-wrapper\"><p>[vc_section][vc_row][vc_column width=\u00bb2\/3&#8243;][vc_column_text]La oficina de discapacidad tiene como objetivo favorecer la inclusi\u00f3n social de las personas con discapacidad, realizando para esto actividades de entretenci\u00f3n, sensibilizaci\u00f3n y educaci\u00f3n. Junto con esto, la oficina de discapacidad trabaja en conjunto con agrupaciones de personas con discapacidad y con los mismos usuarios colaborando en la postulaci\u00f3n a proyectos. Realizando la postulaci\u00f3n de ayudas t\u00e9cnicas. Mediante este trabajo, se pretende mejorar y optimizar la calidad de vida de los usuarios formando as\u00ed una comuna a\u00fan m\u00e1s inclusiva.[\/vc_column_text][vc_tta_accordion style=\u00bbflat\u00bb c_icon=\u00bbchevron\u00bb active_section=\u00bb1&#8243;][vc_tta_section title=\u00bbFunciones\u00bb tab_id=\u00bb1548881108963-789d5417-37477399-e47c\u00bb][vc_column_text]<\/p>\n<ul class=\"td-arrow-list\">\n<li>Realizar visita a casos sociales<\/li>\n<li>Postular a ayudas t\u00e9cnicas por medio de SENADIS<\/li>\n<li>Asesor\u00eda t\u00e9cnica y educaci\u00f3n al momento de la entrega de ayudas t\u00e9cnicas<\/li>\n<li>Realizaci\u00f3n de actividades educativas, sensibilizaci\u00f3n, entretenci\u00f3n, etc.<\/li>\n<li>Apoyar a los usuarios y agrupaciones de personas con discapacidad en sus necesidades.<\/li>\n<li>Orientar a los usuarios sobre el proceso de tramitaci\u00f3n de la credencial de discapacidad<\/li>\n<li>Orientar a los usuarios sobre el proceso de tramitaci\u00f3n de la pensi\u00f3n de invalidez.<\/li>\n<li>Entregar orientaci\u00f3n sobre la postulaci\u00f3n a diferentes beneficios.<\/li>\n<\/ul>\n<p>[\/vc_column_text][\/vc_tta_section][\/vc_tta_accordion][\/vc_column][vc_column width=\u00bb1\/3&#8243;][vc_btn title=\u00bbVolver a Servicios Municipales\u00bb style=\u00bbflat\u00bb color=\u00bbsuccess\u00bb align=\u00bbleft\u00bb i_icon_fontawesome=\u00bbfa fa-arrow-left\u00bb button_block=\u00bbtrue\u00bb add_icon=\u00bbtrue\u00bb link=\u00bburl:https%3A%2F%2Fwww.muniancud.cl%2Fportal%2Fservicios-municipales%2F|||\u00bb][vc_single_image image=\u00bb23618&#8243; img_size=\u00bbfull\u00bb alignment=\u00bbcenter\u00bb]<div class=\"td_block_wrap td_block_text_with_title td_uid_1_69f5d5545a90c_rand td-pb-border-top td_block_template_8\"  data-td-block-uid=\"td_uid_1_69f5d5545a90c\" ><div class=\"td-block-title-wrap\"><h4 class=\"td-block-title\"><span>Encargada Oficina de Discapacidad<\/span><\/h4><\/div><div class=\"td_mod_wrap td-fix-index\"><p><strong>Honoria Pillancar S\u00e1nchez<\/strong><br \/>\nEmail: honoria.pillancar@muniancud.cl<br \/>\nTel\u00e9fono: 65-2487323<\/p>\n<\/div><\/div>[\/vc_column][\/vc_row][\/vc_section]<\/p>\n<\/div>","protected":false},"excerpt":{"rendered":"<p>[vc_section][vc_row][vc_column width=\u00bb2\/3&#8243;][vc_column_text]La oficina de discapacidad tiene como objetivo favorecer la inclusi\u00f3n social de las personas con discapacidad, realizando para esto actividades de entretenci\u00f3n, sensibilizaci\u00f3n y educaci\u00f3n. Junto con esto, la oficina de discapacidad trabaja en conjunto con agrupaciones de personas con discapacidad y con los mismos usuarios colaborando en la postulaci\u00f3n a proyectos. Realizando la [&hellip;]<\/p>\n","protected":false},"author":1,"featured_media":0,"parent":747,"menu_order":0,"comment_status":"closed","ping_status":"closed","template":"page-pagebuilder-title.php","meta":{"footnotes":""},"class_list":["post-23614","page","type-page","status-publish","hentry"],"_links":{"self":[{"href":"https:\/\/www.muniancud.cl\/portal\/wp-json\/wp\/v2\/pages\/23614","targetHints":{"allow":["GET"]}}],"collection":[{"href":"https:\/\/www.muniancud.cl\/portal\/wp-json\/wp\/v2\/pages"}],"about":[{"href":"https:\/\/www.muniancud.cl\/portal\/wp-json\/wp\/v2\/types\/page"}],"author":[{"embeddable":true,"href":"https:\/\/www.muniancud.cl\/portal\/wp-json\/wp\/v2\/users\/1"}],"replies":[{"embeddable":true,"href":"https:\/\/www.muniancud.cl\/portal\/wp-json\/wp\/v2\/comments?post=23614"}],"version-history":[{"count":8,"href":"https:\/\/www.muniancud.cl\/portal\/wp-json\/wp\/v2\/pages\/23614\/revisions"}],"predecessor-version":[{"id":35793,"href":"https:\/\/www.muniancud.cl\/portal\/wp-json\/wp\/v2\/pages\/23614\/revisions\/35793"}],"up":[{"embeddable":true,"href":"https:\/\/www.muniancud.cl\/portal\/wp-json\/wp\/v2\/pages\/747"}],"wp:attachment":[{"href":"https:\/\/www.muniancud.cl\/portal\/wp-json\/wp\/v2\/media?parent=23614"}],"curies":[{"name":"wp","href":"https:\/\/api.w.org\/{rel}","templated":true}]}}

<div class="wpb-content-wrapper"><p>[vc_section][vc_row][vc_column width=»2/3&#8243;][vc_column_text]La oficina de discapacidad tiene como objetivo favorecer la inclusión social de las personas con discapacidad, realizando para esto actividades de entretención, sensibilización y educación. Junto con esto, la oficina de discapacidad trabaja en conjunto con agrupaciones de personas con discapacidad y con los mismos usuarios colaborando en la postulación a proyectos. Realizando la postulación de ayudas técnicas. Mediante este trabajo, se pretende mejorar y optimizar la calidad de vida de los usuarios formando así una comuna aún más inclusiva.[/vc_column_text][vc_tta_accordion style=»flat» c_icon=»chevron» active_section=»1&#8243;][vc_tta_section title=»Funciones» tab_id=»1548881108963-789d5417-37477399-e47c»][vc_column_text]</p>
<ul class="td-arrow-list">
<li>Realizar visita a casos sociales</li>
<li>Postular a ayudas técnicas por medio de SENADIS</li>
<li>Asesoría técnica y educación al momento de la entrega de ayudas técnicas</li>
<li>Realización de actividades educativas, sensibilización, entretención, etc.</li>
<li>Apoyar a los usuarios y agrupaciones de personas con discapacidad en sus necesidades.</li>
<li>Orientar a los usuarios sobre el proceso de tramitación de la credencial de discapacidad</li>
<li>Orientar a los usuarios sobre el proceso de tramitación de la pensión de invalidez.</li>
<li>Entregar orientación sobre la postulación a diferentes beneficios.</li>
</ul>
<p>[/vc_column_text][/vc_tta_section][/vc_tta_accordion][/vc_column][vc_column width=»1/3&#8243;][vc_btn title=»Volver a Servicios Municipales» style=»flat» color=»success» align=»left» i_icon_fontawesome=»fa fa-arrow-left» button_block=»true» add_icon=»true» link=»url:https%3A%2F%2Fwww.muniancud.cl%2Fportal%2Fservicios-municipales%2F|||»][vc_single_image image=»23618&#8243; img_size=»full» alignment=»center»]<div class="td_block_wrap td_block_text_with_title td_uid_1_69f5d5545a90c_rand td-pb-border-top td_block_template_8"  data-td-block-uid="td_uid_1_69f5d5545a90c" ><div class="td-block-title-wrap"><h4 class="td-block-title"><span>Encargada Oficina de Discapacidad</span></h4></div><div class="td_mod_wrap td-fix-index"><p><strong>Honoria Pillancar Sánchez</strong><br />
Email: honoria.pillancar@muniancud.cl<br />
Teléfono: 65-2487323</p>
</div></div>[/vc_column][/vc_row][/vc_section]</p>
</div>

<p>[vc_section][vc_row][vc_column width=»2/3&#8243;][vc_column_text]La oficina de discapacidad tiene como objetivo favorecer la inclusión social de las personas con discapacidad, realizando para esto actividades de entretención, sensibilización y educación. Junto con esto, la oficina de discapacidad trabaja en conjunto con agrupaciones de personas con discapacidad y con los mismos usuarios colaborando en la postulación a proyectos. Realizando la [&hellip;]</p>
