{"id":23928,"date":"2019-03-18T23:12:59","date_gmt":"2019-03-19T02:12:59","guid":{"rendered":"https:\/\/www.muniancud.cl\/portal\/?page_id=23928"},"modified":"2025-01-22T18:48:12","modified_gmt":"2025-01-22T21:48:12","slug":"oficina-de-la-juventud","status":"publish","type":"page","link":"https:\/\/www.muniancud.cl\/portal\/unidades-municipales\/direccion-de-desarrollo-comunitario\/oficina-de-la-juventud\/","title":{"rendered":"Oficina de la Juventud"},"content":{"rendered":"<div class=\"wpb-content-wrapper\"><p>[vc_section][vc_row][vc_column width=\u00bb2\/3&#8243;][vc_column_text]La Oficina Municipal de la juventud est\u00e1 orientada a todos los j\u00f3venes de 14 a 29 a\u00f1os de edad, impulsando, canalizando asesor\u00edas; adem\u00e1s de resolver, las inquietudes y propuestas en las diferentes \u00e1reas de inter\u00e9s, destacando el tema cultural social art\u00edstico, laboral o hasta pol\u00edtico. Fomentar la igualdad de oportunidades de los j\u00f3venes de la comuna, a trav\u00e9s de su plena integraci\u00f3n social, econ\u00f3mica, cultural y el ejercicio de sus deberes y derechos, de esta manera apoyar su incorporaci\u00f3n y participaci\u00f3n en la vida socio-comunitaria de los barrios y\/o localidades de la comuna en general.<\/p>\n<p>Propiciar y ejecutar acciones que garanticen la participaci\u00f3n de los j\u00f3venes en el desarrollo de la comuna, brindando en forma permanente alternativas tendientes a canalizar y resolver sus inquietudes y demandas, generando espacios para el ejercicio de actividades que conduzcan a desarrollar y manifestar sus expresiones culturales, art\u00edsticas y sociales, contribuyendo de este modo a consolidar el buen uso del tiempo libre y la disminuci\u00f3n de su vulnerabilidad de riesgos.[\/vc_column_text][vc_tta_accordion style=\u00bbflat\u00bb c_icon=\u00bbchevron\u00bb active_section=\u00bb1&#8243;][vc_tta_section title=\u00bbFunciones\u00bb tab_id=\u00bb1548881108963-789d5417-37474732-3ae5&#8243;][vc_column_text]<\/p>\n<ul class=\"td-arrow-list\">\n<li>Dise\u00f1ar un programa de generaci\u00f3n de redes con diferentes entidades gubernamentales o privadas.<\/li>\n<li>Entregar asesor\u00eda e informaci\u00f3n referida a la Ley N\u00ba 19.418 a las organizaciones formales e informales de j\u00f3venes para la formaci\u00f3n de redes con diferentes entidades gubernamentales o privadas.<\/li>\n<li>Desarrollar iniciativas de integraci\u00f3n y participaci\u00f3n con j\u00f3venes, organizaciones juveniles, culturales y centros educacionales con el prop\u00f3sito de coordinar un trabajo mancomunado del municipio con la comunidad de j\u00f3venes.<\/li>\n<li>Elaborar plan anual de actividades acorde a las demandas, inquietudes y expectativas de los j\u00f3venes y de sus organizaciones.<\/li>\n<li>Desarrollar instrumentos de medici\u00f3n para conocer las inquietudes, demandas y expectativas de los j\u00f3venes de la comuna.<\/li>\n<li>Desarrollar un trabajo mancomunado en conjunto con el Instituto Nacional de la Juventud INJUV.<\/li>\n<\/ul>\n<p>[\/vc_column_text][\/vc_tta_section][\/vc_tta_accordion][\/vc_column][vc_column width=\u00bb1\/3&#8243;][vc_btn title=\u00bbVolver a Servicios Municipales\u00bb style=\u00bbflat\u00bb color=\u00bbsuccess\u00bb align=\u00bbleft\u00bb i_icon_fontawesome=\u00bbfa fa-arrow-left\u00bb button_block=\u00bbtrue\u00bb add_icon=\u00bbtrue\u00bb link=\u00bburl:https%3A%2F%2Fwww.muniancud.cl%2Fportal%2Fservicios-municipales%2F|||\u00bb][vc_single_image image=\u00bb23931&#8243; img_size=\u00bbfull\u00bb alignment=\u00bbcenter\u00bb]<div class=\"td_block_wrap td_block_text_with_title td_uid_1_69da980d33744_rand td-pb-border-top td_block_template_8\"  data-td-block-uid=\"td_uid_1_69da980d33744\" ><div class=\"td-block-title-wrap\"><h4 class=\"td-block-title\"><span>Encargada Oficina de la Juventud<\/span><\/h4><\/div><div class=\"td_mod_wrap td-fix-index\"><p><strong>Circi del R\u00edo Moreira<\/strong><br \/>\nEmail: circi.delrio@muniancud.cl<\/p>\n<\/div><\/div>[vc_btn title=\u00bbFacebook\u00bb style=\u00bbflat\u00bb color=\u00bbprimary\u00bb align=\u00bbleft\u00bb i_icon_fontawesome=\u00bbfa fa-facebook\u00bb button_block=\u00bbtrue\u00bb add_icon=\u00bbtrue\u00bb link=\u00bburl:https%3A%2F%2Fwww.facebook.com%2FOficina-de-la-Juventud-Ancud-399280187090176||target:%20_blank|\u00bb][\/vc_column][\/vc_row][\/vc_section]<\/p>\n<\/div>","protected":false},"excerpt":{"rendered":"<p>[vc_section][vc_row][vc_column width=\u00bb2\/3&#8243;][vc_column_text]La Oficina Municipal de la juventud est\u00e1 orientada a todos los j\u00f3venes de 14 a 29 a\u00f1os de edad, impulsando, canalizando asesor\u00edas; adem\u00e1s de resolver, las inquietudes y propuestas en las diferentes \u00e1reas de inter\u00e9s, destacando el tema cultural social art\u00edstico, laboral o hasta pol\u00edtico. Fomentar la igualdad de oportunidades de los j\u00f3venes de [&hellip;]<\/p>\n","protected":false},"author":1,"featured_media":0,"parent":747,"menu_order":0,"comment_status":"closed","ping_status":"closed","template":"page-pagebuilder-title.php","meta":{"footnotes":""},"class_list":["post-23928","page","type-page","status-publish","hentry"],"_links":{"self":[{"href":"https:\/\/www.muniancud.cl\/portal\/wp-json\/wp\/v2\/pages\/23928","targetHints":{"allow":["GET"]}}],"collection":[{"href":"https:\/\/www.muniancud.cl\/portal\/wp-json\/wp\/v2\/pages"}],"about":[{"href":"https:\/\/www.muniancud.cl\/portal\/wp-json\/wp\/v2\/types\/page"}],"author":[{"embeddable":true,"href":"https:\/\/www.muniancud.cl\/portal\/wp-json\/wp\/v2\/users\/1"}],"replies":[{"embeddable":true,"href":"https:\/\/www.muniancud.cl\/portal\/wp-json\/wp\/v2\/comments?post=23928"}],"version-history":[{"count":9,"href":"https:\/\/www.muniancud.cl\/portal\/wp-json\/wp\/v2\/pages\/23928\/revisions"}],"predecessor-version":[{"id":34547,"href":"https:\/\/www.muniancud.cl\/portal\/wp-json\/wp\/v2\/pages\/23928\/revisions\/34547"}],"up":[{"embeddable":true,"href":"https:\/\/www.muniancud.cl\/portal\/wp-json\/wp\/v2\/pages\/747"}],"wp:attachment":[{"href":"https:\/\/www.muniancud.cl\/portal\/wp-json\/wp\/v2\/media?parent=23928"}],"curies":[{"name":"wp","href":"https:\/\/api.w.org\/{rel}","templated":true}]}}