{"id":24707,"date":"2019-07-02T21:04:27","date_gmt":"2019-07-03T01:04:27","guid":{"rendered":"https:\/\/www.muniancud.cl\/portal\/?page_id=24707"},"modified":"2025-09-17T09:05:58","modified_gmt":"2025-09-17T12:05:58","slug":"departamento-de-turismo","status":"publish","type":"page","link":"https:\/\/www.muniancud.cl\/portal\/unidades-municipales\/direccion-de-turismo-y-fomento-productivo\/departamento-de-turismo\/","title":{"rendered":"Departamento de Turismo"},"content":{"rendered":"<div class=\"wpb-content-wrapper\"><p>[vc_row][vc_column width=\u00bb2\/3&#8243;][vc_column_text]Cumple con elaborar pol\u00edticas, planes y proyectos espec\u00edficos destinados a la promoci\u00f3n del turismo a nivel local, nacional e internacional, as\u00ed como tambi\u00e9n la creaci\u00f3n de instancias y mecanismos que faciliten la entrega de informaci\u00f3n tur\u00edstica pertinente a los visitantes e interesados en conocer de los lugares de importancia tur\u00edstica.<\/p>\n<p>Sus funciones especificas son:<\/p>\n<ul class=\"td-arrow-list\">\n<li>Elaborar pol\u00edticas, planes y proyectos espec\u00edficos a la promoci\u00f3n del turismo de la comuna, desarrollando para ello gestiones tanto a nivel nacional como internacional.<\/li>\n<li>Coordinar acciones con el Servicio Nacional de Turismo a fin de fortalecer la actividad tur\u00edstica en la comuna.<\/li>\n<li>Organizar y mantener servicios para apoyar las actividades e inversiones tur\u00edsticas en la comuna.<\/li>\n<li>Fomentar y apoyar el desarrollo de la peque\u00f1a y mediana empresa en la comuna.<\/li>\n<li>Implementar mecanismos que faciliten la entrega de informaci\u00f3n tur\u00edstica pertinente a los visitantes e interesados en conocer de los lugares de importancia tur\u00edstica.<\/li>\n<li>Formular y evaluar ordenanzas locales y normativas que propicien mejorar la imagen tur\u00edstica comunal (Ej.: Ordenanza de carteles, letreros y publicidad)<\/li>\n<\/ul>\n<p>[\/vc_column_text][vc_gmaps link=\u00bb#E-8_JTNDaWZyYW1lJTIwc3JjJTNEJTIyaHR0cHMlM0ElMkYlMkZ3d3cuZ29vZ2xlLmNvbSUyRm1hcHMlMkZlbWJlZCUzRnBiJTNEJTIxMW0xOCUyMTFtMTIlMjExbTMlMjExZDc0Mi40NzkxNzUxMjY3ODQlMjEyZC03My44Mjk4Nzg1MTE4NTY2NiUyMTNkLTQxLjg2ODMwNzk5ODY5NTA2JTIxMm0zJTIxMWYwJTIxMmYwJTIxM2YwJTIxM20yJTIxMWkxMDI0JTIxMmk3NjglMjE0ZjEzLjElMjEzbTMlMjExbTIlMjExczB4MCUyNTNBMHgwJTIxMnpOREhDc0RVeUp6QTFMamtpVXlBM004S3dORGtuTkRVdU5pSlglMjE1ZTAlMjEzbTIlMjExc2VzLTQxOSUyMTJzY2wlMjE0djE1NjIxNTcyMjQxMjIlMjE1bTIlMjExc2VzLTQxOSUyMTJzY2wlMjIlMjB3aWR0aCUzRCUyMjQwMCUyMiUyMGhlaWdodCUzRCUyMjIwMCUyMiUyMGZyYW1lYm9yZGVyJTNEJTIyMCUyMiUyMHN0eWxlJTNEJTIyYm9yZGVyJTNBMCUyMiUyMGFsbG93ZnVsbHNjcmVlbiUzRSUzQyUyRmlmcmFtZSUzRQ==\u00bb][\/vc_column][vc_column width=\u00bb1\/3&#8243;][vc_btn title=\u00bbVolver a Servicios Municipales\u00bb style=\u00bbflat\u00bb color=\u00bbsuccess\u00bb align=\u00bbleft\u00bb i_icon_fontawesome=\u00bbfa fa-arrow-left\u00bb button_block=\u00bbtrue\u00bb add_icon=\u00bbtrue\u00bb link=\u00bburl:https%3A%2F%2Fwww.muniancud.cl%2Fportal%2Fservicios-municipales%2F|||\u00bb][vc_single_image image=\u00bb24715&#8243; img_size=\u00bbfull\u00bb alignment=\u00bbcenter\u00bb style=\u00bbvc_box_rounded\u00bb]<div class=\"td_block_wrap td_block_text_with_title td_uid_1_6a058bf0c20c3_rand td-pb-border-top td_block_template_8\"  data-td-block-uid=\"td_uid_1_6a058bf0c20c3\" ><div class=\"td-block-title-wrap\"><h4 class=\"td-block-title\"><span>Encargado Turismo<\/span><\/h4><\/div><div class=\"td_mod_wrap td-fix-index\"><p><strong>Claudio Thimeos Barrientos<\/strong><br \/>\nEmail: claudio.thimeos@muniancud.cl<br \/>\nTel\u00e9fono: 65-2487304<\/p>\n<\/div><\/div>[vc_message message_box_style=\u00bbsolid-icon\u00bb message_box_color=\u00bbsky\u00bb]Para m\u00e1s informaci\u00f3n visitar el sitio web: <a href=\"http:\/\/www.ancud.cl\">www.ancud.cl<\/a>[\/vc_message][vc_message message_box_style=\u00bbsolid\u00bb message_box_color=\u00bbgreen\u00bb icon_fontawesome=\u00bbfa fa-clock-o\u00bb]<strong>Horarios<\/strong><br \/>\n<strong>Atenci\u00f3n a Publico:<br \/>\n<\/strong>Lunes a Viernes de 08:00 a 17:15 hrs.[\/vc_message][vc_message message_box_style=\u00bbsolid\u00bb message_box_color=\u00bbsky\u00bb css=\u00bb\u00bb]<b>Ubicaci\u00f3n: <\/b>Blanco Encalada 660, Tercer Piso<br \/>\n<b>Tel\u00e9fono: <\/b>65-2487304<br \/>\n<b>Email: <\/b>turismo@muniancud.cl[\/vc_message][\/vc_column][\/vc_row][vc_row][vc_column]<div class=\"td_block_wrap td_block_16 td_uid_2_6a058bf0c3b0c_rand td_with_ajax_pagination td-pb-border-top td_block_template_8 td-column-1 td_block_padding\"  data-td-block-uid=\"td_uid_2_6a058bf0c3b0c\" ><script>var block_td_uid_2_6a058bf0c3b0c = new tdBlock();\nblock_td_uid_2_6a058bf0c3b0c.id = \"td_uid_2_6a058bf0c3b0c\";\nblock_td_uid_2_6a058bf0c3b0c.atts = '{\"custom_title\":\"Noticias Turismo\",\"category_id\":\"36\",\"ajax_pagination\":\"next_prev\",\"separator\":\"\",\"custom_url\":\"\",\"block_template_id\":\"\",\"mx7_tl\":\"\",\"mx7_el\":\"\",\"m6_tl\":\"\",\"post_ids\":\"\",\"category_ids\":\"\",\"tag_slug\":\"\",\"autors_id\":\"\",\"installed_post_types\":\"\",\"sort\":\"\",\"limit\":\"5\",\"offset\":\"\",\"el_class\":\"\",\"td_ajax_filter_type\":\"\",\"td_ajax_filter_ids\":\"\",\"td_filter_default_txt\":\"All\",\"td_ajax_preloading\":\"\",\"f_header_font_header\":\"\",\"f_header_font_title\":\"Block header\",\"f_header_font_settings\":\"\",\"f_header_font_family\":\"\",\"f_header_font_size\":\"\",\"f_header_font_line_height\":\"\",\"f_header_font_style\":\"\",\"f_header_font_weight\":\"\",\"f_header_font_transform\":\"\",\"f_header_font_spacing\":\"\",\"f_header_\":\"\",\"f_ajax_font_title\":\"Ajax categories\",\"f_ajax_font_settings\":\"\",\"f_ajax_font_family\":\"\",\"f_ajax_font_size\":\"\",\"f_ajax_font_line_height\":\"\",\"f_ajax_font_style\":\"\",\"f_ajax_font_weight\":\"\",\"f_ajax_font_transform\":\"\",\"f_ajax_font_spacing\":\"\",\"f_ajax_\":\"\",\"f_more_font_title\":\"Load more button\",\"f_more_font_settings\":\"\",\"f_more_font_family\":\"\",\"f_more_font_size\":\"\",\"f_more_font_line_height\":\"\",\"f_more_font_style\":\"\",\"f_more_font_weight\":\"\",\"f_more_font_transform\":\"\",\"f_more_font_spacing\":\"\",\"f_more_\":\"\",\"mx7f_title_font_header\":\"\",\"mx7f_title_font_title\":\"Article title\",\"mx7f_title_font_settings\":\"\",\"mx7f_title_font_family\":\"\",\"mx7f_title_font_size\":\"\",\"mx7f_title_font_line_height\":\"\",\"mx7f_title_font_style\":\"\",\"mx7f_title_font_weight\":\"\",\"mx7f_title_font_transform\":\"\",\"mx7f_title_font_spacing\":\"\",\"mx7f_title_\":\"\",\"mx7f_cat_font_title\":\"Article category tag\",\"mx7f_cat_font_settings\":\"\",\"mx7f_cat_font_family\":\"\",\"mx7f_cat_font_size\":\"\",\"mx7f_cat_font_line_height\":\"\",\"mx7f_cat_font_style\":\"\",\"mx7f_cat_font_weight\":\"\",\"mx7f_cat_font_transform\":\"\",\"mx7f_cat_font_spacing\":\"\",\"mx7f_cat_\":\"\",\"mx7f_meta_font_title\":\"Article meta info\",\"mx7f_meta_font_settings\":\"\",\"mx7f_meta_font_family\":\"\",\"mx7f_meta_font_size\":\"\",\"mx7f_meta_font_line_height\":\"\",\"mx7f_meta_font_style\":\"\",\"mx7f_meta_font_weight\":\"\",\"mx7f_meta_font_transform\":\"\",\"mx7f_meta_font_spacing\":\"\",\"mx7f_meta_\":\"\",\"mx7f_ex_font_title\":\"Article excerpt\",\"mx7f_ex_font_settings\":\"\",\"mx7f_ex_font_family\":\"\",\"mx7f_ex_font_size\":\"\",\"mx7f_ex_font_line_height\":\"\",\"mx7f_ex_font_style\":\"\",\"mx7f_ex_font_weight\":\"\",\"mx7f_ex_font_transform\":\"\",\"mx7f_ex_font_spacing\":\"\",\"mx7f_ex_\":\"\",\"m6f_title_font_header\":\"\",\"m6f_title_font_title\":\"Article title\",\"m6f_title_font_settings\":\"\",\"m6f_title_font_family\":\"\",\"m6f_title_font_size\":\"\",\"m6f_title_font_line_height\":\"\",\"m6f_title_font_style\":\"\",\"m6f_title_font_weight\":\"\",\"m6f_title_font_transform\":\"\",\"m6f_title_font_spacing\":\"\",\"m6f_title_\":\"\",\"m6f_cat_font_title\":\"Article category tag\",\"m6f_cat_font_settings\":\"\",\"m6f_cat_font_family\":\"\",\"m6f_cat_font_size\":\"\",\"m6f_cat_font_line_height\":\"\",\"m6f_cat_font_style\":\"\",\"m6f_cat_font_weight\":\"\",\"m6f_cat_font_transform\":\"\",\"m6f_cat_font_spacing\":\"\",\"m6f_cat_\":\"\",\"m6f_meta_font_title\":\"Article meta info\",\"m6f_meta_font_settings\":\"\",\"m6f_meta_font_family\":\"\",\"m6f_meta_font_size\":\"\",\"m6f_meta_font_line_height\":\"\",\"m6f_meta_font_style\":\"\",\"m6f_meta_font_weight\":\"\",\"m6f_meta_font_transform\":\"\",\"m6f_meta_font_spacing\":\"\",\"m6f_meta_\":\"\",\"ajax_pagination_infinite_stop\":\"\",\"css\":\"\",\"tdc_css\":\"\",\"td_column_number\":1,\"header_color\":\"\",\"color_preset\":\"\",\"border_top\":\"\",\"class\":\"td_uid_2_6a058bf0c3b0c_rand\",\"tdc_css_class\":\"td_uid_2_6a058bf0c3b0c_rand\",\"tdc_css_class_style\":\"td_uid_2_6a058bf0c3b0c_rand_style\"}';\nblock_td_uid_2_6a058bf0c3b0c.td_column_number = \"1\";\nblock_td_uid_2_6a058bf0c3b0c.block_type = \"td_block_16\";\nblock_td_uid_2_6a058bf0c3b0c.post_count = \"5\";\nblock_td_uid_2_6a058bf0c3b0c.found_posts = \"90\";\nblock_td_uid_2_6a058bf0c3b0c.header_color = \"\";\nblock_td_uid_2_6a058bf0c3b0c.ajax_pagination_infinite_stop = \"\";\nblock_td_uid_2_6a058bf0c3b0c.max_num_pages = \"18\";\ntdBlocksArray.push(block_td_uid_2_6a058bf0c3b0c);\n<\/script><div class=\"td-block-title-wrap\"><h4 class=\"td-block-title\"><span>Noticias Turismo<\/span><\/h4><\/div><div id=td_uid_2_6a058bf0c3b0c class=\"td_block_inner td-column-1\">\n\n\t<div class=\"td-block-span12\">\n\n        <div class=\"td_module_6 td_module_wrap td-animation-stack\">\n\n        <div class=\"td-module-thumb\"><a href=\"https:\/\/www.muniancud.cl\/portal\/ancud-impulsa-su-turismo-en-ferias-nacionales-e-internacionales\/\" rel=\"bookmark\" class=\"td-image-wrap\" title=\"Ancud impulsa su turismo en ferias nacionales e internacionales\"><img loading=\"lazy\" decoding=\"async\" class=\"entry-thumb\" src=\"data:image\/png;base64,iVBORw0KGgoAAAANSUhEUgAAAGQAAABGAQMAAAAASKMqAAAAA1BMVEWurq51dlI4AAAAAXRSTlMmkutdmwAAABBJREFUKM9jGAWjYBQMKwAAA9QAAQWBn6cAAAAASUVORK5CYII=\"alt=\"\" title=\"Ancud impulsa su turismo en ferias nacionales e internacionales\" data-type=\"image_tag\" data-img-url=\"https:\/\/www.muniancud.cl\/portal\/wp-content\/uploads\/2026\/04\/image-5-100x70.png\"  width=\"100\" height=\"70\" \/><\/a><\/div>\n        <div class=\"item-details\">\n            <h3 class=\"entry-title td-module-title\"><a href=\"https:\/\/www.muniancud.cl\/portal\/ancud-impulsa-su-turismo-en-ferias-nacionales-e-internacionales\/\" rel=\"bookmark\" title=\"Ancud impulsa su turismo en ferias nacionales e internacionales\">Ancud impulsa su turismo en ferias nacionales e internacionales<\/a><\/h3>            <div class=\"td-module-meta-info\">\n                                                <span class=\"td-post-date\"><time class=\"entry-date updated td-module-date\" datetime=\"2026-04-27T10:39:09+00:00\" >27\/04\/2026<\/time><\/span>                            <\/div>\n        <\/div>\n\n        <\/div>\n\n        \n\t<\/div> <!-- .\/td-block-span12 -->\n\n\t<div class=\"td-block-span12\">\n\n        <div class=\"td_module_6 td_module_wrap td-animation-stack\">\n\n        <div class=\"td-module-thumb\"><a href=\"https:\/\/www.muniancud.cl\/portal\/ancud-presente-en-miami-en-el-seatrade-cruise-global-2026\/\" rel=\"bookmark\" class=\"td-image-wrap\" title=\"Ancud presente en Miami en el Seatrade Cruise Global 2026\"><img loading=\"lazy\" decoding=\"async\" class=\"entry-thumb\" src=\"data:image\/png;base64,iVBORw0KGgoAAAANSUhEUgAAAGQAAABGAQMAAAAASKMqAAAAA1BMVEWurq51dlI4AAAAAXRSTlMmkutdmwAAABBJREFUKM9jGAWjYBQMKwAAA9QAAQWBn6cAAAAASUVORK5CYII=\"alt=\"\" title=\"Ancud presente en Miami en el Seatrade Cruise Global 2026\" data-type=\"image_tag\" data-img-url=\"https:\/\/www.muniancud.cl\/portal\/wp-content\/uploads\/2026\/04\/WhatsApp-Image-2026-04-14-at-19.50.46-100x70.jpeg\"  width=\"100\" height=\"70\" \/><\/a><\/div>\n        <div class=\"item-details\">\n            <h3 class=\"entry-title td-module-title\"><a href=\"https:\/\/www.muniancud.cl\/portal\/ancud-presente-en-miami-en-el-seatrade-cruise-global-2026\/\" rel=\"bookmark\" title=\"Ancud presente en Miami en el Seatrade Cruise Global 2026\">Ancud presente en Miami en el Seatrade Cruise Global 2026<\/a><\/h3>            <div class=\"td-module-meta-info\">\n                                                <span class=\"td-post-date\"><time class=\"entry-date updated td-module-date\" datetime=\"2026-04-15T08:23:23+00:00\" >15\/04\/2026<\/time><\/span>                            <\/div>\n        <\/div>\n\n        <\/div>\n\n        \n\t<\/div> <!-- .\/td-block-span12 -->\n\n\t<div class=\"td-block-span12\">\n\n        <div class=\"td_module_6 td_module_wrap td-animation-stack\">\n\n        <div class=\"td-module-thumb\"><a href=\"https:\/\/www.muniancud.cl\/portal\/comunidad-de-ancud-participa-en-jornada-deportiva-inclusiva-por-el-autismo\/\" rel=\"bookmark\" class=\"td-image-wrap\" title=\"Comunidad de Ancud participa en jornada deportiva inclusiva por el autismo\"><img loading=\"lazy\" decoding=\"async\" class=\"entry-thumb\" src=\"data:image\/png;base64,iVBORw0KGgoAAAANSUhEUgAAAGQAAABGAQMAAAAASKMqAAAAA1BMVEWurq51dlI4AAAAAXRSTlMmkutdmwAAABBJREFUKM9jGAWjYBQMKwAAA9QAAQWBn6cAAAAASUVORK5CYII=\"alt=\"\" title=\"Comunidad de Ancud participa en jornada deportiva inclusiva por el autismo\" data-type=\"image_tag\" data-img-url=\"https:\/\/www.muniancud.cl\/portal\/wp-content\/uploads\/2026\/04\/WhatsApp-Image-2026-04-09-at-12.49.06-100x70.jpeg\"  width=\"100\" height=\"70\" \/><\/a><\/div>\n        <div class=\"item-details\">\n            <h3 class=\"entry-title td-module-title\"><a href=\"https:\/\/www.muniancud.cl\/portal\/comunidad-de-ancud-participa-en-jornada-deportiva-inclusiva-por-el-autismo\/\" rel=\"bookmark\" title=\"Comunidad de Ancud participa en jornada deportiva inclusiva por el autismo\">Comunidad de Ancud participa en jornada deportiva inclusiva por el autismo<\/a><\/h3>            <div class=\"td-module-meta-info\">\n                                                <span class=\"td-post-date\"><time class=\"entry-date updated td-module-date\" datetime=\"2026-04-09T15:17:54+00:00\" >09\/04\/2026<\/time><\/span>                            <\/div>\n        <\/div>\n\n        <\/div>\n\n        \n\t<\/div> <!-- .\/td-block-span12 -->\n\n\t<div class=\"td-block-span12\">\n\n        <div class=\"td_module_6 td_module_wrap td-animation-stack\">\n\n        <div class=\"td-module-thumb\"><a href=\"https:\/\/www.muniancud.cl\/portal\/pescador-de-estero-aldique-llevara-innovadores-productos-del-mar-deshidratados-al-festival-nam-2026-en-santiago\/\" rel=\"bookmark\" class=\"td-image-wrap\" title=\"Pescador de Estero El Dique llevar\u00e1 innovadores productos del mar deshidratados al Festival \u00d1AM 2026 en Santiago\"><img loading=\"lazy\" decoding=\"async\" class=\"entry-thumb\" src=\"data:image\/png;base64,iVBORw0KGgoAAAANSUhEUgAAAGQAAABGAQMAAAAASKMqAAAAA1BMVEWurq51dlI4AAAAAXRSTlMmkutdmwAAABBJREFUKM9jGAWjYBQMKwAAA9QAAQWBn6cAAAAASUVORK5CYII=\"alt=\"\" title=\"Pescador de Estero El Dique llevar\u00e1 innovadores productos del mar deshidratados al Festival \u00d1AM 2026 en Santiago\" data-type=\"image_tag\" data-img-url=\"https:\/\/www.muniancud.cl\/portal\/wp-content\/uploads\/2026\/03\/WhatsApp-Image-2026-03-23-at-11.00.03-100x70.jpeg\"  width=\"100\" height=\"70\" \/><\/a><\/div>\n        <div class=\"item-details\">\n            <h3 class=\"entry-title td-module-title\"><a href=\"https:\/\/www.muniancud.cl\/portal\/pescador-de-estero-aldique-llevara-innovadores-productos-del-mar-deshidratados-al-festival-nam-2026-en-santiago\/\" rel=\"bookmark\" title=\"Pescador de Estero El Dique llevar\u00e1 innovadores productos del mar deshidratados al Festival \u00d1AM 2026 en Santiago\">Pescador de Estero El Dique llevar\u00e1 innovadores productos del mar deshidratados...<\/a><\/h3>            <div class=\"td-module-meta-info\">\n                                                <span class=\"td-post-date\"><time class=\"entry-date updated td-module-date\" datetime=\"2026-03-23T11:58:40+00:00\" >23\/03\/2026<\/time><\/span>                            <\/div>\n        <\/div>\n\n        <\/div>\n\n        \n\t<\/div> <!-- .\/td-block-span12 -->\n\n\t<div class=\"td-block-span12\">\n\n        <div class=\"td_module_6 td_module_wrap td-animation-stack\">\n\n        <div class=\"td-module-thumb\"><a href=\"https:\/\/www.muniancud.cl\/portal\/emprendedores-fortalecen-sus-negocios-con-charla-de-innovacion-en-ancud\/\" rel=\"bookmark\" class=\"td-image-wrap\" title=\"Emprendedores fortalecen sus negocios con charla de innovaci\u00f3n en Ancud\"><img loading=\"lazy\" decoding=\"async\" class=\"entry-thumb\" src=\"data:image\/png;base64,iVBORw0KGgoAAAANSUhEUgAAAGQAAABGAQMAAAAASKMqAAAAA1BMVEWurq51dlI4AAAAAXRSTlMmkutdmwAAABBJREFUKM9jGAWjYBQMKwAAA9QAAQWBn6cAAAAASUVORK5CYII=\"alt=\"\" title=\"Emprendedores fortalecen sus negocios con charla de innovaci\u00f3n en Ancud\" data-type=\"image_tag\" data-img-url=\"https:\/\/www.muniancud.cl\/portal\/wp-content\/uploads\/2026\/02\/WhatsApp-Image-2026-02-26-at-15.12.57-1-100x70.jpeg\"  width=\"100\" height=\"70\" \/><\/a><\/div>\n        <div class=\"item-details\">\n            <h3 class=\"entry-title td-module-title\"><a href=\"https:\/\/www.muniancud.cl\/portal\/emprendedores-fortalecen-sus-negocios-con-charla-de-innovacion-en-ancud\/\" rel=\"bookmark\" title=\"Emprendedores fortalecen sus negocios con charla de innovaci\u00f3n en Ancud\">Emprendedores fortalecen sus negocios con charla de innovaci\u00f3n en Ancud<\/a><\/h3>            <div class=\"td-module-meta-info\">\n                                                <span class=\"td-post-date\"><time class=\"entry-date updated td-module-date\" datetime=\"2026-02-27T12:25:35+00:00\" >27\/02\/2026<\/time><\/span>                            <\/div>\n        <\/div>\n\n        <\/div>\n\n        \n\t<\/div> <!-- .\/td-block-span12 --><\/div><div class=\"td-next-prev-wrap\"><a href=\"#\" class=\"td-ajax-prev-page ajax-page-disabled\" id=\"prev-page-td_uid_2_6a058bf0c3b0c\" data-td_block_id=\"td_uid_2_6a058bf0c3b0c\"><i class=\"td-icon-font td-icon-menu-left\"><\/i><\/a><a href=\"#\"  class=\"td-ajax-next-page\" id=\"next-page-td_uid_2_6a058bf0c3b0c\" data-td_block_id=\"td_uid_2_6a058bf0c3b0c\"><i class=\"td-icon-font td-icon-menu-right\"><\/i><\/a><\/div><\/div> <!-- .\/block -->[\/vc_column][\/vc_row]<\/p>\n<\/div>","protected":false},"excerpt":{"rendered":"<p>[vc_row][vc_column width=\u00bb2\/3&#8243;][vc_column_text]Cumple con elaborar pol\u00edticas, planes y proyectos espec\u00edficos destinados a la promoci\u00f3n del turismo a nivel local, nacional e internacional, as\u00ed como tambi\u00e9n la creaci\u00f3n de instancias y mecanismos que faciliten la entrega de informaci\u00f3n tur\u00edstica pertinente a los visitantes e interesados en conocer de los lugares de importancia tur\u00edstica. Sus funciones especificas son: [&hellip;]<\/p>\n","protected":false},"author":1,"featured_media":0,"parent":745,"menu_order":0,"comment_status":"closed","ping_status":"closed","template":"page-pagebuilder-title.php","meta":{"footnotes":""},"class_list":["post-24707","page","type-page","status-publish","hentry"],"_links":{"self":[{"href":"https:\/\/www.muniancud.cl\/portal\/wp-json\/wp\/v2\/pages\/24707","targetHints":{"allow":["GET"]}}],"collection":[{"href":"https:\/\/www.muniancud.cl\/portal\/wp-json\/wp\/v2\/pages"}],"about":[{"href":"https:\/\/www.muniancud.cl\/portal\/wp-json\/wp\/v2\/types\/page"}],"author":[{"embeddable":true,"href":"https:\/\/www.muniancud.cl\/portal\/wp-json\/wp\/v2\/users\/1"}],"replies":[{"embeddable":true,"href":"https:\/\/www.muniancud.cl\/portal\/wp-json\/wp\/v2\/comments?post=24707"}],"version-history":[{"count":17,"href":"https:\/\/www.muniancud.cl\/portal\/wp-json\/wp\/v2\/pages\/24707\/revisions"}],"predecessor-version":[{"id":35865,"href":"https:\/\/www.muniancud.cl\/portal\/wp-json\/wp\/v2\/pages\/24707\/revisions\/35865"}],"up":[{"embeddable":true,"href":"https:\/\/www.muniancud.cl\/portal\/wp-json\/wp\/v2\/pages\/745"}],"wp:attachment":[{"href":"https:\/\/www.muniancud.cl\/portal\/wp-json\/wp\/v2\/media?parent=24707"}],"curies":[{"name":"wp","href":"https:\/\/api.w.org\/{rel}","templated":true}]}}