{"id":24753,"date":"2019-07-03T11:40:49","date_gmt":"2019-07-03T15:40:49","guid":{"rendered":"https:\/\/www.muniancud.cl\/portal\/?page_id=24753"},"modified":"2019-07-12T19:08:40","modified_gmt":"2019-07-12T23:08:40","slug":"becas-junaeb","status":"publish","type":"page","link":"https:\/\/www.muniancud.cl\/portal\/becas\/becas-junaeb\/","title":{"rendered":"Becas JUNAEB"},"content":{"rendered":"<div class=\"wpb-content-wrapper\"><p>[vc_row][vc_column width=\u00bb2\/3&#8243;][vc_column_text]La Ilustre Municipalidad de Ancud, a trav\u00e9s de la Direcci\u00f3n de Desarrollo Comunitario en su objetivo de contribuir a la soluci\u00f3n de los problemas socioecon\u00f3micos que afectan a los habitantes de la comuna de Ancud, procurando otorgar las condiciones necesarias b\u00e1sicas que permitan mejorar la calidad de vida, apoya en la tramitaci\u00f3n de las siguientes Becas otorgadas por la JUNAEB.[\/vc_column_text][vc_row_inner][vc_column_inner width=\u00bb1\/3&#8243;][vc_btn title=\u00bbPostulaci\u00f3n a Becas JUNAEB\u00bb style=\u00bbflat\u00bb color=\u00bbblue\u00bb align=\u00bbleft\u00bb i_icon_fontawesome=\u00bbfa fa-external-link\u00bb button_block=\u00bbtrue\u00bb add_icon=\u00bbtrue\u00bb link=\u00bburl:https%3A%2F%2Fportalbecas.junaeb.cl||target:%20_blank|\u00bb][\/vc_column_inner][vc_column_inner width=\u00bb1\/3&#8243;][vc_btn title=\u00bbResultados Becas JUNAEB\u00bb style=\u00bbflat\u00bb color=\u00bbwarning\u00bb align=\u00bbleft\u00bb i_icon_fontawesome=\u00bbfa fa-external-link\u00bb button_block=\u00bbtrue\u00bb add_icon=\u00bbtrue\u00bb link=\u00bburl:https%3A%2F%2Fsinab.junaeb.cl%2Fweb%2Findex.php%2Fpublicacion%2Fresultados%2F||target:%20_blank|\u00bb][\/vc_column_inner][vc_column_inner width=\u00bb1\/3&#8243;][vc_btn title=\u00bbPublicaci\u00f3n Pagos Becas JUNAEB\u00bb style=\u00bbflat\u00bb color=\u00bbdanger\u00bb align=\u00bbleft\u00bb i_icon_fontawesome=\u00bbfa fa-external-link\u00bb button_block=\u00bbtrue\u00bb add_icon=\u00bbtrue\u00bb link=\u00bburl:https%3A%2F%2Fsinab.junaeb.cl%2Fweb%2Findex.php%2Fpublicacion%2Fpagos%2F||target:%20_blank|\u00bb][\/vc_column_inner][\/vc_row_inner][vc_tta_accordion style=\u00bbflat\u00bb c_icon=\u00bbchevron\u00bb active_section=\u00bb1&#8243;][vc_tta_section title=\u00bbBecas Educaci\u00f3n B\u00e1sica\u00bb tab_id=\u00bb1562172550988-bc315fe2-131e\u00bb][vc_message message_box_style=\u00bbsolid\u00bb message_box_color=\u00bbgrey\u00bb]Las Becas que ofrece Junaeb se focalizan en estudiantes con caracter\u00edsticas espec\u00edficas. Puedes buscar la Beca que m\u00e1s se ajuste a tu situaci\u00f3n particular y postular a ella. Revisa los requisitos y fechas de postulaci\u00f3n en detalle, pinchando en cada beca.<\/p>\n<p><a href=\"https:\/\/www.junaeb.cl\/becas-educacion-basica-2\/beca-indigena-educacion-basica-postulacion\"><span class=\"td_btn_sm td_btn td_round_btn\">Beca Ind\u00edgena<\/span><\/a>[\/vc_message][\/vc_tta_section][vc_tta_section title=\u00bbBecas Educaci\u00f3n Media\u00bb tab_id=\u00bb1562172551011-429ff691-467b\u00bb][vc_message message_box_style=\u00bbsolid\u00bb message_box_color=\u00bbgrey\u00bb]Las Becas que ofrece Junaeb se focalizan en estudiantes con caracter\u00edsticas espec\u00edficas. Puedes buscar la Beca que m\u00e1s se ajuste a tu situaci\u00f3n particular y postular a ella. Revisa los requisitos y fechas de postulaci\u00f3n en detalle, pinchando en cada beca.<\/p>\n<p><a href=\"https:\/\/www.junaeb.cl\/becas-educacion-media\/beca-indigena-educacion-media-postulacion\"><span class=\"td_btn_sm td_btn td_round_btn\">Beca Ind\u00edgena<\/span><\/a><\/p>\n<p><a href=\"https:\/\/www.junaeb.cl\/becas-educacion-media\/beca-presidente-de-la-republica-postulacion\"><span class=\"td_btn_sm td_btn td_round_btn\">Beca Presidente de la Rep\u00fablica<\/span><\/a>[\/vc_message][\/vc_tta_section][vc_tta_section title=\u00bbBecas Educaci\u00f3n Superior\u00bb tab_id=\u00bb1562172553368-3abaa61c-a01a\u00bb][vc_message message_box_style=\u00bbsolid\u00bb message_box_color=\u00bbgrey\u00bb]Las Becas que ofrece Junaeb se focalizan en estudiantes con caracter\u00edsticas espec\u00edficas. Puedes buscar la Beca que m\u00e1s se ajuste a tu situaci\u00f3n particular y postular a ella. Revisa los requisitos y fechas de postulaci\u00f3n en detalle, pinchando en cada beca.<\/p>\n<p><a href=\"https:\/\/www.junaeb.cl\/becas-educacion-superior\/beca-indigena-e-s-postulacion\"><span class=\"td_btn td_btn_sm td_round_btn\">Beca Ind\u00edgena<\/span><\/a><\/p>\n<p><a href=\"https:\/\/www.junaeb.cl\/becas-educacion-superior\/beca-residencia-indigena-postulacion-e-s\"><span class=\"td_btn td_btn_sm td_round_btn\">Beca Residencia Ind\u00edgena<\/span><\/a><\/p>\n<p><a href=\"https:\/\/www.junaeb.cl\/becas-educacion-superior\/beca-presidente-de-la-republica-renovacion-e-s\"><span class=\"td_btn td_btn_sm td_round_btn\">Beca Presidente de la Rep\u00fablica<\/span><\/a>[\/vc_message][\/vc_tta_section][\/vc_tta_accordion][\/vc_column][vc_column width=\u00bb1\/3&#8243;][vc_btn title=\u00bbVolver a Servicios Municipales\u00bb style=\u00bbflat\u00bb color=\u00bbsuccess\u00bb align=\u00bbleft\u00bb i_icon_fontawesome=\u00bbfa fa-arrow-left\u00bb button_block=\u00bbtrue\u00bb add_icon=\u00bbtrue\u00bb link=\u00bburl:https%3A%2F%2Fwww.muniancud.cl%2Fportal%2Fservicios-municipales%2F|||\u00bb][vc_btn title=\u00bbPortal Becas JUNAEB\u00bb style=\u00bbflat\u00bb color=\u00bbdanger\u00bb align=\u00bbleft\u00bb i_icon_fontawesome=\u00bbfa fa-external-link\u00bb button_block=\u00bbtrue\u00bb add_icon=\u00bbtrue\u00bb link=\u00bburl:https%3A%2F%2Fwww.junaeb.cl%2Fbecas-junaeb||target:%20_blank|\u00bb][vc_message message_box_style=\u00bbsolid\u00bb message_box_color=\u00bbsky\u00bb icon_fontawesome=\u00bbfa fa-map-marker\u00bb]<b>Edificio Consistorial<\/b><br \/>\nBlanco Encalada N\u00b0 660, Piso 2.<br \/>\nOficina de Becas &#8211; DIDECO[\/vc_message][vc_message message_box_style=\u00bbsolid\u00bb message_box_color=\u00bbgreen\u00bb icon_fontawesome=\u00bbfa fa-clock-o\u00bb]<strong>Horarios<\/strong><br \/>\n<strong>Atenci\u00f3n a P\u00fablico: <\/strong>Lunes a Viernes de 08:00 a 13:00 hrs.[\/vc_message][vc_message message_box_style=\u00bbsolid\u00bb message_box_color=\u00bbgrey\u00bb icon_fontawesome=\u00bbfa fa-phone\u00bb]<strong>Tel\u00e9fono:<\/strong> 65-2487735[\/vc_message][vc_gmaps link=\u00bb#E-8_JTNDaWZyYW1lJTIwc3JjJTNEJTIyaHR0cHMlM0ElMkYlMkZ3d3cuZ29vZ2xlLmNvbSUyRm1hcHMlMkZlbWJlZCUzRnBiJTNEJTIxMW0xOCUyMTFtMTIlMjExbTMlMjExZDE0ODUuNTcwMjg0NzAwOTc0MyUyMTJkLTczLjgzMDc5MjM0MTcwNTQ2JTIxM2QtNDEuODY4MzIxOTk3NDE1Nzg0JTIxMm0zJTIxMWYwJTIxMmYwJTIxM2YwJTIxM20yJTIxMWkxMDI0JTIxMmk3NjglMjE0ZjEzLjElMjEzbTMlMjExbTIlMjExczB4MCUyNTNBMHgwJTIxMnpOREhDc0RVeUp6QTJMakFpVXlBM004S3dORGtuTkRZdU9TSlglMjE1ZTAlMjEzbTIlMjExc2VzLTQxOSUyMTJzY2wlMjE0djE1NDQ0OTcxODAzNDklMjIlMjB3aWR0aCUzRCUyMjQwMCUyMiUyMGhlaWdodCUzRCUyMjIwMCUyMiUyMGZyYW1lYm9yZGVyJTNEJTIyMCUyMiUyMHN0eWxlJTNEJTIyYm9yZGVyJTNBMCUyMiUyMGFsbG93ZnVsbHNjcmVlbiUzRSUzQyUyRmlmcmFtZSUzRQ==\u00bb][vc_message message_box_style=\u00bbsolid-icon\u00bb message_box_color=\u00bbpink\u00bb]<\/p>\n<p style=\"text-align: center;\"><a href=\"https:\/\/www.junaeb.cl\/\" target=\"_blank\" rel=\"noopener noreferrer\">https:\/\/www.junaeb.cl\/<\/a><\/p>\n<p>[\/vc_message][\/vc_column][\/vc_row]<\/p>\n<\/div>","protected":false},"excerpt":{"rendered":"<p>[vc_row][vc_column width=\u00bb2\/3&#8243;][vc_column_text]La Ilustre Municipalidad de Ancud, a trav\u00e9s de la Direcci\u00f3n de Desarrollo Comunitario en su objetivo de contribuir a la soluci\u00f3n de los problemas socioecon\u00f3micos que afectan a los habitantes de la comuna de Ancud, procurando otorgar las condiciones necesarias b\u00e1sicas que permitan mejorar la calidad de vida, apoya en la tramitaci\u00f3n de las [&hellip;]<\/p>\n","protected":false},"author":1,"featured_media":0,"parent":24851,"menu_order":2,"comment_status":"closed","ping_status":"closed","template":"page-pagebuilder-title.php","meta":{"footnotes":""},"class_list":["post-24753","page","type-page","status-publish","hentry"],"_links":{"self":[{"href":"https:\/\/www.muniancud.cl\/portal\/wp-json\/wp\/v2\/pages\/24753","targetHints":{"allow":["GET"]}}],"collection":[{"href":"https:\/\/www.muniancud.cl\/portal\/wp-json\/wp\/v2\/pages"}],"about":[{"href":"https:\/\/www.muniancud.cl\/portal\/wp-json\/wp\/v2\/types\/page"}],"author":[{"embeddable":true,"href":"https:\/\/www.muniancud.cl\/portal\/wp-json\/wp\/v2\/users\/1"}],"replies":[{"embeddable":true,"href":"https:\/\/www.muniancud.cl\/portal\/wp-json\/wp\/v2\/comments?post=24753"}],"version-history":[{"count":47,"href":"https:\/\/www.muniancud.cl\/portal\/wp-json\/wp\/v2\/pages\/24753\/revisions"}],"predecessor-version":[{"id":25132,"href":"https:\/\/www.muniancud.cl\/portal\/wp-json\/wp\/v2\/pages\/24753\/revisions\/25132"}],"up":[{"embeddable":true,"href":"https:\/\/www.muniancud.cl\/portal\/wp-json\/wp\/v2\/pages\/24851"}],"wp:attachment":[{"href":"https:\/\/www.muniancud.cl\/portal\/wp-json\/wp\/v2\/media?parent=24753"}],"curies":[{"name":"wp","href":"https:\/\/api.w.org\/{rel}","templated":true}]}}