{"id":24797,"date":"2019-07-03T15:21:23","date_gmt":"2019-07-03T19:21:23","guid":{"rendered":"https:\/\/www.muniancud.cl\/portal\/?page_id=24797"},"modified":"2024-07-25T11:56:15","modified_gmt":"2024-07-25T15:56:15","slug":"beca-municipal","status":"publish","type":"page","link":"https:\/\/www.muniancud.cl\/portal\/becas\/beca-municipal\/","title":{"rendered":"Beca Municipal"},"content":{"rendered":"<div class=\"wpb-content-wrapper\"><p>[vc_row][vc_column width=\u00bb2\/3&#8243;][vc_column_text]La Beca Educacional Ilustre Municipalidad de Ancud para costear en parte estudios superiores a alumnos (as) egresados de Establecimientos Educacionales de la Comuna de Ancud y a alumnos (as) que cursen estudios de educaci\u00f3n superior en Universidades e Institutos de Educaci\u00f3n Superior reconocidas por el Estado.<\/p>\n<p>Las carreras deben ser de una duraci\u00f3n m\u00ednima de ocho semestres y en Centros de Formaci\u00f3n T\u00e9cnica en carreras con una duraci\u00f3n m\u00ednima de cinco semestres, y que no correspondan a planes especiales de educaci\u00f3n (no incluye carreras on-line ni carreras semi presenciales, esto en caso de alumnos que postulan a estudios fuera de la comuna) (alumnos dentro de la comuna se aceptan carreras semi presenciales o vespertinas) y que tengan domicilio familiar en la comuna de Ancud.[\/vc_column_text][vc_tta_tabs style=\u00bbflat\u00bb active_section=\u00bb1&#8243;][vc_tta_section title=\u00bb\u00bfQuienes pueden postular?\u00bb tab_id=\u00bb1562182824869-1f398b79-6a6c\u00bb][vc_column_text]Podr\u00e1n postular a la Beca Ilustre Municipalidad de Ancud todos los alumnos (as) egresados (as) de ense\u00f1anza media de colegios de la comuna, que se encuentren matriculados en una carrera profesional o t\u00e9cnica del pa\u00eds, impartida por un establecimiento educacional reconocido por el Ministerio de Educaci\u00f3n P\u00fablica de Chile, as\u00ed como todos los estudiantes regulares de estos Establecimientos.[\/vc_column_text][\/vc_tta_section][vc_tta_section title=\u00bbRequisitos\u00bb tab_id=\u00bb1562182639766-bd9f12fc-848c\u00bb][vc_column_text]<\/p>\n<ul>\n<li data-ogsc=\"rgb(0, 0, 0)\">Domicilio familiar en la comuna de Ancud.<\/li>\n<li data-ogsc=\"rgb(0, 0, 0)\">Estar cursando alguna carrera t\u00e9cnica o universitaria.<\/li>\n<li data-ogsc=\"rgb(0, 0, 0)\">Acreditar Registro Social de Hogares al 60%<\/li>\n<li data-ogsc=\"rgb(0, 0, 0)\">Para estudiantes que postulan egresados de ense\u00f1anza media, deben tener un promedio general de notas no inferior a 6,0 de Primero a Cuarto Medio (NEM).<\/li>\n<li data-ogsc=\"rgb(0, 0, 0)\">Para estudiantes que ya cursan desde segundo a\u00f1o de educaci\u00f3n, se exige un promedio de notas no inferior a 5,0 tanto para aquellos alumnos que estudian fuera de la comuna como para los que estudian dentro de ella.<\/li>\n<li data-ogsc=\"rgb(0, 0, 0)\">No tendr\u00e1n derecho a la beca aquellos estudiantes que presenten dos o m\u00e1s asignaturas reprobadas en el a\u00f1o anterior, independientemente de que el promedio de notas sea el exigido.<\/li>\n<\/ul>\n<p>[\/vc_column_text][\/vc_tta_section][vc_tta_section title=\u00bbDocumentaci\u00f3n\u00bb tab_id=\u00bb1562182639786-df69395e-9f7e\u00bb][vc_column_text]<\/p>\n<ul>\n<li data-ogsc=\"rgb(0, 0, 0)\">Fotocopia de C\u00e9dula de Identidad del postulante.<\/li>\n<li data-ogsc=\"rgb(0, 0, 0)\">Comprobante de matr\u00edcula y\/o Certificado de Alumno regular del postulante (ORIGINAL).<\/li>\n<li data-ogsc=\"rgb(0, 0, 0)\">Estudiantes que cursen ens. Superior acreditar certificado anual de estudios con nota m\u00ednima 5,0.(ORIGINAL)<\/li>\n<li data-ogsc=\"rgb(0, 0, 0)\">Estudiantes egresados ens. Media acreditar NEM con nota 6,0<\/li>\n<li data-ogsc=\"rgb(0, 0, 0)\">Cartola del Registro Social de Hogares vigente hasta el 60%<\/li>\n<li data-ogsc=\"rgb(0, 0, 0)\">Comprobante de matr\u00edcula y\/o Certificado de Alumno regular de hermanos estudiando.<\/li>\n<\/ul>\n<p>[\/vc_column_text][\/vc_tta_section][vc_tta_section title=\u00bbResultados\u00bb tab_id=\u00bb1629989568168-1119cb19-9716&#8243;][vc_btn title=\u00bbResultados 2024&#8243; style=\u00bbflat\u00bb color=\u00bbgreen\u00bb align=\u00bbleft\u00bb button_block=\u00bbtrue\u00bb link=\u00bburl:https%3A%2F%2Fwww.muniancud.cl%2Fportal%2Fwp-content%2Fuploads%2F2024%2F07%2FDECRETO-EXT-2179.pdf|target:_blank\u00bb][vc_btn title=\u00bbResultados 2022&#8243; style=\u00bbflat\u00bb color=\u00bbprimary\u00bb align=\u00bbleft\u00bb button_block=\u00bbtrue\u00bb link=\u00bburl:https%3A%2F%2Fwww.muniancud.cl%2Fportal%2Fresultados-beca-municipal-2022%2F||target:%20_blank|\u00bb][vc_btn title=\u00bbResultados 2021&#8243; style=\u00bbflat\u00bb color=\u00bbprimary\u00bb align=\u00bbleft\u00bb button_block=\u00bbtrue\u00bb link=\u00bburl:https%3A%2F%2Fwww.muniancud.cl%2Fportal%2Fresultados-beca-municipal-2021%2F||target:%20_blank|\u00bb][vc_btn title=\u00bbResultados 2020&#8243; style=\u00bbflat\u00bb color=\u00bbprimary\u00bb align=\u00bbleft\u00bb button_block=\u00bbtrue\u00bb link=\u00bburl:%20https%3A%2F%2Fwww.muniancud.cl%2Fportal%2Fresultados-beca-municipal-2020%2F||target:%20_blank|\u00bb][\/vc_tta_section][\/vc_tta_tabs][\/vc_column][vc_column width=\u00bb1\/3&#8243;][vc_btn title=\u00bbVolver a Servicios Municipales\u00bb style=\u00bbflat\u00bb color=\u00bbsuccess\u00bb align=\u00bbleft\u00bb i_icon_fontawesome=\u00bbfa fa-arrow-left\u00bb button_block=\u00bbtrue\u00bb add_icon=\u00bbtrue\u00bb link=\u00bburl:https%3A%2F%2Fwww.muniancud.cl%2Fportal%2Fservicios-municipales%2F|||\u00bb][vc_btn title=\u00bbReglamento de la Beca\u00bb style=\u00bbflat\u00bb color=\u00bbprimary\u00bb align=\u00bbleft\u00bb i_icon_fontawesome=\u00bbfa fa-file-text-o\u00bb button_block=\u00bbtrue\u00bb add_icon=\u00bbtrue\u00bb link=\u00bburl:https%3A%2F%2Fwww.muniancud.cl%2Ftransparencia%2Fmunicipalidad%2Farchivo%2Festandares%2F02%2520Potestades%2520y%2520Marco%2520Normativo%2FREGLAMENTOS%2520INTERNOS%2FREGLAMENTO%252023%2520-%2520DE%2520POSTULACION%2520Y%2520OTORGAMIENTO%2520BECA%2520I.M.A%2520PARA%2520ESTUDIOS%2520SUPERIORES.pdf||target:%20_blank|\u00bb][vc_message message_box_style=\u00bbsolid\u00bb message_box_color=\u00bbsky\u00bb icon_fontawesome=\u00bbfa fa-map-marker\u00bb]<b>Edificio Consistorial<\/b><br \/>\nBlanco Encalada N\u00b0 660, Piso 2.<br \/>\nDirecci\u00f3n de Desarrollo Comunitario[\/vc_message][vc_message message_box_style=\u00bbsolid\u00bb message_box_color=\u00bbgreen\u00bb icon_fontawesome=\u00bbfa fa-clock-o\u00bb]<strong>Horarios<\/strong><br \/>\n<strong>Atenci\u00f3n a P\u00fablico:\u00a0<\/strong><br \/>\nMa\u00f1ana: Lunes a Viernes de 08:00 a 13:00 hrs.<br \/>\nTarde: Lunes a Jueves de 14:30 a 17:00 hrs[\/vc_message][vc_message message_box_style=\u00bbsolid\u00bb message_box_color=\u00bbgrey\u00bb icon_fontawesome=\u00bbfa fa-phone\u00bb]<b>Tel\u00e9fono: <\/b>65-2487305[\/vc_message][vc_gmaps link=\u00bb#E-8_JTNDaWZyYW1lJTIwc3JjJTNEJTIyaHR0cHMlM0ElMkYlMkZ3d3cuZ29vZ2xlLmNvbSUyRm1hcHMlMkZlbWJlZCUzRnBiJTNEJTIxMW0xOCUyMTFtMTIlMjExbTMlMjExZDE0ODUuNTcwMjg0NzAwOTc0MyUyMTJkLTczLjgzMDc5MjM0MTcwNTQ2JTIxM2QtNDEuODY4MzIxOTk3NDE1Nzg0JTIxMm0zJTIxMWYwJTIxMmYwJTIxM2YwJTIxM20yJTIxMWkxMDI0JTIxMmk3NjglMjE0ZjEzLjElMjEzbTMlMjExbTIlMjExczB4MCUyNTNBMHgwJTIxMnpOREhDc0RVeUp6QTJMakFpVXlBM004S3dORGtuTkRZdU9TSlglMjE1ZTAlMjEzbTIlMjExc2VzLTQxOSUyMTJzY2wlMjE0djE1NDQ0OTcxODAzNDklMjIlMjB3aWR0aCUzRCUyMjQwMCUyMiUyMGhlaWdodCUzRCUyMjIwMCUyMiUyMGZyYW1lYm9yZGVyJTNEJTIyMCUyMiUyMHN0eWxlJTNEJTIyYm9yZGVyJTNBMCUyMiUyMGFsbG93ZnVsbHNjcmVlbiUzRSUzQyUyRmlmcmFtZSUzRQ==\u00bb][\/vc_column][\/vc_row]<\/p>\n<\/div>","protected":false},"excerpt":{"rendered":"<p>[vc_row][vc_column width=\u00bb2\/3&#8243;][vc_column_text]La Beca Educacional Ilustre Municipalidad de Ancud para costear en parte estudios superiores a alumnos (as) egresados de Establecimientos Educacionales de la Comuna de Ancud y a alumnos (as) que cursen estudios de educaci\u00f3n superior en Universidades e Institutos de Educaci\u00f3n Superior reconocidas por el Estado. Las carreras deben ser de una duraci\u00f3n m\u00ednima [&hellip;]<\/p>\n","protected":false},"author":1,"featured_media":0,"parent":24851,"menu_order":1,"comment_status":"closed","ping_status":"closed","template":"page-pagebuilder-title.php","meta":{"footnotes":""},"class_list":["post-24797","page","type-page","status-publish","hentry"],"_links":{"self":[{"href":"https:\/\/www.muniancud.cl\/portal\/wp-json\/wp\/v2\/pages\/24797","targetHints":{"allow":["GET"]}}],"collection":[{"href":"https:\/\/www.muniancud.cl\/portal\/wp-json\/wp\/v2\/pages"}],"about":[{"href":"https:\/\/www.muniancud.cl\/portal\/wp-json\/wp\/v2\/types\/page"}],"author":[{"embeddable":true,"href":"https:\/\/www.muniancud.cl\/portal\/wp-json\/wp\/v2\/users\/1"}],"replies":[{"embeddable":true,"href":"https:\/\/www.muniancud.cl\/portal\/wp-json\/wp\/v2\/comments?post=24797"}],"version-history":[{"count":30,"href":"https:\/\/www.muniancud.cl\/portal\/wp-json\/wp\/v2\/pages\/24797\/revisions"}],"predecessor-version":[{"id":33825,"href":"https:\/\/www.muniancud.cl\/portal\/wp-json\/wp\/v2\/pages\/24797\/revisions\/33825"}],"up":[{"embeddable":true,"href":"https:\/\/www.muniancud.cl\/portal\/wp-json\/wp\/v2\/pages\/24851"}],"wp:attachment":[{"href":"https:\/\/www.muniancud.cl\/portal\/wp-json\/wp\/v2\/media?parent=24797"}],"curies":[{"name":"wp","href":"https:\/\/api.w.org\/{rel}","templated":true}]}}