{"id":25240,"date":"2019-07-20T11:44:15","date_gmt":"2019-07-20T15:44:15","guid":{"rendered":"https:\/\/www.muniancud.cl\/portal\/?page_id=25240"},"modified":"2019-07-23T16:47:46","modified_gmt":"2019-07-23T20:47:46","slug":"ayudas-sociales","status":"publish","type":"page","link":"https:\/\/www.muniancud.cl\/portal\/ayudas-sociales\/","title":{"rendered":"Ayudas Sociales"},"content":{"rendered":"<div class=\"wpb-content-wrapper\"><p>[vc_section][vc_row][vc_column width=\u00bb2\/3&#8243;][vc_column_text]Se entender\u00e1 como <strong>Ayuda Social<\/strong>\u00a0aquella que consiste en la asistencia directa y espec\u00edfica dirigida a personas y\/o grupos familiares que presenten problemas o carencias puntuales, cuya finalidad es asegurarle los medios indispensables para la subsistencia.<\/p>\n<p>La Municipalidad administra y regula los procedimientos que se realizan al momento de entregar ayudas sociales y\/o econ\u00f3micas a personas de escasos recursos y que presente alg\u00fan indicador de vulnerabilidad social \u00a0(por ejemplo, enfermedades cr\u00f3nicas y\/o incapacitantes, de escasos recursos o que se encuentren en estado de indigencia o necesidad manifiesta), que vivan en la Comuna de Ancud.[\/vc_column_text][vc_column_text]Los beneficios sociales se han clasificado en 7 \u00e1reas, en donde cada una contempla sub \u00e1reas detalladas en la clasificaci\u00f3n de ayudas sociales.[\/vc_column_text][vc_tta_accordion style=\u00bbflat\u00bb c_icon=\u00bbchevron\u00bb active_section=\u00bb0&#8243; collapsible_all=\u00bbtrue\u00bb][vc_tta_section i_icon_fontawesome=\u00bbfa fa-cutlery\u00bb add_icon=\u00bbtrue\u00bb title=\u00bbAlimentos\u00bb tab_id=\u00bb1562167471321-4008854b-fe3c\u00bb][vc_column_text]En esta \u00e1rea se podr\u00e1n proveer las siguientes ayudas sociales:<\/p>\n<ul class=\"td-arrow-list\">\n<li>Canasta de alimentos<\/li>\n<\/ul>\n<p>[\/vc_column_text][\/vc_tta_section][vc_tta_section i_icon_fontawesome=\u00bbfa fa-tree\u00bb add_icon=\u00bbtrue\u00bb title=\u00bbServicios funerarios\u00bb tab_id=\u00bb1562167471338-597f981c-39e3&#8243;][vc_column_text]En esta \u00e1rea se podr\u00e1n proveer las siguientes ayudas sociales:<\/p>\n<ul class=\"td-arrow-list\">\n<li>Contrataci\u00f3n de servicios funerarios<\/li>\n<li>Aporte cementerio<\/li>\n<\/ul>\n<p>[\/vc_column_text][\/vc_tta_section][vc_tta_section i_icon_fontawesome=\u00bbfa fa-medkit\u00bb add_icon=\u00bbtrue\u00bb title=\u00bbSalud\u00bb tab_id=\u00bb1562167515668-9592127b-171d\u00bb][vc_column_text]En esta \u00e1rea se podr\u00e1n proveer las siguientes ayudas sociales:<\/p>\n<ul class=\"td-arrow-list\">\n<li>Ex\u00e1menes m\u00e9dicos<\/li>\n<li>Compra de servicios de aparatos ortop\u00e9dicos y otros<\/li>\n<li>Medicamentos<\/li>\n<li>Suplementos alimenticios<\/li>\n<li>Pa\u00f1ales ni\u00f1os y\/o adultos<\/li>\n<li>Aporte en dinero<\/li>\n<\/ul>\n<p>[\/vc_column_text][\/vc_tta_section][vc_tta_section i_icon_fontawesome=\u00bbfa fa-bus\u00bb add_icon=\u00bbtrue\u00bb title=\u00bbPasajes\u00bb tab_id=\u00bb1562167516567-ce359c4a-c407&#8243;][vc_column_text]En esta \u00e1rea se podr\u00e1n proveer las siguientes ayudas sociales:<\/p>\n<ul class=\"td-arrow-list\">\n<li>Pasajes<\/li>\n<\/ul>\n<p>[\/vc_column_text][\/vc_tta_section][vc_tta_section i_icon_fontawesome=\u00bbfa fa-home\u00bb add_icon=\u00bbtrue\u00bb title=\u00bbMateriales de construcci\u00f3n\u00bb tab_id=\u00bb1563637673179-7f886856-5669&#8243;][vc_column_text]En esta \u00e1rea se podr\u00e1n proveer las siguientes ayudas sociales:<\/p>\n<ul class=\"td-arrow-list\">\n<li>Materiales de construcci\u00f3n.<\/li>\n<\/ul>\n<p>[\/vc_column_text][\/vc_tta_section][vc_tta_section i_icon_fontawesome=\u00bbfa fa-exclamation-triangle\u00bb add_icon=\u00bbtrue\u00bb title=\u00bbEmergencia\u00bb tab_id=\u00bb1563637685334-e86344a4-6af5&#8243;][vc_column_text]En esta \u00e1rea se podr\u00e1n proveer las siguientes ayudas sociales:<\/p>\n<ul class=\"td-arrow-list\">\n<li>Aportes en dinero<\/li>\n<li>Canasta de alimentos, frazadas, colchones y\/o pa\u00f1ales.<\/li>\n<\/ul>\n<p>[\/vc_column_text][\/vc_tta_section][vc_tta_section i_icon_fontawesome=\u00bbfa fa-money\u00bb add_icon=\u00bbtrue\u00bb title=\u00bbAportes en dinero\u00bb tab_id=\u00bb1563637697195-cc9639af-363d\u00bb][vc_column_text]En esta \u00e1rea se podr\u00e1n proveer las siguientes ayudas sociales:<\/p>\n<ul class=\"td-arrow-list\">\n<li>Aportes en dinero.<\/li>\n<\/ul>\n<p>[\/vc_column_text][\/vc_tta_section][\/vc_tta_accordion][\/vc_column][vc_column width=\u00bb1\/3&#8243;][vc_btn title=\u00bbVolver a Servicios Municipales\u00bb style=\u00bbflat\u00bb color=\u00bbsuccess\u00bb align=\u00bbleft\u00bb i_icon_fontawesome=\u00bbfa fa-arrow-left\u00bb button_block=\u00bbtrue\u00bb add_icon=\u00bbtrue\u00bb link=\u00bburl:https%3A%2F%2Fwww.muniancud.cl%2Fportal%2Fservicios-municipales%2F|||\u00bb][vc_single_image image=\u00bb25262&#8243; img_size=\u00bbfull\u00bb][vc_btn title=\u00bbReglamento de Ayudas Sociales\u00bb style=\u00bbflat\u00bb color=\u00bbprimary\u00bb align=\u00bbleft\u00bb i_icon_fontawesome=\u00bbfa fa-file-text-o\u00bb button_block=\u00bbtrue\u00bb add_icon=\u00bbtrue\u00bb link=\u00bburl:https%3A%2F%2Fwww.muniancud.cl%2Ftransparencia%2Fmunicipalidad%2Farchivo%2Festandares%2F02%2520Potestades%2520y%2520Marco%2520Normativo%2FREGLAMENTOS%2520INTERNOS%2FREGLAMENTO%252011%2520-%2520PARA%2520LA%2520ASIGNACION%2520DE%2520LAS%2520PRESTACIONES%2520ENTREGADAS%2520COMO%2520AYUDAS%2520SOCIALES.pdf|||\u00bb][vc_message message_box_style=\u00bbsolid\u00bb message_box_color=\u00bbgreen\u00bb icon_fontawesome=\u00bbfa fa-clock-o\u00bb]<strong>Horarios<\/strong><br \/>\n<strong>Atenci\u00f3n a P\u00fablico:<br \/>\nLunes a Jueves<\/strong><br \/>\nMa\u00f1ana: 08:00 a 13:00 hrs<br \/>\nTarde: 14:00 a 17:15 hrs<br \/>\n<strong>Viernes<\/strong><br \/>\nMa\u00f1ana: 08:00 a 13:00 hrs<br \/>\nTarde: 14:00 a 16:15 hrs[\/vc_message][vc_message message_box_style=\u00bbsolid\u00bb message_box_color=\u00bbsky\u00bb]<b>Oficina Ayudas Sociales<\/b><br \/>\nBlanco Encalada N\u00b0 660, Piso 2[\/vc_message]<div class=\"td_block_wrap td_block_text_with_title td_uid_1_69dcd1166212b_rand td-pb-border-top td_block_template_8\"  data-td-block-uid=\"td_uid_1_69dcd1166212b\" ><div class=\"td-block-title-wrap\"><h4 class=\"td-block-title\"><span>Tel\u00e9fonos<\/span><\/h4><\/div><div class=\"td_mod_wrap td-fix-index\"><ul>\n<li><strong>Secretaria:<\/strong> 65-2487761<\/li>\n<li><strong>Asistente Social:<\/strong> 65-2487698<\/li>\n<li><strong>Asistente Social:<\/strong> 65-2487699<\/li>\n<\/ul>\n<\/div><\/div>[\/vc_column][\/vc_row][\/vc_section]<\/p>\n<\/div>","protected":false},"excerpt":{"rendered":"<p>[vc_section][vc_row][vc_column width=\u00bb2\/3&#8243;][vc_column_text]Se entender\u00e1 como Ayuda Social\u00a0aquella que consiste en la asistencia directa y espec\u00edfica dirigida a personas y\/o grupos familiares que presenten problemas o carencias puntuales, cuya finalidad es asegurarle los medios indispensables para la subsistencia. La Municipalidad administra y regula los procedimientos que se realizan al momento de entregar ayudas sociales y\/o econ\u00f3micas a [&hellip;]<\/p>\n","protected":false},"author":1,"featured_media":25260,"parent":0,"menu_order":0,"comment_status":"closed","ping_status":"closed","template":"page-pagebuilder-title.php","meta":{"footnotes":""},"class_list":["post-25240","page","type-page","status-publish","has-post-thumbnail","hentry"],"_links":{"self":[{"href":"https:\/\/www.muniancud.cl\/portal\/wp-json\/wp\/v2\/pages\/25240","targetHints":{"allow":["GET"]}}],"collection":[{"href":"https:\/\/www.muniancud.cl\/portal\/wp-json\/wp\/v2\/pages"}],"about":[{"href":"https:\/\/www.muniancud.cl\/portal\/wp-json\/wp\/v2\/types\/page"}],"author":[{"embeddable":true,"href":"https:\/\/www.muniancud.cl\/portal\/wp-json\/wp\/v2\/users\/1"}],"replies":[{"embeddable":true,"href":"https:\/\/www.muniancud.cl\/portal\/wp-json\/wp\/v2\/comments?post=25240"}],"version-history":[{"count":20,"href":"https:\/\/www.muniancud.cl\/portal\/wp-json\/wp\/v2\/pages\/25240\/revisions"}],"predecessor-version":[{"id":25263,"href":"https:\/\/www.muniancud.cl\/portal\/wp-json\/wp\/v2\/pages\/25240\/revisions\/25263"}],"wp:featuredmedia":[{"embeddable":true,"href":"https:\/\/www.muniancud.cl\/portal\/wp-json\/wp\/v2\/media\/25260"}],"wp:attachment":[{"href":"https:\/\/www.muniancud.cl\/portal\/wp-json\/wp\/v2\/media?parent=25240"}],"curies":[{"name":"wp","href":"https:\/\/api.w.org\/{rel}","templated":true}]}}