{"id":466,"date":"2018-05-24T21:05:39","date_gmt":"2018-05-25T01:05:39","guid":{"rendered":"https:\/\/www.muniancud.cl\/demo\/?page_id=466"},"modified":"2020-06-18T23:11:04","modified_gmt":"2020-06-19T03:11:04","slug":"unidades-municipales","status":"publish","type":"page","link":"https:\/\/www.muniancud.cl\/portal\/unidades-municipales\/","title":{"rendered":"Unidades Municipales"},"content":{"rendered":"<div class=\"wpb-content-wrapper\"><p>[vc_row][vc_column][vc_column_text]La Ilustre Municipalidad como corporaci\u00f3n aut\u00f3noma de derecho p\u00fablico, est\u00e1 constituida por el alcalde y por el Concejo Municipal, a los que les corresponden las obligaciones y atribuciones que determina la Ley Org\u00e1nica Constitucional de Municipalidades, ley N\u00ba18.695.[\/vc_column_text][vc_row_inner][vc_column_inner width=\u00bb1\/3&#8243;][vc_btn title=\u00bbAdministraci\u00f3n Municipal\u00bb style=\u00bboutline\u00bb color=\u00bbprimary\u00bb align=\u00bbleft\u00bb i_icon_fontawesome=\u00bbfa fa-arrow-right\u00bb button_block=\u00bbtrue\u00bb add_icon=\u00bbtrue\u00bb link=\u00bburl:https%3A%2F%2Fwww.muniancud.cl%2Fportal%2Funidades-municipales%2Fadministrador-municipal%2F|||\u00bb][vc_btn title=\u00bbAsesor\u00eda Jur\u00eddica\u00bb style=\u00bboutline\u00bb color=\u00bbprimary\u00bb align=\u00bbleft\u00bb i_icon_fontawesome=\u00bbfa fa-arrow-right\u00bb button_block=\u00bbtrue\u00bb add_icon=\u00bbtrue\u00bb link=\u00bburl:https%3A%2F%2Fwww.muniancud.cl%2Fportal%2Funidades-municipales%2Fasesoria-juridica%2F|||\u00bb][vc_btn title=\u00bbDirecci\u00f3n de Administraci\u00f3n y Finanzas\u00bb style=\u00bboutline\u00bb color=\u00bbprimary\u00bb align=\u00bbleft\u00bb i_icon_fontawesome=\u00bbfa fa-arrow-right\u00bb button_block=\u00bbtrue\u00bb add_icon=\u00bbtrue\u00bb link=\u00bburl:https%3A%2F%2Fwww.muniancud.cl%2Fportal%2Funidades-municipales%2Fdireccion-de-administracion-y-finanzas%2F|||\u00bb][vc_btn title=\u00bbDirecci\u00f3n de Turismo y Fomento Productivo\u00bb style=\u00bboutline\u00bb color=\u00bbprimary\u00bb align=\u00bbleft\u00bb i_icon_fontawesome=\u00bbfa fa-arrow-right\u00bb button_block=\u00bbtrue\u00bb add_icon=\u00bbtrue\u00bb link=\u00bburl:https%3A%2F%2Fwww.muniancud.cl%2Fportal%2Funidades-municipales%2Fdireccion-de-turismo-y-fomento-productivo%2F|||\u00bb][vc_btn title=\u00bbDirecci\u00f3n de Obras Municipales\u00bb style=\u00bboutline\u00bb color=\u00bbprimary\u00bb align=\u00bbleft\u00bb i_icon_fontawesome=\u00bbfa fa-arrow-right\u00bb button_block=\u00bbtrue\u00bb add_icon=\u00bbtrue\u00bb link=\u00bburl:https%3A%2F%2Fwww.muniancud.cl%2Fportal%2Funidades-municipales%2Fdireccion-de-obras-municipales%2F|||\u00bb][\/vc_column_inner][vc_column_inner width=\u00bb1\/3&#8243;][vc_btn title=\u00bbSecretar\u00eda Municipal\u00bb style=\u00bboutline\u00bb color=\u00bbprimary\u00bb align=\u00bbleft\u00bb i_icon_fontawesome=\u00bbfa fa-arrow-right\u00bb button_block=\u00bbtrue\u00bb add_icon=\u00bbtrue\u00bb link=\u00bburl:https%3A%2F%2Fwww.muniancud.cl%2Fportal%2Funidades-municipales%2Fsecretaria-municipal%2F|||\u00bb][vc_btn title=\u00bbDirecci\u00f3n de Control Interno\u00bb style=\u00bboutline\u00bb color=\u00bbprimary\u00bb align=\u00bbleft\u00bb i_icon_fontawesome=\u00bbfa fa-arrow-right\u00bb button_block=\u00bbtrue\u00bb add_icon=\u00bbtrue\u00bb link=\u00bburl:https%3A%2F%2Fwww.muniancud.cl%2Fportal%2Funidades-municipales%2Fdireccion-de-control-interno%2F|||\u00bb][vc_btn title=\u00bbDirecci\u00f3n de Medio Ambiente, Aseo y Ornato\u00bb style=\u00bboutline\u00bb color=\u00bbprimary\u00bb align=\u00bbleft\u00bb i_icon_fontawesome=\u00bbfa fa-arrow-right\u00bb button_block=\u00bbtrue\u00bb add_icon=\u00bbtrue\u00bb link=\u00bburl:https%3A%2F%2Fwww.muniancud.cl%2Fportal%2Funidades-municipales%2Fdireccion-de-medio-ambiente-aseo-y-ornato%2F|||\u00bb][vc_btn title=\u00bbDirecci\u00f3n de Contabilidad, Presupuesto y Personal\u00bb style=\u00bboutline\u00bb color=\u00bbprimary\u00bb align=\u00bbleft\u00bb i_icon_fontawesome=\u00bbfa fa-arrow-right\u00bb button_block=\u00bbtrue\u00bb add_icon=\u00bbtrue\u00bb link=\u00bburl:https%3A%2F%2Fwww.muniancud.cl%2Fportal%2Funidades-municipales%2Fdireccion-de-contabilidad-presupuesto-y-personal%2F|||\u00bb][vc_btn title=\u00bbDirecci\u00f3n de Operaciones\u00bb style=\u00bboutline\u00bb color=\u00bbprimary\u00bb align=\u00bbleft\u00bb i_icon_fontawesome=\u00bbfa fa-arrow-right\u00bb button_block=\u00bbtrue\u00bb add_icon=\u00bbtrue\u00bb link=\u00bburl:https%3A%2F%2Fwww.muniancud.cl%2Fportal%2Funidades-municipales%2Fdireccion-de-operaciones%2F|||\u00bb][\/vc_column_inner][vc_column_inner width=\u00bb1\/3&#8243;][vc_btn title=\u00bbJuzgado de Polic\u00eda Local\u00bb style=\u00bboutline\u00bb color=\u00bbprimary\u00bb align=\u00bbleft\u00bb i_icon_fontawesome=\u00bbfa fa-arrow-right\u00bb button_block=\u00bbtrue\u00bb add_icon=\u00bbtrue\u00bb link=\u00bburl:https%3A%2F%2Fwww.muniancud.cl%2Fportal%2Funidades-municipales%2Fjuzgado-de-policia-local%2F|||\u00bb][vc_btn title=\u00bbSecretar\u00eda Comunal de Planificaci\u00f3n\u00bb style=\u00bboutline\u00bb color=\u00bbprimary\u00bb align=\u00bbleft\u00bb i_icon_fontawesome=\u00bbfa fa-arrow-right\u00bb button_block=\u00bbtrue\u00bb add_icon=\u00bbtrue\u00bb link=\u00bburl:https%3A%2F%2Fwww.muniancud.cl%2Fportal%2Funidades-municipales%2Fsecretaria-comunal-de-planificacion%2F|||\u00bb][vc_btn title=\u00bbDirecci\u00f3n de Tr\u00e1nsito y Transporte P\u00fablico\u00bb style=\u00bboutline\u00bb color=\u00bbprimary\u00bb align=\u00bbleft\u00bb i_icon_fontawesome=\u00bbfa fa-arrow-right\u00bb button_block=\u00bbtrue\u00bb add_icon=\u00bbtrue\u00bb link=\u00bburl:https%3A%2F%2Fwww.muniancud.cl%2Fportal%2Funidades-municipales%2Fdireccion-de-transito-y-transporte-publico%2F|||\u00bb][vc_btn title=\u00bbDirecci\u00f3n de Desarrollo Comunitario\u00bb style=\u00bboutline\u00bb color=\u00bbprimary\u00bb align=\u00bbleft\u00bb i_icon_fontawesome=\u00bbfa fa-arrow-right\u00bb button_block=\u00bbtrue\u00bb add_icon=\u00bbtrue\u00bb link=\u00bburl:https%3A%2F%2Fwww.muniancud.cl%2Fportal%2Funidades-municipales%2Fdireccion-de-desarrollo-comunitario%2F|||\u00bb][vc_btn title=\u00bbDirecci\u00f3n de Seguridad P\u00fablica\u00bb style=\u00bboutline\u00bb color=\u00bbprimary\u00bb align=\u00bbleft\u00bb i_icon_fontawesome=\u00bbfa fa-arrow-right\u00bb button_block=\u00bbtrue\u00bb add_icon=\u00bbtrue\u00bb link=\u00bburl:https%3A%2F%2Fwww.muniancud.cl%2Fportal%2Funidades-municipales%2Fdireccion-de-seguridad-publica%2F|||\u00bb][\/vc_column_inner][\/vc_row_inner][\/vc_column][\/vc_row]<\/p>\n<\/div>","protected":false},"excerpt":{"rendered":"<p>[vc_row][vc_column][vc_column_text]La Ilustre Municipalidad como corporaci\u00f3n aut\u00f3noma de derecho p\u00fablico, est\u00e1 constituida por el alcalde y por el Concejo Municipal, a los que les corresponden las obligaciones y atribuciones que determina la Ley Org\u00e1nica Constitucional de Municipalidades, ley N\u00ba18.695.[\/vc_column_text][vc_row_inner][vc_column_inner width=\u00bb1\/3&#8243;][vc_btn title=\u00bbAdministraci\u00f3n Municipal\u00bb style=\u00bboutline\u00bb color=\u00bbprimary\u00bb align=\u00bbleft\u00bb i_icon_fontawesome=\u00bbfa fa-arrow-right\u00bb button_block=\u00bbtrue\u00bb add_icon=\u00bbtrue\u00bb link=\u00bburl:https%3A%2F%2Fwww.muniancud.cl%2Fportal%2Funidades-municipales%2Fadministrador-municipal%2F|||\u00bb][vc_btn title=\u00bbAsesor\u00eda Jur\u00eddica\u00bb style=\u00bboutline\u00bb color=\u00bbprimary\u00bb align=\u00bbleft\u00bb i_icon_fontawesome=\u00bbfa [&hellip;]<\/p>\n","protected":false},"author":1,"featured_media":0,"parent":0,"menu_order":3,"comment_status":"closed","ping_status":"closed","template":"page-pagebuilder-title.php","meta":{"footnotes":""},"class_list":["post-466","page","type-page","status-publish","hentry"],"_links":{"self":[{"href":"https:\/\/www.muniancud.cl\/portal\/wp-json\/wp\/v2\/pages\/466","targetHints":{"allow":["GET"]}}],"collection":[{"href":"https:\/\/www.muniancud.cl\/portal\/wp-json\/wp\/v2\/pages"}],"about":[{"href":"https:\/\/www.muniancud.cl\/portal\/wp-json\/wp\/v2\/types\/page"}],"author":[{"embeddable":true,"href":"https:\/\/www.muniancud.cl\/portal\/wp-json\/wp\/v2\/users\/1"}],"replies":[{"embeddable":true,"href":"https:\/\/www.muniancud.cl\/portal\/wp-json\/wp\/v2\/comments?post=466"}],"version-history":[{"count":6,"href":"https:\/\/www.muniancud.cl\/portal\/wp-json\/wp\/v2\/pages\/466\/revisions"}],"predecessor-version":[{"id":27699,"href":"https:\/\/www.muniancud.cl\/portal\/wp-json\/wp\/v2\/pages\/466\/revisions\/27699"}],"wp:attachment":[{"href":"https:\/\/www.muniancud.cl\/portal\/wp-json\/wp\/v2\/media?parent=466"}],"curies":[{"name":"wp","href":"https:\/\/api.w.org\/{rel}","templated":true}]}}