{"id":737,"date":"2022-12-22T11:07:51","date_gmt":"2022-12-22T14:07:51","guid":{"rendered":"https:\/\/www.muniancud.cl\/portal\/?page_id=737"},"modified":"2025-03-12T12:52:52","modified_gmt":"2025-03-12T15:52:52","slug":"secretaria-comunal-de-planificacion","status":"publish","type":"page","link":"https:\/\/www.muniancud.cl\/portal\/unidades-municipales\/secretaria-comunal-de-planificacion\/","title":{"rendered":"Secretar\u00eda Comunal de Planificaci\u00f3n"},"content":{"rendered":"<div class=\"wpb-content-wrapper\"><p>[vc_row][vc_column width=\u00bb2\/3&#8243;][vc_column_text]La Secretaria Comunal de Planificaci\u00f3n es una direcci\u00f3n asesora del alcalde y del Concejo Municipal en la elaboraci\u00f3n de la estrategia municipal, como asimismo en la definici\u00f3n de las pol\u00edticas y en la elaboraci\u00f3n de proyectos de desarrollo comunal.[\/vc_column_text][vc_tta_accordion style=\u00bbflat\u00bb c_icon=\u00bbchevron\u00bb active_section=\u00bb0&#8243; collapsible_all=\u00bbtrue\u00bb][vc_tta_section title=\u00bbFunciones\u00bb tab_id=\u00bb1532885488850-ebb7057b-6b6e\u00bb][vc_column_text]La Secretar\u00eda Comunal de Planificaci\u00f3n deber\u00e1 cumplir, adem\u00e1s, con las siguientes funciones:<\/p>\n<ol>\n<li>Asesorar al alcalde en la elaboraci\u00f3n de los proyectos del Plan Comunal de Desarrollo y del Presupuesto Municipal;<\/li>\n<li>Evaluar el cumplimiento de los planes, programas, proyectos, inversiones y del Presupuesto Municipal e informar sobre estas materias al Concejo Municipal, a lo menos semestralmente;<\/li>\n<li>Efectuar an\u00e1lisis y evaluaciones permanentes de las situaciones de desarrollo de la comuna, con \u00e9nfasis en los aspectos sociales y territoriales;<\/li>\n<li>Elaborar las bases generales y espec\u00edficas, seg\u00fan corresponda, para los llamados a licitaci\u00f3n, previo informe de la unidad competente, de conformidad con los criterios e instrucciones establecidos en el reglamento municipal respectivo;<\/li>\n<li>Fomentar las vinculaciones de car\u00e1cter t\u00e9cnico entre las unidades municipales con los servicios p\u00fablicos y el sector privado, en materias propias de su competencia;<\/li>\n<li>Recopilar y mantener la informaci\u00f3n comunal y regional atingente a sus funciones;<\/li>\n<li>Elaborar la pol\u00edtica de igualdad de oportunidades entre hombres y mujeres en conjunto con la Oficina de la Mujer, la que deber\u00eda estar contenida en el Plan de Desarrollo comunal.<\/li>\n<li>Evaluar los planes, programas y proyectos municipales.<\/li>\n<li>Proporcionar a la Subsecretaria de Desarrollo Regional y Administrativo del Ministro del Interior, la informaci\u00f3n que aquella solicite a la municipalidad de conformidad a la ley.<\/li>\n<\/ol>\n<p>[\/vc_column_text][\/vc_tta_section][\/vc_tta_accordion][vc_column_text]De la Secretaria Comunal de Planificaci\u00f3n dependen las siguientes oficinas:<\/p>\n<ul class=\"td-arrow-list\">\n<li><strong>Oficina de Estudios y Proyectos<\/strong><\/li>\n<li><strong>Oficina de Planificaci\u00f3n Territorial<\/strong><\/li>\n<li><strong>Oficina de Planificaci\u00f3n Econ\u00f3mica y Financiera<\/strong><\/li>\n<li><strong>Oficina Comunal de Vivienda<\/strong><\/li>\n<li><strong>Oficina de Desarrollo Inform\u00e1tico y Tecnol\u00f3gico<\/strong><\/li>\n<\/ul>\n<p>[\/vc_column_text][vc_message message_box_style=\u00bbsolid\u00bb message_box_color=\u00bbsky\u00bb icon_fontawesome=\u00bbfa fa-map-marker\u00bb]<strong>Ubicaci\u00f3n:\u00a0Edificio Consistorial<\/strong><br \/>\nBlanco Encalada N\u00b0 660 &#8211; Piso 2[\/vc_message][vc_gmaps link=\u00bb#E-8_JTNDaWZyYW1lJTIwc3JjJTNEJTIyaHR0cHMlM0ElMkYlMkZ3d3cuZ29vZ2xlLmNvbSUyRm1hcHMlMkZlbWJlZCUzRnBiJTNEJTIxMW0xOCUyMTFtMTIlMjExbTMlMjExZDc0Mi43ODMyOTIyNDY4MzI0JTIxMmQtNzMuODI4OTc2NTkxNTc3MzIlMjEzZC00MS44Njg0ODEyMjc0Nzg2NyUyMTJtMyUyMTFmMCUyMTJmMCUyMTNmMCUyMTNtMiUyMTFpMTAyNCUyMTJpNzY4JTIxNGYxMy4xJTIxM20zJTIxMW0yJTIxMXMweDk2MjI4ZDU4NmNkOTZiMmYlMjUzQTB4NmM5OTkwMmZiMmUzZDQ4NyUyMTJzSWx1c3RyZSUyQk11bmljaXBhbGlkYWQlMkJkZSUyQkFuY3VkJTIxNWUwJTIxM20yJTIxMXNlcyUyMTJzY2wlMjE0djE1MzE5NDUzNDc5MTMlMjIlMjB3aWR0aCUzRCUyMjQwMCUyMiUyMGhlaWdodCUzRCUyMjIwMCUyMiUyMGZyYW1lYm9yZGVyJTNEJTIyMCUyMiUyMHN0eWxlJTNEJTIyYm9yZGVyJTNBMCUyMiUyMGFsbG93ZnVsbHNjcmVlbiUzRSUzQyUyRmlmcmFtZSUzRQ==\u00bb][vc_btn title=\u00bbCiclo de Vida de los Proyectos de Inversi\u00f3n\u00bb style=\u00bbflat\u00bb color=\u00bbprimary\u00bb align=\u00bbleft\u00bb i_icon_fontawesome=\u00bbfa fa-tasks\u00bb button_block=\u00bbtrue\u00bb add_icon=\u00bbtrue\u00bb link=\u00bburl:%20https%3A%2F%2Fwww.muniancud.cl%2Fportal%2Fciclo-de-vida-de-proyectos%2F|||\u00bb][\/vc_column][vc_column width=\u00bb1\/3&#8243;][vc_btn title=\u00bbVolver a Unidades Municipales\u00bb style=\u00bbflat\u00bb color=\u00bbprimary\u00bb align=\u00bbleft\u00bb i_icon_fontawesome=\u00bbfa fa-arrow-left\u00bb button_block=\u00bbtrue\u00bb add_icon=\u00bbtrue\u00bb link=\u00bburl:https%3A%2F%2Fwww.muniancud.cl%2Fportal%2Funidades-municipales%2F|||\u00bb][vc_single_image image=\u00bb34962&#8243; img_size=\u00bbfull\u00bb alignment=\u00bbcenter\u00bb style=\u00bbvc_box_rounded\u00bb css=\u00bb\u00bb]<div class=\"td_block_wrap td_block_text_with_title td_uid_1_69dac2012a448_rand td-pb-border-top td_block_template_8\"  data-td-block-uid=\"td_uid_1_69dac2012a448\" ><div class=\"td-block-title-wrap\"><h4 class=\"td-block-title\"><span>Director de Secplan<\/span><\/h4><\/div><div class=\"td_mod_wrap td-fix-index\"><p><strong>Andr\u00e9s Sch\u00e4fer Faulbaum<\/strong><br \/>\nEmail: andres.schafer@muniancud.cl<\/p>\n<\/div><\/div><div class=\"td_block_wrap td_block_text_with_title td_uid_2_69dac2012b818_rand td-pb-border-top td_block_template_8\"  data-td-block-uid=\"td_uid_2_69dac2012b818\" ><div class=\"td-block-title-wrap\"><h4 class=\"td-block-title\"><span>Secretaria<\/span><\/h4><\/div><div class=\"td_mod_wrap td-fix-index\"><p><strong>Pamela Mu\u00f1oz<\/strong><br \/>\nEmail: pamela.munoz@muniancud.cl<br \/>\nTel\u00e9fono: 65-2487681<\/p>\n<\/div><\/div><div class=\"td_block_wrap td_block_text_with_title td_uid_3_69dac2012c945_rand td-pb-border-top td_block_template_8\"  data-td-block-uid=\"td_uid_3_69dac2012c945\" ><div class=\"td-block-title-wrap\"><h4 class=\"td-block-title\"><span>Tel\u00e9fonos<\/span><\/h4><\/div><div class=\"td_mod_wrap td-fix-index\"><ul>\n<li><b>Estudios y Proyectos:\u00a0<\/b>65-2487677<\/li>\n<li><b>Of. de Planificaci\u00f3n: <\/b>65-2487681<\/li>\n<li><strong>Oficina de Vivienda: <\/strong>65-2487615<strong>\u00a0<\/strong><\/li>\n<li><strong>Depto. de Inform\u00e1tica: <\/strong>65-2487718<\/li>\n<\/ul>\n<\/div><\/div>[\/vc_column][\/vc_row][vc_row][vc_column]<div class=\"td_block_wrap td_block_16 td_uid_4_69dac2012daa2_rand td_with_ajax_pagination td-pb-border-top td_block_template_8 td-column-1 td_block_padding\"  data-td-block-uid=\"td_uid_4_69dac2012daa2\" ><script>var block_td_uid_4_69dac2012daa2 = new tdBlock();\nblock_td_uid_4_69dac2012daa2.id = \"td_uid_4_69dac2012daa2\";\nblock_td_uid_4_69dac2012daa2.atts = '{\"custom_title\":\"Noticias Secplan\",\"category_id\":\"29\",\"ajax_pagination\":\"next_prev\",\"separator\":\"\",\"custom_url\":\"\",\"block_template_id\":\"\",\"mx7_tl\":\"\",\"mx7_el\":\"\",\"m6_tl\":\"\",\"post_ids\":\"\",\"category_ids\":\"\",\"tag_slug\":\"\",\"autors_id\":\"\",\"installed_post_types\":\"\",\"sort\":\"\",\"limit\":\"5\",\"offset\":\"\",\"el_class\":\"\",\"td_ajax_filter_type\":\"\",\"td_ajax_filter_ids\":\"\",\"td_filter_default_txt\":\"All\",\"td_ajax_preloading\":\"\",\"f_header_font_header\":\"\",\"f_header_font_title\":\"Block header\",\"f_header_font_settings\":\"\",\"f_header_font_family\":\"\",\"f_header_font_size\":\"\",\"f_header_font_line_height\":\"\",\"f_header_font_style\":\"\",\"f_header_font_weight\":\"\",\"f_header_font_transform\":\"\",\"f_header_font_spacing\":\"\",\"f_header_\":\"\",\"f_ajax_font_title\":\"Ajax categories\",\"f_ajax_font_settings\":\"\",\"f_ajax_font_family\":\"\",\"f_ajax_font_size\":\"\",\"f_ajax_font_line_height\":\"\",\"f_ajax_font_style\":\"\",\"f_ajax_font_weight\":\"\",\"f_ajax_font_transform\":\"\",\"f_ajax_font_spacing\":\"\",\"f_ajax_\":\"\",\"f_more_font_title\":\"Load more button\",\"f_more_font_settings\":\"\",\"f_more_font_family\":\"\",\"f_more_font_size\":\"\",\"f_more_font_line_height\":\"\",\"f_more_font_style\":\"\",\"f_more_font_weight\":\"\",\"f_more_font_transform\":\"\",\"f_more_font_spacing\":\"\",\"f_more_\":\"\",\"mx7f_title_font_header\":\"\",\"mx7f_title_font_title\":\"Article title\",\"mx7f_title_font_settings\":\"\",\"mx7f_title_font_family\":\"\",\"mx7f_title_font_size\":\"\",\"mx7f_title_font_line_height\":\"\",\"mx7f_title_font_style\":\"\",\"mx7f_title_font_weight\":\"\",\"mx7f_title_font_transform\":\"\",\"mx7f_title_font_spacing\":\"\",\"mx7f_title_\":\"\",\"mx7f_cat_font_title\":\"Article category tag\",\"mx7f_cat_font_settings\":\"\",\"mx7f_cat_font_family\":\"\",\"mx7f_cat_font_size\":\"\",\"mx7f_cat_font_line_height\":\"\",\"mx7f_cat_font_style\":\"\",\"mx7f_cat_font_weight\":\"\",\"mx7f_cat_font_transform\":\"\",\"mx7f_cat_font_spacing\":\"\",\"mx7f_cat_\":\"\",\"mx7f_meta_font_title\":\"Article meta info\",\"mx7f_meta_font_settings\":\"\",\"mx7f_meta_font_family\":\"\",\"mx7f_meta_font_size\":\"\",\"mx7f_meta_font_line_height\":\"\",\"mx7f_meta_font_style\":\"\",\"mx7f_meta_font_weight\":\"\",\"mx7f_meta_font_transform\":\"\",\"mx7f_meta_font_spacing\":\"\",\"mx7f_meta_\":\"\",\"mx7f_ex_font_title\":\"Article excerpt\",\"mx7f_ex_font_settings\":\"\",\"mx7f_ex_font_family\":\"\",\"mx7f_ex_font_size\":\"\",\"mx7f_ex_font_line_height\":\"\",\"mx7f_ex_font_style\":\"\",\"mx7f_ex_font_weight\":\"\",\"mx7f_ex_font_transform\":\"\",\"mx7f_ex_font_spacing\":\"\",\"mx7f_ex_\":\"\",\"m6f_title_font_header\":\"\",\"m6f_title_font_title\":\"Article title\",\"m6f_title_font_settings\":\"\",\"m6f_title_font_family\":\"\",\"m6f_title_font_size\":\"\",\"m6f_title_font_line_height\":\"\",\"m6f_title_font_style\":\"\",\"m6f_title_font_weight\":\"\",\"m6f_title_font_transform\":\"\",\"m6f_title_font_spacing\":\"\",\"m6f_title_\":\"\",\"m6f_cat_font_title\":\"Article category tag\",\"m6f_cat_font_settings\":\"\",\"m6f_cat_font_family\":\"\",\"m6f_cat_font_size\":\"\",\"m6f_cat_font_line_height\":\"\",\"m6f_cat_font_style\":\"\",\"m6f_cat_font_weight\":\"\",\"m6f_cat_font_transform\":\"\",\"m6f_cat_font_spacing\":\"\",\"m6f_cat_\":\"\",\"m6f_meta_font_title\":\"Article meta info\",\"m6f_meta_font_settings\":\"\",\"m6f_meta_font_family\":\"\",\"m6f_meta_font_size\":\"\",\"m6f_meta_font_line_height\":\"\",\"m6f_meta_font_style\":\"\",\"m6f_meta_font_weight\":\"\",\"m6f_meta_font_transform\":\"\",\"m6f_meta_font_spacing\":\"\",\"m6f_meta_\":\"\",\"ajax_pagination_infinite_stop\":\"\",\"css\":\"\",\"tdc_css\":\"\",\"td_column_number\":1,\"header_color\":\"\",\"color_preset\":\"\",\"border_top\":\"\",\"class\":\"td_uid_4_69dac2012daa2_rand\",\"tdc_css_class\":\"td_uid_4_69dac2012daa2_rand\",\"tdc_css_class_style\":\"td_uid_4_69dac2012daa2_rand_style\"}';\nblock_td_uid_4_69dac2012daa2.td_column_number = \"1\";\nblock_td_uid_4_69dac2012daa2.block_type = \"td_block_16\";\nblock_td_uid_4_69dac2012daa2.post_count = \"5\";\nblock_td_uid_4_69dac2012daa2.found_posts = \"111\";\nblock_td_uid_4_69dac2012daa2.header_color = \"\";\nblock_td_uid_4_69dac2012daa2.ajax_pagination_infinite_stop = \"\";\nblock_td_uid_4_69dac2012daa2.max_num_pages = \"23\";\ntdBlocksArray.push(block_td_uid_4_69dac2012daa2);\n<\/script><div class=\"td-block-title-wrap\"><h4 class=\"td-block-title\"><span>Noticias Secplan<\/span><\/h4><\/div><div id=td_uid_4_69dac2012daa2 class=\"td_block_inner td-column-1\">\n\n\t<div class=\"td-block-span12\">\n\n        <div class=\"td_module_6 td_module_wrap td-animation-stack\">\n\n        <div class=\"td-module-thumb\"><a href=\"https:\/\/www.muniancud.cl\/portal\/comenzaron-trabajos-de-reparacion-en-calle-eleuterio-ramirez-de-ancud\/\" rel=\"bookmark\" class=\"td-image-wrap\" title=\"Comenzaron trabajos de reparaci\u00f3n en calle Eleuterio Ram\u00edrez de Ancud\"><img loading=\"lazy\" decoding=\"async\" class=\"entry-thumb\" src=\"data:image\/png;base64,iVBORw0KGgoAAAANSUhEUgAAAGQAAABGAQMAAAAASKMqAAAAA1BMVEWurq51dlI4AAAAAXRSTlMmkutdmwAAABBJREFUKM9jGAWjYBQMKwAAA9QAAQWBn6cAAAAASUVORK5CYII=\"alt=\"\" title=\"Comenzaron trabajos de reparaci\u00f3n en calle Eleuterio Ram\u00edrez de Ancud\" data-type=\"image_tag\" data-img-url=\"https:\/\/www.muniancud.cl\/portal\/wp-content\/uploads\/2026\/03\/WhatsApp-Image-2026-03-09-at-15.47.20-1-100x70.jpeg\"  width=\"100\" height=\"70\" \/><\/a><\/div>\n        <div class=\"item-details\">\n            <h3 class=\"entry-title td-module-title\"><a href=\"https:\/\/www.muniancud.cl\/portal\/comenzaron-trabajos-de-reparacion-en-calle-eleuterio-ramirez-de-ancud\/\" rel=\"bookmark\" title=\"Comenzaron trabajos de reparaci\u00f3n en calle Eleuterio Ram\u00edrez de Ancud\">Comenzaron trabajos de reparaci\u00f3n en calle Eleuterio Ram\u00edrez de Ancud<\/a><\/h3>            <div class=\"td-module-meta-info\">\n                                                <span class=\"td-post-date\"><time class=\"entry-date updated td-module-date\" datetime=\"2026-03-09T16:07:14+00:00\" >09\/03\/2026<\/time><\/span>                            <\/div>\n        <\/div>\n\n        <\/div>\n\n        \n\t<\/div> <!-- .\/td-block-span12 -->\n\n\t<div class=\"td-block-span12\">\n\n        <div class=\"td_module_6 td_module_wrap td-animation-stack\">\n\n        <div class=\"td-module-thumb\"><a href=\"https:\/\/www.muniancud.cl\/portal\/alcalde-de-ancud-participo-en-comision-tecnica-del-puente-chacao\/\" rel=\"bookmark\" class=\"td-image-wrap\" title=\"Alcalde de Ancud particip\u00f3 en comisi\u00f3n t\u00e9cnica del Puente Chacao\"><img loading=\"lazy\" decoding=\"async\" class=\"entry-thumb\" src=\"data:image\/png;base64,iVBORw0KGgoAAAANSUhEUgAAAGQAAABGAQMAAAAASKMqAAAAA1BMVEWurq51dlI4AAAAAXRSTlMmkutdmwAAABBJREFUKM9jGAWjYBQMKwAAA9QAAQWBn6cAAAAASUVORK5CYII=\"alt=\"\" title=\"Alcalde de Ancud particip\u00f3 en comisi\u00f3n t\u00e9cnica del Puente Chacao\" data-type=\"image_tag\" data-img-url=\"https:\/\/www.muniancud.cl\/portal\/wp-content\/uploads\/2026\/02\/639313844_10241969788124449_4245219474232374549_n-100x70.jpg\"  width=\"100\" height=\"70\" \/><\/a><\/div>\n        <div class=\"item-details\">\n            <h3 class=\"entry-title td-module-title\"><a href=\"https:\/\/www.muniancud.cl\/portal\/alcalde-de-ancud-participo-en-comision-tecnica-del-puente-chacao\/\" rel=\"bookmark\" title=\"Alcalde de Ancud particip\u00f3 en comisi\u00f3n t\u00e9cnica del Puente Chacao\">Alcalde de Ancud particip\u00f3 en comisi\u00f3n t\u00e9cnica del Puente Chacao<\/a><\/h3>            <div class=\"td-module-meta-info\">\n                                                <span class=\"td-post-date\"><time class=\"entry-date updated td-module-date\" datetime=\"2026-02-24T11:22:17+00:00\" >24\/02\/2026<\/time><\/span>                            <\/div>\n        <\/div>\n\n        <\/div>\n\n        \n\t<\/div> <!-- .\/td-block-span12 -->\n\n\t<div class=\"td-block-span12\">\n\n        <div class=\"td_module_6 td_module_wrap td-animation-stack\">\n\n        <div class=\"td-module-thumb\"><a href=\"https:\/\/www.muniancud.cl\/portal\/avanza-la-doble-via-en-la-ruta-5-de-chiloe\/\" rel=\"bookmark\" class=\"td-image-wrap\" title=\"Avanza la Doble V\u00eda en la Ruta 5 de Chilo\u00e9\"><img loading=\"lazy\" decoding=\"async\" class=\"entry-thumb\" src=\"data:image\/png;base64,iVBORw0KGgoAAAANSUhEUgAAAGQAAABGAQMAAAAASKMqAAAAA1BMVEWurq51dlI4AAAAAXRSTlMmkutdmwAAABBJREFUKM9jGAWjYBQMKwAAA9QAAQWBn6cAAAAASUVORK5CYII=\"alt=\"\" title=\"Avanza la Doble V\u00eda en la Ruta 5 de Chilo\u00e9\" data-type=\"image_tag\" data-img-url=\"https:\/\/www.muniancud.cl\/portal\/wp-content\/uploads\/2026\/02\/foto_0000000220260215084441-100x70.jpeg\"  width=\"100\" height=\"70\" \/><\/a><\/div>\n        <div class=\"item-details\">\n            <h3 class=\"entry-title td-module-title\"><a href=\"https:\/\/www.muniancud.cl\/portal\/avanza-la-doble-via-en-la-ruta-5-de-chiloe\/\" rel=\"bookmark\" title=\"Avanza la Doble V\u00eda en la Ruta 5 de Chilo\u00e9\">Avanza la Doble V\u00eda en la Ruta 5 de Chilo\u00e9<\/a><\/h3>            <div class=\"td-module-meta-info\">\n                                                <span class=\"td-post-date\"><time class=\"entry-date updated td-module-date\" datetime=\"2026-02-16T12:48:50+00:00\" >16\/02\/2026<\/time><\/span>                            <\/div>\n        <\/div>\n\n        <\/div>\n\n        \n\t<\/div> <!-- .\/td-block-span12 -->\n\n\t<div class=\"td-block-span12\">\n\n        <div class=\"td_module_6 td_module_wrap td-animation-stack\">\n\n        <div class=\"td-module-thumb\"><a href=\"https:\/\/www.muniancud.cl\/portal\/municipio-de-ancud-presenta-bases-de-un-plan-economico-local\/\" rel=\"bookmark\" class=\"td-image-wrap\" title=\"Municipio de Ancud presenta bases de un Plan Econ\u00f3mico Local\"><img loading=\"lazy\" decoding=\"async\" class=\"entry-thumb\" src=\"data:image\/png;base64,iVBORw0KGgoAAAANSUhEUgAAAGQAAABGAQMAAAAASKMqAAAAA1BMVEWurq51dlI4AAAAAXRSTlMmkutdmwAAABBJREFUKM9jGAWjYBQMKwAAA9QAAQWBn6cAAAAASUVORK5CYII=\"alt=\"\" title=\"Municipio de Ancud presenta bases de un Plan Econ\u00f3mico Local\" data-type=\"image_tag\" data-img-url=\"https:\/\/www.muniancud.cl\/portal\/wp-content\/uploads\/2026\/02\/WhatsApp-Image-2026-02-04-at-09.20.22-100x70.jpeg\"  width=\"100\" height=\"70\" \/><\/a><\/div>\n        <div class=\"item-details\">\n            <h3 class=\"entry-title td-module-title\"><a href=\"https:\/\/www.muniancud.cl\/portal\/municipio-de-ancud-presenta-bases-de-un-plan-economico-local\/\" rel=\"bookmark\" title=\"Municipio de Ancud presenta bases de un Plan Econ\u00f3mico Local\">Municipio de Ancud presenta bases de un Plan Econ\u00f3mico Local<\/a><\/h3>            <div class=\"td-module-meta-info\">\n                                                <span class=\"td-post-date\"><time class=\"entry-date updated td-module-date\" datetime=\"2026-02-04T10:58:08+00:00\" >04\/02\/2026<\/time><\/span>                            <\/div>\n        <\/div>\n\n        <\/div>\n\n        \n\t<\/div> <!-- .\/td-block-span12 -->\n\n\t<div class=\"td-block-span12\">\n\n        <div class=\"td_module_6 td_module_wrap td-animation-stack\">\n\n        <div class=\"td-module-thumb\"><a href=\"https:\/\/www.muniancud.cl\/portal\/agua-potable-y-alcantarillado-un-futuro-mas-digno-para-el-pasaje-huentelican\/\" rel=\"bookmark\" class=\"td-image-wrap\" title=\"Agua potable y alcantarillado: \u201cun futuro m\u00e1s digno para el Pasaje Huentelic\u00e1n\u201d\"><img loading=\"lazy\" decoding=\"async\" class=\"entry-thumb\" src=\"data:image\/png;base64,iVBORw0KGgoAAAANSUhEUgAAAGQAAABGAQMAAAAASKMqAAAAA1BMVEWurq51dlI4AAAAAXRSTlMmkutdmwAAABBJREFUKM9jGAWjYBQMKwAAA9QAAQWBn6cAAAAASUVORK5CYII=\"alt=\"\" data-type=\"image_tag\" data-img-url=\"https:\/\/www.muniancud.cl\/portal\/wp-content\/themes\/Newspaper\/images\/no-thumb\/td_100x70.png\"  width=\"100\" height=\"70\" \/><\/a><\/div>\n        <div class=\"item-details\">\n            <h3 class=\"entry-title td-module-title\"><a href=\"https:\/\/www.muniancud.cl\/portal\/agua-potable-y-alcantarillado-un-futuro-mas-digno-para-el-pasaje-huentelican\/\" rel=\"bookmark\" title=\"Agua potable y alcantarillado: \u201cun futuro m\u00e1s digno para el Pasaje Huentelic\u00e1n\u201d\">Agua potable y alcantarillado: \u201cun futuro m\u00e1s digno para el Pasaje...<\/a><\/h3>            <div class=\"td-module-meta-info\">\n                                                <span class=\"td-post-date\"><time class=\"entry-date updated td-module-date\" datetime=\"2026-01-29T15:54:17+00:00\" >29\/01\/2026<\/time><\/span>                            <\/div>\n        <\/div>\n\n        <\/div>\n\n        \n\t<\/div> <!-- .\/td-block-span12 --><\/div><div class=\"td-next-prev-wrap\"><a href=\"#\" class=\"td-ajax-prev-page ajax-page-disabled\" id=\"prev-page-td_uid_4_69dac2012daa2\" data-td_block_id=\"td_uid_4_69dac2012daa2\"><i class=\"td-icon-font td-icon-menu-left\"><\/i><\/a><a href=\"#\"  class=\"td-ajax-next-page\" id=\"next-page-td_uid_4_69dac2012daa2\" data-td_block_id=\"td_uid_4_69dac2012daa2\"><i class=\"td-icon-font td-icon-menu-right\"><\/i><\/a><\/div><\/div> <!-- .\/block -->[\/vc_column][\/vc_row]<\/p>\n<\/div>","protected":false},"excerpt":{"rendered":"<p>[vc_row][vc_column width=\u00bb2\/3&#8243;][vc_column_text]La Secretaria Comunal de Planificaci\u00f3n es una direcci\u00f3n asesora del alcalde y del Concejo Municipal en la elaboraci\u00f3n de la estrategia municipal, como asimismo en la definici\u00f3n de las pol\u00edticas y en la elaboraci\u00f3n de proyectos de desarrollo comunal.[\/vc_column_text][vc_tta_accordion style=\u00bbflat\u00bb c_icon=\u00bbchevron\u00bb active_section=\u00bb0&#8243; collapsible_all=\u00bbtrue\u00bb][vc_tta_section title=\u00bbFunciones\u00bb tab_id=\u00bb1532885488850-ebb7057b-6b6e\u00bb][vc_column_text]La Secretar\u00eda Comunal de Planificaci\u00f3n deber\u00e1 cumplir, adem\u00e1s, con las [&hellip;]<\/p>\n","protected":false},"author":1,"featured_media":0,"parent":466,"menu_order":8,"comment_status":"closed","ping_status":"closed","template":"page-pagebuilder-title.php","meta":{"footnotes":""},"class_list":["post-737","page","type-page","status-publish","hentry"],"_links":{"self":[{"href":"https:\/\/www.muniancud.cl\/portal\/wp-json\/wp\/v2\/pages\/737","targetHints":{"allow":["GET"]}}],"collection":[{"href":"https:\/\/www.muniancud.cl\/portal\/wp-json\/wp\/v2\/pages"}],"about":[{"href":"https:\/\/www.muniancud.cl\/portal\/wp-json\/wp\/v2\/types\/page"}],"author":[{"embeddable":true,"href":"https:\/\/www.muniancud.cl\/portal\/wp-json\/wp\/v2\/users\/1"}],"replies":[{"embeddable":true,"href":"https:\/\/www.muniancud.cl\/portal\/wp-json\/wp\/v2\/comments?post=737"}],"version-history":[{"count":12,"href":"https:\/\/www.muniancud.cl\/portal\/wp-json\/wp\/v2\/pages\/737\/revisions"}],"predecessor-version":[{"id":34963,"href":"https:\/\/www.muniancud.cl\/portal\/wp-json\/wp\/v2\/pages\/737\/revisions\/34963"}],"up":[{"embeddable":true,"href":"https:\/\/www.muniancud.cl\/portal\/wp-json\/wp\/v2\/pages\/466"}],"wp:attachment":[{"href":"https:\/\/www.muniancud.cl\/portal\/wp-json\/wp\/v2\/media?parent=737"}],"curies":[{"name":"wp","href":"https:\/\/api.w.org\/{rel}","templated":true}]}}