{"id":743,"date":"2018-07-12T11:08:49","date_gmt":"2018-07-12T15:08:49","guid":{"rendered":"https:\/\/www.muniancud.cl\/portal\/?page_id=743"},"modified":"2020-07-21T10:32:10","modified_gmt":"2020-07-21T14:32:10","slug":"direccion-de-transito-y-transporte-publico","status":"publish","type":"page","link":"https:\/\/www.muniancud.cl\/portal\/unidades-municipales\/direccion-de-transito-y-transporte-publico\/","title":{"rendered":"Direcci\u00f3n de Tr\u00e1nsito y Transporte P\u00fablico"},"content":{"rendered":"<div class=\"wpb-content-wrapper\"><p>[vc_row][vc_column width=\u00bb2\/3&#8243;][vc_column_text]La Direcci\u00f3n de Tr\u00e1nsito y Transporte P\u00fablico tiene como objetivo la aplicaci\u00f3n de las normas legales que regulan el tr\u00e1nsito y el transporte p\u00fablico en la comuna.<\/p>\n<p>Dentro de sus funciones se encuentran asesorar al Se\u00f1or alcalde en materias relacionadas al tr\u00e1nsito y el trasporte p\u00fablico de la Comuna de Ancud. Velar por el correcto proceder de las secciones que conforman la unidad, procurando que los tramites sean legales, cumplan con la idoneidad moral, \u00e1giles y que tiendan a la satisfacci\u00f3n de necesidades del contribuyente.<\/p>\n<p>De la Direcci\u00f3n de Tr\u00e1nsito y Transporte P\u00fablico dependen las siguientes secciones:[\/vc_column_text][vc_tta_accordion style=\u00bbflat\u00bb c_icon=\u00bbchevron\u00bb active_section=\u00bb8&#8243; collapsible_all=\u00bbtrue\u00bb][vc_tta_section title=\u00bbSecci\u00f3n de Permisos de Circulaci\u00f3n\u00bb tab_id=\u00bb1531944099671-2cad7e1f-d57c9170-1ef5&#8243;][vc_column_text]<\/p>\n<ul class=\"td-arrow-list\">\n<li>Otorgamiento y renovaci\u00f3n de permisos de circulaci\u00f3n de veh\u00edculos de acuerdo con las normas vigentes<\/li>\n<li>Mantenci\u00f3n de registros de patentes y permisos de circulaci\u00f3n.<\/li>\n<li>Autorizar el funcionamiento de las escuelas de conducir.<\/li>\n<\/ul>\n<p>[\/vc_column_text][\/vc_tta_section][vc_tta_section title=\u00bbSecci\u00f3n de Licencias de Conducir\u00bb tab_id=\u00bb1531944099692-93374961-c23f9170-1ef5&#8243;][vc_column_text]Su funci\u00f3n es la otorgar y renovar licencias para conducir veh\u00edculos, efectuando los ex\u00e1menes que sean de rigor, conforme a la ley.[\/vc_column_text][\/vc_tta_section][vc_tta_section title=\u00bbSecci\u00f3n de Planificaci\u00f3n Vial y Se\u00f1al\u00e9tica\u00bb tab_id=\u00bb1532190775535-7f2e6461-f815&#8243;][vc_column_text]<\/p>\n<ul class=\"td-arrow-list\">\n<li>Fiscalizar el cumplimiento de las disposiciones legales en materia de tr\u00e1nsito y transporte p\u00fablico en la comuna.<\/li>\n<li>Estudiar y proponer la determinaci\u00f3n del sentido de circulaci\u00f3n de veh\u00edculos, en coordinaci\u00f3n, cuando proceda, de los dem\u00e1s organismos de la Administraci\u00f3n del Estado competentes.<\/li>\n<li>Planificar, instalar y conservar dispositivos de se\u00f1alizaci\u00f3n de tr\u00e1nsito.<\/li>\n<li>Estudiar e informar, cuando corresponda, los estacionamientos, terminales y otros que puedan afectar la circulaci\u00f3n vehicular o peatonal.<\/li>\n<li>Colaborar con la Secretar\u00eda Comunal de Planificaci\u00f3n en la elaboraci\u00f3n de bases y especificaciones para contratar servicios de mantenci\u00f3n de se\u00f1alizaci\u00f3n de tr\u00e1nsito y controlar su cumplimiento.<\/li>\n<li>Coordinar la ejecuci\u00f3n de proyectos viales con la Direcci\u00f3n de Obras Municipales e instituciones externas.<\/li>\n<\/ul>\n<p>[\/vc_column_text][\/vc_tta_section][vc_tta_section title=\u00bbTerminales Municipales\u00bb tab_id=\u00bb1532745288808-8cf8c03d-7ce0&#8243;][vc_column_text]Tiene como misi\u00f3n fundamental la administraci\u00f3n de los Terminales de Buses Municipales, en cuanto a la mantenci\u00f3n del Edificio y al cobro por concepto de arriendo de boletar\u00edas, locales comerciales, ba\u00f1os y custodia, por otro lado, debe velar por el uso de losa, llevando un arqueo de los ingresos y egresos que se generan en dicho establecimiento. En ambos terminales contamos con personal prestador de servicios, quienes se mantienen f\u00edsicamente en los recintos y supervisan el adecuado funcionamiento.[\/vc_column_text][\/vc_tta_section][\/vc_tta_accordion][vc_message message_box_style=\u00bbsolid\u00bb message_box_color=\u00bbgreen\u00bb icon_fontawesome=\u00bbfa fa-clock-o\u00bb]<strong>Horarios<\/strong><br \/>\n<strong>Atenci\u00f3n a P\u00fablico: <\/strong>Lunes a Viernes de 08:00 a 13:00 hrs.<br \/>\n<strong>Caja Municipal:<\/strong> Lunes a Viernes de 08:00 a 12:45 hrs.[\/vc_message][vc_message message_box_style=\u00bbsolid\u00bb message_box_color=\u00bbsky\u00bb icon_fontawesome=\u00bbfa fa-map-marker\u00bb]<strong>Ubicaci\u00f3n: Direcci\u00f3n de Tr\u00e1nsito<\/strong><br \/>\nBaquedano N\u00b0 300 &#8211; Piso 1[\/vc_message][vc_gmaps link=\u00bb#E-8_JTNDaWZyYW1lJTIwc3JjJTNEJTIyaHR0cHMlM0ElMkYlMkZ3d3cuZ29vZ2xlLmNvbSUyRm1hcHMlMkZlbWJlZCUzRnBiJTNEJTIxMW0xOCUyMTFtMTIlMjExbTMlMjExZDI5NzEuMzI0ODcxNjg3ODk2JTIxMmQtNzMuODI4Mjk3OTE3MDA3MDMlMjEzZC00MS44NjQzNTYzMjE4NjY2NSUyMTJtMyUyMTFmMCUyMTJmMCUyMTNmMCUyMTNtMiUyMTFpMTAyNCUyMTJpNzY4JTIxNGYxMy4xJTIxM20zJTIxMW0yJTIxMXMweDk2MjI5MmE2NTc1YTQzZDUlMjUzQTB4YmIxMTMxNjRmNmVkODVkNyUyMTJzR3JhbCUyQkJhcXVlZGFubyUyQjMwMCUyNTJDJTJCQW5jdWQlMjUyQyUyQlJlZ2klMjVDMyUyNUIzbiUyQmRlJTJCbG9zJTJCTGFnb3MlMjE1ZTAlMjEzbTIlMjExc2VzLTQxOSUyMTJzY2wlMjE0djE1NDMzNzAwMjk5NTQlMjIlMjB3aWR0aCUzRCUyMjQwMCUyMiUyMGhlaWdodCUzRCUyMjIwMCUyMiUyMGZyYW1lYm9yZGVyJTNEJTIyMCUyMiUyMHN0eWxlJTNEJTIyYm9yZGVyJTNBMCUyMiUyMGFsbG93ZnVsbHNjcmVlbiUzRSUzQyUyRmlmcmFtZSUzRQ==\u00bb][\/vc_column][vc_column width=\u00bb1\/3&#8243;][vc_btn title=\u00bbVolver a Unidades Municipales\u00bb style=\u00bbflat\u00bb color=\u00bbprimary\u00bb align=\u00bbleft\u00bb i_icon_fontawesome=\u00bbfa fa-arrow-left\u00bb button_block=\u00bbtrue\u00bb add_icon=\u00bbtrue\u00bb link=\u00bburl:https%3A%2F%2Fwww.muniancud.cl%2Fportal%2Funidades-municipales%2F|||\u00bb][vc_single_image image=\u00bb22902&#8243; img_size=\u00bbfull\u00bb alignment=\u00bbcenter\u00bb style=\u00bbvc_box_rounded\u00bb]<div class=\"td_block_wrap td_block_text_with_title td_uid_1_69d285fccd12d_rand td-pb-border-top td_block_template_8\"  data-td-block-uid=\"td_uid_1_69d285fccd12d\" ><div class=\"td-block-title-wrap\"><h4 class=\"td-block-title\"><span>Directora de Tr\u00e1nsito y Transporte P\u00fablico<\/span><\/h4><\/div><div class=\"td_mod_wrap td-fix-index\"><p><strong>Carla D\u00edaz Bahamondez<\/strong><br \/>\nEmail: carla.diaz@muniancud.cl<\/p>\n<\/div><\/div><div class=\"td_block_wrap td_block_text_with_title td_uid_2_69d285fccdef0_rand td-pb-border-top td_block_template_8\"  data-td-block-uid=\"td_uid_2_69d285fccdef0\" ><div class=\"td-block-title-wrap\"><h4 class=\"td-block-title\"><span>Tel\u00e9fonos<\/span><\/h4><\/div><div class=\"td_mod_wrap td-fix-index\"><ul>\n<li><strong>Secci\u00f3n PCV:\u00a0<\/strong>65-2487630<\/li>\n<li><strong>Secci\u00f3n Licencias:<\/strong>\u00a065-2487632<\/li>\n<li><strong>Secci\u00f3n Se\u00f1al\u00e9tica: <\/strong>65-2487779<\/li>\n<li><strong>Terminal Rural:<\/strong>\u00a065-2625878<\/li>\n<li><strong>Terminal Interurbano:<\/strong>\u00a065-2624587<\/li>\n<\/ul>\n<\/div><\/div>[\/vc_column][\/vc_row][vc_row][vc_column]<div class=\"td_block_wrap td_block_16 td_uid_3_69d285fcce882_rand td_with_ajax_pagination td-pb-border-top td_block_template_8 td-column-1 td_block_padding\"  data-td-block-uid=\"td_uid_3_69d285fcce882\" ><script>var block_td_uid_3_69d285fcce882 = new tdBlock();\nblock_td_uid_3_69d285fcce882.id = \"td_uid_3_69d285fcce882\";\nblock_td_uid_3_69d285fcce882.atts = '{\"custom_title\":\"Noticias Tr\\u00e1nsito\",\"category_id\":\"33\",\"ajax_pagination\":\"next_prev\",\"separator\":\"\",\"custom_url\":\"\",\"block_template_id\":\"\",\"mx7_tl\":\"\",\"mx7_el\":\"\",\"m6_tl\":\"\",\"post_ids\":\"\",\"category_ids\":\"\",\"tag_slug\":\"\",\"autors_id\":\"\",\"installed_post_types\":\"\",\"sort\":\"\",\"limit\":\"5\",\"offset\":\"\",\"el_class\":\"\",\"td_ajax_filter_type\":\"\",\"td_ajax_filter_ids\":\"\",\"td_filter_default_txt\":\"All\",\"td_ajax_preloading\":\"\",\"f_header_font_header\":\"\",\"f_header_font_title\":\"Block header\",\"f_header_font_settings\":\"\",\"f_header_font_family\":\"\",\"f_header_font_size\":\"\",\"f_header_font_line_height\":\"\",\"f_header_font_style\":\"\",\"f_header_font_weight\":\"\",\"f_header_font_transform\":\"\",\"f_header_font_spacing\":\"\",\"f_header_\":\"\",\"f_ajax_font_title\":\"Ajax categories\",\"f_ajax_font_settings\":\"\",\"f_ajax_font_family\":\"\",\"f_ajax_font_size\":\"\",\"f_ajax_font_line_height\":\"\",\"f_ajax_font_style\":\"\",\"f_ajax_font_weight\":\"\",\"f_ajax_font_transform\":\"\",\"f_ajax_font_spacing\":\"\",\"f_ajax_\":\"\",\"f_more_font_title\":\"Load more button\",\"f_more_font_settings\":\"\",\"f_more_font_family\":\"\",\"f_more_font_size\":\"\",\"f_more_font_line_height\":\"\",\"f_more_font_style\":\"\",\"f_more_font_weight\":\"\",\"f_more_font_transform\":\"\",\"f_more_font_spacing\":\"\",\"f_more_\":\"\",\"mx7f_title_font_header\":\"\",\"mx7f_title_font_title\":\"Article title\",\"mx7f_title_font_settings\":\"\",\"mx7f_title_font_family\":\"\",\"mx7f_title_font_size\":\"\",\"mx7f_title_font_line_height\":\"\",\"mx7f_title_font_style\":\"\",\"mx7f_title_font_weight\":\"\",\"mx7f_title_font_transform\":\"\",\"mx7f_title_font_spacing\":\"\",\"mx7f_title_\":\"\",\"mx7f_cat_font_title\":\"Article category tag\",\"mx7f_cat_font_settings\":\"\",\"mx7f_cat_font_family\":\"\",\"mx7f_cat_font_size\":\"\",\"mx7f_cat_font_line_height\":\"\",\"mx7f_cat_font_style\":\"\",\"mx7f_cat_font_weight\":\"\",\"mx7f_cat_font_transform\":\"\",\"mx7f_cat_font_spacing\":\"\",\"mx7f_cat_\":\"\",\"mx7f_meta_font_title\":\"Article meta info\",\"mx7f_meta_font_settings\":\"\",\"mx7f_meta_font_family\":\"\",\"mx7f_meta_font_size\":\"\",\"mx7f_meta_font_line_height\":\"\",\"mx7f_meta_font_style\":\"\",\"mx7f_meta_font_weight\":\"\",\"mx7f_meta_font_transform\":\"\",\"mx7f_meta_font_spacing\":\"\",\"mx7f_meta_\":\"\",\"mx7f_ex_font_title\":\"Article excerpt\",\"mx7f_ex_font_settings\":\"\",\"mx7f_ex_font_family\":\"\",\"mx7f_ex_font_size\":\"\",\"mx7f_ex_font_line_height\":\"\",\"mx7f_ex_font_style\":\"\",\"mx7f_ex_font_weight\":\"\",\"mx7f_ex_font_transform\":\"\",\"mx7f_ex_font_spacing\":\"\",\"mx7f_ex_\":\"\",\"m6f_title_font_header\":\"\",\"m6f_title_font_title\":\"Article title\",\"m6f_title_font_settings\":\"\",\"m6f_title_font_family\":\"\",\"m6f_title_font_size\":\"\",\"m6f_title_font_line_height\":\"\",\"m6f_title_font_style\":\"\",\"m6f_title_font_weight\":\"\",\"m6f_title_font_transform\":\"\",\"m6f_title_font_spacing\":\"\",\"m6f_title_\":\"\",\"m6f_cat_font_title\":\"Article category tag\",\"m6f_cat_font_settings\":\"\",\"m6f_cat_font_family\":\"\",\"m6f_cat_font_size\":\"\",\"m6f_cat_font_line_height\":\"\",\"m6f_cat_font_style\":\"\",\"m6f_cat_font_weight\":\"\",\"m6f_cat_font_transform\":\"\",\"m6f_cat_font_spacing\":\"\",\"m6f_cat_\":\"\",\"m6f_meta_font_title\":\"Article meta info\",\"m6f_meta_font_settings\":\"\",\"m6f_meta_font_family\":\"\",\"m6f_meta_font_size\":\"\",\"m6f_meta_font_line_height\":\"\",\"m6f_meta_font_style\":\"\",\"m6f_meta_font_weight\":\"\",\"m6f_meta_font_transform\":\"\",\"m6f_meta_font_spacing\":\"\",\"m6f_meta_\":\"\",\"ajax_pagination_infinite_stop\":\"\",\"css\":\"\",\"tdc_css\":\"\",\"td_column_number\":1,\"header_color\":\"\",\"color_preset\":\"\",\"border_top\":\"\",\"class\":\"td_uid_3_69d285fcce882_rand\",\"tdc_css_class\":\"td_uid_3_69d285fcce882_rand\",\"tdc_css_class_style\":\"td_uid_3_69d285fcce882_rand_style\"}';\nblock_td_uid_3_69d285fcce882.td_column_number = \"1\";\nblock_td_uid_3_69d285fcce882.block_type = \"td_block_16\";\nblock_td_uid_3_69d285fcce882.post_count = \"5\";\nblock_td_uid_3_69d285fcce882.found_posts = \"35\";\nblock_td_uid_3_69d285fcce882.header_color = \"\";\nblock_td_uid_3_69d285fcce882.ajax_pagination_infinite_stop = \"\";\nblock_td_uid_3_69d285fcce882.max_num_pages = \"7\";\ntdBlocksArray.push(block_td_uid_3_69d285fcce882);\n<\/script><div class=\"td-block-title-wrap\"><h4 class=\"td-block-title\"><span>Noticias Tr\u00e1nsito<\/span><\/h4><\/div><div id=td_uid_3_69d285fcce882 class=\"td_block_inner td-column-1\">\n\n\t<div class=\"td-block-span12\">\n\n        <div class=\"td_module_6 td_module_wrap td-animation-stack\">\n\n        <div class=\"td-module-thumb\"><a href=\"https:\/\/www.muniancud.cl\/portal\/municipio-anuncia-arriendo-de-nuevas-dependencias-para-el-departamento-de-transito\/\" rel=\"bookmark\" class=\"td-image-wrap\" title=\"Municipio anuncia arriendo de nuevas dependencias para el Departamento de Tr\u00e1nsito\"><img loading=\"lazy\" decoding=\"async\" class=\"entry-thumb\" src=\"data:image\/png;base64,iVBORw0KGgoAAAANSUhEUgAAAGQAAABGAQMAAAAASKMqAAAAA1BMVEWurq51dlI4AAAAAXRSTlMmkutdmwAAABBJREFUKM9jGAWjYBQMKwAAA9QAAQWBn6cAAAAASUVORK5CYII=\"alt=\"\" title=\"Municipio anuncia arriendo de nuevas dependencias para el Departamento de Tr\u00e1nsito\" data-type=\"image_tag\" data-img-url=\"https:\/\/www.muniancud.cl\/portal\/wp-content\/uploads\/2026\/03\/WhatsApp-Image-2026-03-31-at-13.41.25-100x70.jpeg\"  width=\"100\" height=\"70\" \/><\/a><\/div>\n        <div class=\"item-details\">\n            <h3 class=\"entry-title td-module-title\"><a href=\"https:\/\/www.muniancud.cl\/portal\/municipio-anuncia-arriendo-de-nuevas-dependencias-para-el-departamento-de-transito\/\" rel=\"bookmark\" title=\"Municipio anuncia arriendo de nuevas dependencias para el Departamento de Tr\u00e1nsito\">Municipio anuncia arriendo de nuevas dependencias para el Departamento de Tr\u00e1nsito<\/a><\/h3>            <div class=\"td-module-meta-info\">\n                                                <span class=\"td-post-date\"><time class=\"entry-date updated td-module-date\" datetime=\"2026-03-31T17:11:40+00:00\" >31\/03\/2026<\/time><\/span>                            <\/div>\n        <\/div>\n\n        <\/div>\n\n        \n\t<\/div> <!-- .\/td-block-span12 -->\n\n\t<div class=\"td-block-span12\">\n\n        <div class=\"td_module_6 td_module_wrap td-animation-stack\">\n\n        <div class=\"td-module-thumb\"><a href=\"https:\/\/www.muniancud.cl\/portal\/actividad-preventiva-en-bypass-chacao-ante-inicio-de-restricciones-de-quemas-controladas\/\" rel=\"bookmark\" class=\"td-image-wrap\" title=\"Actividad preventiva en Bypass Chacao ante inicio de restricciones de quemas controladas\"><img loading=\"lazy\" decoding=\"async\" class=\"entry-thumb\" src=\"data:image\/png;base64,iVBORw0KGgoAAAANSUhEUgAAAGQAAABGAQMAAAAASKMqAAAAA1BMVEWurq51dlI4AAAAAXRSTlMmkutdmwAAABBJREFUKM9jGAWjYBQMKwAAA9QAAQWBn6cAAAAASUVORK5CYII=\"alt=\"\" title=\"Actividad preventiva en Bypass Chacao ante inicio de restricciones de quemas controladas\" data-type=\"image_tag\" data-img-url=\"https:\/\/www.muniancud.cl\/portal\/wp-content\/uploads\/2025\/11\/WhatsApp-Image-2025-11-25-at-3.18.56-PM-100x70.jpeg\"  width=\"100\" height=\"70\" \/><\/a><\/div>\n        <div class=\"item-details\">\n            <h3 class=\"entry-title td-module-title\"><a href=\"https:\/\/www.muniancud.cl\/portal\/actividad-preventiva-en-bypass-chacao-ante-inicio-de-restricciones-de-quemas-controladas\/\" rel=\"bookmark\" title=\"Actividad preventiva en Bypass Chacao ante inicio de restricciones de quemas controladas\">Actividad preventiva en Bypass Chacao ante inicio de restricciones de quemas...<\/a><\/h3>            <div class=\"td-module-meta-info\">\n                                                <span class=\"td-post-date\"><time class=\"entry-date updated td-module-date\" datetime=\"2025-11-27T15:22:19+00:00\" >27\/11\/2025<\/time><\/span>                            <\/div>\n        <\/div>\n\n        <\/div>\n\n        \n\t<\/div> <!-- .\/td-block-span12 -->\n\n\t<div class=\"td-block-span12\">\n\n        <div class=\"td_module_6 td_module_wrap td-animation-stack\">\n\n        <div class=\"td-module-thumb\"><a href=\"https:\/\/www.muniancud.cl\/portal\/direccion-de-transito-de-ancud-ampliara-atencion-los-sabados-hasta-fin-de-ano\/\" rel=\"bookmark\" class=\"td-image-wrap\" title=\"Direcci\u00f3n de Tr\u00e1nsito de Ancud ampliar\u00e1 atenci\u00f3n los s\u00e1bados hasta fin de a\u00f1o\"><img loading=\"lazy\" decoding=\"async\" class=\"entry-thumb\" src=\"data:image\/png;base64,iVBORw0KGgoAAAANSUhEUgAAAGQAAABGAQMAAAAASKMqAAAAA1BMVEWurq51dlI4AAAAAXRSTlMmkutdmwAAABBJREFUKM9jGAWjYBQMKwAAA9QAAQWBn6cAAAAASUVORK5CYII=\"alt=\"\" title=\"Direcci\u00f3n de Tr\u00e1nsito de Ancud ampliar\u00e1 atenci\u00f3n los s\u00e1bados hasta fin de a\u00f1o\" data-type=\"image_tag\" data-img-url=\"https:\/\/www.muniancud.cl\/portal\/wp-content\/uploads\/2025\/11\/WhatsApp-Image-2025-11-11-at-15.21.04-1-100x70.jpeg\"  width=\"100\" height=\"70\" \/><\/a><\/div>\n        <div class=\"item-details\">\n            <h3 class=\"entry-title td-module-title\"><a href=\"https:\/\/www.muniancud.cl\/portal\/direccion-de-transito-de-ancud-ampliara-atencion-los-sabados-hasta-fin-de-ano\/\" rel=\"bookmark\" title=\"Direcci\u00f3n de Tr\u00e1nsito de Ancud ampliar\u00e1 atenci\u00f3n los s\u00e1bados hasta fin de a\u00f1o\">Direcci\u00f3n de Tr\u00e1nsito de Ancud ampliar\u00e1 atenci\u00f3n los s\u00e1bados hasta fin...<\/a><\/h3>            <div class=\"td-module-meta-info\">\n                                                <span class=\"td-post-date\"><time class=\"entry-date updated td-module-date\" datetime=\"2025-11-13T11:40:09+00:00\" >13\/11\/2025<\/time><\/span>                            <\/div>\n        <\/div>\n\n        <\/div>\n\n        \n\t<\/div> <!-- .\/td-block-span12 -->\n\n\t<div class=\"td-block-span12\">\n\n        <div class=\"td_module_6 td_module_wrap td-animation-stack\">\n\n        <div class=\"td-module-thumb\"><a href=\"https:\/\/www.muniancud.cl\/portal\/reunion-del-cosoc-en-ancud-abordo-avances-en-empleo-transito-y-servicios-municipales\/\" rel=\"bookmark\" class=\"td-image-wrap\" title=\"Reuni\u00f3n del COSOC en Ancud abord\u00f3 avances en empleo, tr\u00e1nsito y servicios municipales\"><img loading=\"lazy\" decoding=\"async\" class=\"entry-thumb\" src=\"data:image\/png;base64,iVBORw0KGgoAAAANSUhEUgAAAGQAAABGAQMAAAAASKMqAAAAA1BMVEWurq51dlI4AAAAAXRSTlMmkutdmwAAABBJREFUKM9jGAWjYBQMKwAAA9QAAQWBn6cAAAAASUVORK5CYII=\"alt=\"\" title=\"Reuni\u00f3n del COSOC en Ancud abord\u00f3 avances en empleo, tr\u00e1nsito y servicios municipales\" data-type=\"image_tag\" data-img-url=\"https:\/\/www.muniancud.cl\/portal\/wp-content\/uploads\/2025\/07\/WhatsApp-Image-2025-07-28-at-2.25.48-PM-3-100x70.jpeg\"  width=\"100\" height=\"70\" \/><\/a><\/div>\n        <div class=\"item-details\">\n            <h3 class=\"entry-title td-module-title\"><a href=\"https:\/\/www.muniancud.cl\/portal\/reunion-del-cosoc-en-ancud-abordo-avances-en-empleo-transito-y-servicios-municipales\/\" rel=\"bookmark\" title=\"Reuni\u00f3n del COSOC en Ancud abord\u00f3 avances en empleo, tr\u00e1nsito y servicios municipales\">Reuni\u00f3n del COSOC en Ancud abord\u00f3 avances en empleo, tr\u00e1nsito y...<\/a><\/h3>            <div class=\"td-module-meta-info\">\n                                                <span class=\"td-post-date\"><time class=\"entry-date updated td-module-date\" datetime=\"2025-07-28T16:23:21+00:00\" >28\/07\/2025<\/time><\/span>                            <\/div>\n        <\/div>\n\n        <\/div>\n\n        \n\t<\/div> <!-- .\/td-block-span12 -->\n\n\t<div class=\"td-block-span12\">\n\n        <div class=\"td_module_6 td_module_wrap td-animation-stack\">\n\n        <div class=\"td-module-thumb\"><a href=\"https:\/\/www.muniancud.cl\/portal\/pavimentacion-de-las-calles-baquedano-sector-arena-gruesa-y-costanera-norte\/\" rel=\"bookmark\" class=\"td-image-wrap\" title=\"Pavimentaci\u00f3n de las calles Baquedano sector Arena Gruesa y Costanera Norte\"><img loading=\"lazy\" decoding=\"async\" class=\"entry-thumb\" src=\"data:image\/png;base64,iVBORw0KGgoAAAANSUhEUgAAAGQAAABGAQMAAAAASKMqAAAAA1BMVEWurq51dlI4AAAAAXRSTlMmkutdmwAAABBJREFUKM9jGAWjYBQMKwAAA9QAAQWBn6cAAAAASUVORK5CYII=\"alt=\"\" title=\"Pavimentaci\u00f3n de las calles Baquedano sector Arena Gruesa y Costanera Norte\" data-type=\"image_tag\" data-img-url=\"https:\/\/www.muniancud.cl\/portal\/wp-content\/uploads\/2025\/02\/07ed1346-a8ab-4edd-b8da-18cdfd07d13e-100x70.jpg\"  width=\"100\" height=\"70\" \/><\/a><\/div>\n        <div class=\"item-details\">\n            <h3 class=\"entry-title td-module-title\"><a href=\"https:\/\/www.muniancud.cl\/portal\/pavimentacion-de-las-calles-baquedano-sector-arena-gruesa-y-costanera-norte\/\" rel=\"bookmark\" title=\"Pavimentaci\u00f3n de las calles Baquedano sector Arena Gruesa y Costanera Norte\">Pavimentaci\u00f3n de las calles Baquedano sector Arena Gruesa y Costanera Norte<\/a><\/h3>            <div class=\"td-module-meta-info\">\n                                                <span class=\"td-post-date\"><time class=\"entry-date updated td-module-date\" datetime=\"2025-02-27T15:33:16+00:00\" >27\/02\/2025<\/time><\/span>                            <\/div>\n        <\/div>\n\n        <\/div>\n\n        \n\t<\/div> <!-- .\/td-block-span12 --><\/div><div class=\"td-next-prev-wrap\"><a href=\"#\" class=\"td-ajax-prev-page ajax-page-disabled\" id=\"prev-page-td_uid_3_69d285fcce882\" data-td_block_id=\"td_uid_3_69d285fcce882\"><i class=\"td-icon-font td-icon-menu-left\"><\/i><\/a><a href=\"#\"  class=\"td-ajax-next-page\" id=\"next-page-td_uid_3_69d285fcce882\" data-td_block_id=\"td_uid_3_69d285fcce882\"><i class=\"td-icon-font td-icon-menu-right\"><\/i><\/a><\/div><\/div> <!-- .\/block -->[\/vc_column][\/vc_row]<\/p>\n<\/div>","protected":false},"excerpt":{"rendered":"<p>[vc_row][vc_column width=\u00bb2\/3&#8243;][vc_column_text]La Direcci\u00f3n de Tr\u00e1nsito y Transporte P\u00fablico tiene como objetivo la aplicaci\u00f3n de las normas legales que regulan el tr\u00e1nsito y el transporte p\u00fablico en la comuna. Dentro de sus funciones se encuentran asesorar al Se\u00f1or alcalde en materias relacionadas al tr\u00e1nsito y el trasporte p\u00fablico de la Comuna de Ancud. Velar por el [&hellip;]<\/p>\n","protected":false},"author":1,"featured_media":0,"parent":466,"menu_order":11,"comment_status":"closed","ping_status":"closed","template":"page-pagebuilder-title.php","meta":{"footnotes":""},"class_list":["post-743","page","type-page","status-publish","hentry"],"_links":{"self":[{"href":"https:\/\/www.muniancud.cl\/portal\/wp-json\/wp\/v2\/pages\/743","targetHints":{"allow":["GET"]}}],"collection":[{"href":"https:\/\/www.muniancud.cl\/portal\/wp-json\/wp\/v2\/pages"}],"about":[{"href":"https:\/\/www.muniancud.cl\/portal\/wp-json\/wp\/v2\/types\/page"}],"author":[{"embeddable":true,"href":"https:\/\/www.muniancud.cl\/portal\/wp-json\/wp\/v2\/users\/1"}],"replies":[{"embeddable":true,"href":"https:\/\/www.muniancud.cl\/portal\/wp-json\/wp\/v2\/comments?post=743"}],"version-history":[{"count":12,"href":"https:\/\/www.muniancud.cl\/portal\/wp-json\/wp\/v2\/pages\/743\/revisions"}],"predecessor-version":[{"id":27827,"href":"https:\/\/www.muniancud.cl\/portal\/wp-json\/wp\/v2\/pages\/743\/revisions\/27827"}],"up":[{"embeddable":true,"href":"https:\/\/www.muniancud.cl\/portal\/wp-json\/wp\/v2\/pages\/466"}],"wp:attachment":[{"href":"https:\/\/www.muniancud.cl\/portal\/wp-json\/wp\/v2\/media?parent=743"}],"curies":[{"name":"wp","href":"https:\/\/api.w.org\/{rel}","templated":true}]}}