{"id":745,"date":"2018-07-12T11:09:06","date_gmt":"2018-07-12T15:09:06","guid":{"rendered":"https:\/\/www.muniancud.cl\/portal\/?page_id=745"},"modified":"2025-10-28T11:59:32","modified_gmt":"2025-10-28T14:59:32","slug":"direccion-de-turismo-y-fomento-productivo","status":"publish","type":"page","link":"https:\/\/www.muniancud.cl\/portal\/unidades-municipales\/direccion-de-turismo-y-fomento-productivo\/","title":{"rendered":"Direcci\u00f3n de Turismo y Fomento Productivo"},"content":{"rendered":"<div class=\"wpb-content-wrapper\"><p>[vc_row][vc_column width=\u00bb2\/3&#8243;][vc_column_text]La Direcci\u00f3n de Turismo y Fomento Productivo promueve y coordina\u00a0 el desarrollo en la comuna en las \u00e1reas del turismo, desarrollo econ\u00f3mico y fomento productivo, asesorando al Alcalde y al Concejo Municipal en la elaboraci\u00f3n de pol\u00edticas y acciones destinadas a ello; apoya la promoci\u00f3n de las actividades productivas de la comuna, propendiendo a fomentar la producci\u00f3n en sus distintos \u00e1mbitos desde una \u00f3ptica de mejoramiento de la competitividad y de una inserci\u00f3n favorable en el mercado nacional e internacional, impulsando las acciones vinculadas con la capacitaci\u00f3n y formaci\u00f3n para el trabajo, de apoyo al surgimiento y consolidaci\u00f3n de nuevas empresas en las diversas \u00e1reas, al desarrollo de ventajas comparativas y al fomento de la asociatividad.[\/vc_column_text][vc_tta_accordion style=\u00bbflat\u00bb c_icon=\u00bbchevron\u00bb active_section=\u00bb0&#8243; collapsible_all=\u00bbtrue\u00bb][vc_tta_section title=\u00bbFunciones\u00bb tab_id=\u00bb1532913006383-31c74f72-adba\u00bb][vc_column_text]<\/p>\n<ol>\n<li>Coordinar la acci\u00f3n de todos los agentes de desarrollo econ\u00f3mico, tanto p\u00fablicos como privados, internos como externos al municipio, para la implementaci\u00f3n y ejecuci\u00f3n del Plan Estrat\u00e9gico de Desarrollo Econ\u00f3mico Comunal.<\/li>\n<li>Definir el perfil econ\u00f3mico de la comuna y analizarlo en funci\u00f3n de su entorno espacial, comunas vecinas, regi\u00f3n, pa\u00eds y contexto internacional.<\/li>\n<li>Formular programas de atracci\u00f3n de inversiones en la comuna, en conjunto con todos los actores involucrados en funci\u00f3n de su entorno espacial.<\/li>\n<li>Crear una red de informaci\u00f3n y promoci\u00f3n a los agentes econ\u00f3micos comunales de los apoyos al fomento econ\u00f3mico dispuesto desde el nivel central del Estado.<\/li>\n<li>Utilizar los instrumentos de gesti\u00f3n municipal en funci\u00f3n del Plan Estrat\u00e9gico de Desarrollo Econ\u00f3mico Comunal.<\/li>\n<\/ol>\n<p>[\/vc_column_text][\/vc_tta_section][\/vc_tta_accordion][vc_column_text]Sus departamentos, secciones y oficinas dependientes son las siguientes:<\/p>\n<ol>\n<li><strong>Departamento de Fomento Productivo<\/strong>\n<ul>\n<li>Programas Convenio INDAP: (PRODESAL, PDTI, Otros)<\/li>\n<li>Oficina de Organizaciones Productivas<\/li>\n<\/ul>\n<\/li>\n<li><strong>Departamento de Microempresas<\/strong>\n<ul>\n<li>Oficina Microempresas Familiar (MEF)<\/li>\n<li>Oficina T\u00e9cnica de Capacitaci\u00f3n (OTEC)<\/li>\n<li>Oficina de Intermediaci\u00f3n Laboral (OMIL)- Fortalecimiento OMIL<\/li>\n<li>Oficina Mujer Trabajadora y Jefa de Hogar<\/li>\n<li>Oficina comunal SERNAC\n<ul>\n<li>Atenci\u00f3n de P\u00fablico de Lunes a viernes de 08:15 a 13:00 hrs<\/li>\n<\/ul>\n<\/li>\n<\/ul>\n<\/li>\n<li><strong>Departamento de Desarrollo Tur\u00edstico<\/strong><\/li>\n<li><strong>Departamento de Pesca Artesanal y Acuicultura<\/strong><\/li>\n<li><strong>Departamento de Agroindustria Rural<\/strong><\/li>\n<\/ol>\n<p>[\/vc_column_text][vc_message message_box_style=\u00bbsolid\u00bb message_box_color=\u00bbgreen\u00bb icon_fontawesome=\u00bbfa fa-clock-o\u00bb]<strong>Horarios<\/strong><br \/>\n<strong>Atenci\u00f3n a Publico:\u00a0<\/strong>Lunes a Viernes de 08:00 a 13:00 hrs.[\/vc_message][vc_message message_box_style=\u00bbsolid\u00bb message_box_color=\u00bbsky\u00bb icon_fontawesome=\u00bbfa fa-map-marker\u00bb]<strong>Ubicaci\u00f3n: <\/strong><strong>Edificio Consistorial<\/strong><br \/>\nBlanco Encalada N\u00b0 660 &#8211; Piso 3<br \/>\n<strong>OMIL &#8211; OTEC:\u00a0<\/strong>Almirante Latorre 562<br \/>\n<strong>PRODESAL &#8211; PDTI:\u00a0<\/strong>Baquedano S\/N al lado Gimnasio Club de Leones[\/vc_message][vc_gmaps link=\u00bb#E-8_JTNDaWZyYW1lJTIwc3JjJTNEJTIyaHR0cHMlM0ElMkYlMkZ3d3cuZ29vZ2xlLmNvbSUyRm1hcHMlMkZlbWJlZCUzRnBiJTNEJTIxMW0xOCUyMTFtMTIlMjExbTMlMjExZDc0Mi43ODMyOTIyNDY4MzI0JTIxMmQtNzMuODI4OTc2NTkxNTc3MzIlMjEzZC00MS44Njg0ODEyMjc0Nzg2NyUyMTJtMyUyMTFmMCUyMTJmMCUyMTNmMCUyMTNtMiUyMTFpMTAyNCUyMTJpNzY4JTIxNGYxMy4xJTIxM20zJTIxMW0yJTIxMXMweDk2MjI4ZDU4NmNkOTZiMmYlMjUzQTB4NmM5OTkwMmZiMmUzZDQ4NyUyMTJzSWx1c3RyZSUyQk11bmljaXBhbGlkYWQlMkJkZSUyQkFuY3VkJTIxNWUwJTIxM20yJTIxMXNlcyUyMTJzY2wlMjE0djE1MzE5NDUzNDc5MTMlMjIlMjB3aWR0aCUzRCUyMjQwMCUyMiUyMGhlaWdodCUzRCUyMjIwMCUyMiUyMGZyYW1lYm9yZGVyJTNEJTIyMCUyMiUyMHN0eWxlJTNEJTIyYm9yZGVyJTNBMCUyMiUyMGFsbG93ZnVsbHNjcmVlbiUzRSUzQyUyRmlmcmFtZSUzRQ==\u00bb][\/vc_column][vc_column width=\u00bb1\/3&#8243;][vc_btn title=\u00bbVolver a Unidades Municipales\u00bb style=\u00bbflat\u00bb color=\u00bbprimary\u00bb align=\u00bbleft\u00bb i_icon_fontawesome=\u00bbfa fa-arrow-left\u00bb button_block=\u00bbtrue\u00bb add_icon=\u00bbtrue\u00bb link=\u00bburl:https%3A%2F%2Fwww.muniancud.cl%2Fportal%2Funidades-municipales%2F|||\u00bb][vc_single_image image=\u00bb35323&#8243; img_size=\u00bbfull\u00bb alignment=\u00bbcenter\u00bb style=\u00bbvc_box_rounded\u00bb css=\u00bb\u00bb]<div class=\"td_block_wrap td_block_text_with_title td_uid_1_6a09b054d3276_rand td-pb-border-top td_block_template_8\"  data-td-block-uid=\"td_uid_1_6a09b054d3276\" ><div class=\"td-block-title-wrap\"><h4 class=\"td-block-title\"><span>Directora de DITUFOP<\/span><\/h4><\/div><div class=\"td_mod_wrap td-fix-index\"><p><strong>Leonor Herrera Fuentes<\/strong><br \/>\nEmail: leonor.herrera@muniancud.cl<\/p>\n<\/div><\/div><div class=\"td_block_wrap td_block_text_with_title td_uid_2_6a09b054d49c1_rand td-pb-border-top td_block_template_8\"  data-td-block-uid=\"td_uid_2_6a09b054d49c1\" ><div class=\"td-block-title-wrap\"><h4 class=\"td-block-title\"><span>Secretaria<\/span><\/h4><\/div><div class=\"td_mod_wrap td-fix-index\"><p><strong>Edith Ram\u00edrez Gonzalez<\/strong><br \/>\nEmail: edith.ramirez@muniancud.cl<br \/>\nTel\u00e9fono: 65-2487736<\/p>\n<\/div><\/div><div class=\"td_block_wrap td_block_text_with_title td_uid_3_6a09b054d5b5f_rand td-pb-border-top td_block_template_8\"  data-td-block-uid=\"td_uid_3_6a09b054d5b5f\" ><div class=\"td-block-title-wrap\"><h4 class=\"td-block-title\"><span>Tel\u00e9fonos<\/span><\/h4><\/div><div class=\"td_mod_wrap td-fix-index\"><ul>\n<li><strong>PRODESAL: <\/strong>65-2487784<\/li>\n<li><strong>PDTI:<\/strong>65-2487784<\/li>\n<li><strong>MEF:\u00a0<\/strong>65-2487762<\/li>\n<li><strong>OTEC:\u00a0<\/strong>65-2487753<\/li>\n<li><strong>OMIL &#8211; FOMIL:\u00a0<\/strong>65-2487753<\/li>\n<li><strong>SERNAC:\u00a0<\/strong>+56967608503<\/li>\n<li><strong>Fomento Productivo<\/strong>: 65-2487762<\/li>\n<li><strong>Jefas de Hogar: <\/strong>65-2487697<\/li>\n<li><strong>Oficina de Turismo:\u00a0<\/strong>65-2628183<\/li>\n<li><strong>Oficina de Pesca:\u00a0<\/strong>65-2487740<\/li>\n<li><strong>Formalizaci\u00f3n y Ley MEF:<\/strong> 65-2487764<\/li>\n<\/ul>\n<\/div><\/div>[\/vc_column][\/vc_row][vc_row][vc_column][vc_column_text]<div class=\"td_block_wrap td_block_title td_uid_4_6a09b054d6d27_rand td-pb-border-top td_block_template_8\"  data-td-block-uid=\"td_uid_4_6a09b054d6d27\" >\n<style>\n.td_uid_4_6a09b054d6d27_rand .td-block-title > * {\n                color: #1172ba !important;\n            }\n\n            \n            .td_uid_4_6a09b054d6d27_rand .td-block-title > *:before,\n            .td_uid_4_6a09b054d6d27_rand .td-block-title > *:after {\n                background-color: #1172ba !important;\n            }\n<\/style>\n<style>\n\/* custom css *\/\n.td_uid_4_6a09b054d6d27_rand .td-block-title {\n\t\t\t\t\ttext-align: center;\n\t\t\t\t}\n\t\t\t\t.td_uid_4_6a09b054d6d27_rand.td_block_template_4 .td-block-title > *:before {\n\t\t\t\t    right: 10px;\n\t\t\t\t}\n\t\t\t\t.td_uid_4_6a09b054d6d27_rand.td_block_template_8 .td-block-title > * {\n\t\t\t\t\tpadding-left: 20px;\n\t\t\t\t}\n\t\t\t\t.td_uid_4_6a09b054d6d27_rand.td_block_template_9 .td-block-title:after {\n\t\t\t\t\tright: 0;\n\t\t\t\t}\n\t\t\t\t.td_uid_4_6a09b054d6d27_rand.td_block_template_13 .td-block-subtitle {\n\t\t\t\t\tleft: 0;\n\t\t\t\t\tright: 0;\n\t\t\t\t}\n<\/style><h1 class=\"td-block-title\"><span>Servicios Municipales<\/span><\/h1><div class=\"td_mod_wrap\"><\/div><\/div>[\/vc_column_text][vc_row_inner][vc_column_inner width=\u00bb1\/4&#8243;][vc_single_image image=\u00bb963&#8243; img_size=\u00bbfull\u00bb alignment=\u00bbcenter\u00bb onclick=\u00bbcustom_link\u00bb css=\u00bb\u00bb link=\u00bbhttps:\/\/www.muniancud.cl\/portal\/unidades-municipales\/direccion-de-turismo-y-fomento-productivo\/omil\/ \u00ab][\/vc_column_inner][vc_column_inner width=\u00bb1\/4&#8243;][vc_single_image image=\u00bb970&#8243; img_size=\u00bbfull\u00bb alignment=\u00bbcenter\u00bb onclick=\u00bbcustom_link\u00bb css=\u00bb\u00bb link=\u00bbhttps:\/\/www.muniancud.cl\/portal\/unidades-municipales\/direccion-de-turismo-y-fomento-productivo\/otec\/ \u00ab][\/vc_column_inner][vc_column_inner width=\u00bb1\/4&#8243;][vc_single_image image=\u00bb24698&#8243; img_size=\u00bbfull\u00bb alignment=\u00bbcenter\u00bb onclick=\u00bbcustom_link\u00bb link=\u00bbhttps:\/\/www.muniancud.cl\/portal\/unidades-municipales\/direccion-de-desarrollo-economico-local-y-fomento-productivo\/departamento-de-pesca-artesanal-y-acuicultura\/\u00bb][\/vc_column_inner][vc_column_inner width=\u00bb1\/4&#8243;][vc_single_image image=\u00bb23923&#8243; img_size=\u00bbfull\u00bb alignment=\u00bbcenter\u00bb onclick=\u00bbcustom_link\u00bb link=\u00bbhttps:\/\/www.muniancud.cl\/portal\/unidades-municipales\/direccion-de-desarrollo-economico-local-y-fomento-productivo\/departamento-del-agua\/\u00bb][\/vc_column_inner][\/vc_row_inner]<div class=\"td_block_wrap td_block_16 td_uid_5_6a09b054d73a2_rand td_with_ajax_pagination td-pb-border-top td_block_template_8 td-column-1 td_block_padding\"  data-td-block-uid=\"td_uid_5_6a09b054d73a2\" ><script>var block_td_uid_5_6a09b054d73a2 = new tdBlock();\nblock_td_uid_5_6a09b054d73a2.id = \"td_uid_5_6a09b054d73a2\";\nblock_td_uid_5_6a09b054d73a2.atts = '{\"custom_title\":\"Noticias Didef\",\"category_id\":\"34\",\"ajax_pagination\":\"next_prev\",\"separator\":\"\",\"custom_url\":\"\",\"block_template_id\":\"\",\"mx7_tl\":\"\",\"mx7_el\":\"\",\"m6_tl\":\"\",\"post_ids\":\"\",\"category_ids\":\"\",\"tag_slug\":\"\",\"autors_id\":\"\",\"installed_post_types\":\"\",\"sort\":\"\",\"limit\":\"5\",\"offset\":\"\",\"el_class\":\"\",\"td_ajax_filter_type\":\"\",\"td_ajax_filter_ids\":\"\",\"td_filter_default_txt\":\"All\",\"td_ajax_preloading\":\"\",\"f_header_font_header\":\"\",\"f_header_font_title\":\"Block header\",\"f_header_font_settings\":\"\",\"f_header_font_family\":\"\",\"f_header_font_size\":\"\",\"f_header_font_line_height\":\"\",\"f_header_font_style\":\"\",\"f_header_font_weight\":\"\",\"f_header_font_transform\":\"\",\"f_header_font_spacing\":\"\",\"f_header_\":\"\",\"f_ajax_font_title\":\"Ajax categories\",\"f_ajax_font_settings\":\"\",\"f_ajax_font_family\":\"\",\"f_ajax_font_size\":\"\",\"f_ajax_font_line_height\":\"\",\"f_ajax_font_style\":\"\",\"f_ajax_font_weight\":\"\",\"f_ajax_font_transform\":\"\",\"f_ajax_font_spacing\":\"\",\"f_ajax_\":\"\",\"f_more_font_title\":\"Load more button\",\"f_more_font_settings\":\"\",\"f_more_font_family\":\"\",\"f_more_font_size\":\"\",\"f_more_font_line_height\":\"\",\"f_more_font_style\":\"\",\"f_more_font_weight\":\"\",\"f_more_font_transform\":\"\",\"f_more_font_spacing\":\"\",\"f_more_\":\"\",\"mx7f_title_font_header\":\"\",\"mx7f_title_font_title\":\"Article title\",\"mx7f_title_font_settings\":\"\",\"mx7f_title_font_family\":\"\",\"mx7f_title_font_size\":\"\",\"mx7f_title_font_line_height\":\"\",\"mx7f_title_font_style\":\"\",\"mx7f_title_font_weight\":\"\",\"mx7f_title_font_transform\":\"\",\"mx7f_title_font_spacing\":\"\",\"mx7f_title_\":\"\",\"mx7f_cat_font_title\":\"Article category tag\",\"mx7f_cat_font_settings\":\"\",\"mx7f_cat_font_family\":\"\",\"mx7f_cat_font_size\":\"\",\"mx7f_cat_font_line_height\":\"\",\"mx7f_cat_font_style\":\"\",\"mx7f_cat_font_weight\":\"\",\"mx7f_cat_font_transform\":\"\",\"mx7f_cat_font_spacing\":\"\",\"mx7f_cat_\":\"\",\"mx7f_meta_font_title\":\"Article meta info\",\"mx7f_meta_font_settings\":\"\",\"mx7f_meta_font_family\":\"\",\"mx7f_meta_font_size\":\"\",\"mx7f_meta_font_line_height\":\"\",\"mx7f_meta_font_style\":\"\",\"mx7f_meta_font_weight\":\"\",\"mx7f_meta_font_transform\":\"\",\"mx7f_meta_font_spacing\":\"\",\"mx7f_meta_\":\"\",\"mx7f_ex_font_title\":\"Article excerpt\",\"mx7f_ex_font_settings\":\"\",\"mx7f_ex_font_family\":\"\",\"mx7f_ex_font_size\":\"\",\"mx7f_ex_font_line_height\":\"\",\"mx7f_ex_font_style\":\"\",\"mx7f_ex_font_weight\":\"\",\"mx7f_ex_font_transform\":\"\",\"mx7f_ex_font_spacing\":\"\",\"mx7f_ex_\":\"\",\"m6f_title_font_header\":\"\",\"m6f_title_font_title\":\"Article title\",\"m6f_title_font_settings\":\"\",\"m6f_title_font_family\":\"\",\"m6f_title_font_size\":\"\",\"m6f_title_font_line_height\":\"\",\"m6f_title_font_style\":\"\",\"m6f_title_font_weight\":\"\",\"m6f_title_font_transform\":\"\",\"m6f_title_font_spacing\":\"\",\"m6f_title_\":\"\",\"m6f_cat_font_title\":\"Article category tag\",\"m6f_cat_font_settings\":\"\",\"m6f_cat_font_family\":\"\",\"m6f_cat_font_size\":\"\",\"m6f_cat_font_line_height\":\"\",\"m6f_cat_font_style\":\"\",\"m6f_cat_font_weight\":\"\",\"m6f_cat_font_transform\":\"\",\"m6f_cat_font_spacing\":\"\",\"m6f_cat_\":\"\",\"m6f_meta_font_title\":\"Article meta info\",\"m6f_meta_font_settings\":\"\",\"m6f_meta_font_family\":\"\",\"m6f_meta_font_size\":\"\",\"m6f_meta_font_line_height\":\"\",\"m6f_meta_font_style\":\"\",\"m6f_meta_font_weight\":\"\",\"m6f_meta_font_transform\":\"\",\"m6f_meta_font_spacing\":\"\",\"m6f_meta_\":\"\",\"ajax_pagination_infinite_stop\":\"\",\"css\":\"\",\"tdc_css\":\"\",\"td_column_number\":1,\"header_color\":\"\",\"color_preset\":\"\",\"border_top\":\"\",\"class\":\"td_uid_5_6a09b054d73a2_rand\",\"tdc_css_class\":\"td_uid_5_6a09b054d73a2_rand\",\"tdc_css_class_style\":\"td_uid_5_6a09b054d73a2_rand_style\"}';\nblock_td_uid_5_6a09b054d73a2.td_column_number = \"1\";\nblock_td_uid_5_6a09b054d73a2.block_type = \"td_block_16\";\nblock_td_uid_5_6a09b054d73a2.post_count = \"5\";\nblock_td_uid_5_6a09b054d73a2.found_posts = \"105\";\nblock_td_uid_5_6a09b054d73a2.header_color = \"\";\nblock_td_uid_5_6a09b054d73a2.ajax_pagination_infinite_stop = \"\";\nblock_td_uid_5_6a09b054d73a2.max_num_pages = \"21\";\ntdBlocksArray.push(block_td_uid_5_6a09b054d73a2);\n<\/script><div class=\"td-block-title-wrap\"><h4 class=\"td-block-title\"><span>Noticias Didef<\/span><\/h4><\/div><div id=td_uid_5_6a09b054d73a2 class=\"td_block_inner td-column-1\">\n\n\t<div class=\"td-block-span12\">\n\n        <div class=\"td_module_6 td_module_wrap td-animation-stack\">\n\n        <div class=\"td-module-thumb\"><a href=\"https:\/\/www.muniancud.cl\/portal\/ancud-impulsa-su-turismo-en-ferias-nacionales-e-internacionales\/\" rel=\"bookmark\" class=\"td-image-wrap\" title=\"Ancud impulsa su turismo en ferias nacionales e internacionales\"><img loading=\"lazy\" decoding=\"async\" class=\"entry-thumb\" src=\"data:image\/png;base64,iVBORw0KGgoAAAANSUhEUgAAAGQAAABGAQMAAAAASKMqAAAAA1BMVEWurq51dlI4AAAAAXRSTlMmkutdmwAAABBJREFUKM9jGAWjYBQMKwAAA9QAAQWBn6cAAAAASUVORK5CYII=\"alt=\"\" title=\"Ancud impulsa su turismo en ferias nacionales e internacionales\" data-type=\"image_tag\" data-img-url=\"https:\/\/www.muniancud.cl\/portal\/wp-content\/uploads\/2026\/04\/image-5-100x70.png\"  width=\"100\" height=\"70\" \/><\/a><\/div>\n        <div class=\"item-details\">\n            <h3 class=\"entry-title td-module-title\"><a href=\"https:\/\/www.muniancud.cl\/portal\/ancud-impulsa-su-turismo-en-ferias-nacionales-e-internacionales\/\" rel=\"bookmark\" title=\"Ancud impulsa su turismo en ferias nacionales e internacionales\">Ancud impulsa su turismo en ferias nacionales e internacionales<\/a><\/h3>            <div class=\"td-module-meta-info\">\n                                                <span class=\"td-post-date\"><time class=\"entry-date updated td-module-date\" datetime=\"2026-04-27T10:39:09+00:00\" >27\/04\/2026<\/time><\/span>                            <\/div>\n        <\/div>\n\n        <\/div>\n\n        \n\t<\/div> <!-- .\/td-block-span12 -->\n\n\t<div class=\"td-block-span12\">\n\n        <div class=\"td_module_6 td_module_wrap td-animation-stack\">\n\n        <div class=\"td-module-thumb\"><a href=\"https:\/\/www.muniancud.cl\/portal\/ancud-presente-en-miami-en-el-seatrade-cruise-global-2026\/\" rel=\"bookmark\" class=\"td-image-wrap\" title=\"Ancud presente en Miami en el Seatrade Cruise Global 2026\"><img loading=\"lazy\" decoding=\"async\" class=\"entry-thumb\" src=\"data:image\/png;base64,iVBORw0KGgoAAAANSUhEUgAAAGQAAABGAQMAAAAASKMqAAAAA1BMVEWurq51dlI4AAAAAXRSTlMmkutdmwAAABBJREFUKM9jGAWjYBQMKwAAA9QAAQWBn6cAAAAASUVORK5CYII=\"alt=\"\" title=\"Ancud presente en Miami en el Seatrade Cruise Global 2026\" data-type=\"image_tag\" data-img-url=\"https:\/\/www.muniancud.cl\/portal\/wp-content\/uploads\/2026\/04\/WhatsApp-Image-2026-04-14-at-19.50.46-100x70.jpeg\"  width=\"100\" height=\"70\" \/><\/a><\/div>\n        <div class=\"item-details\">\n            <h3 class=\"entry-title td-module-title\"><a href=\"https:\/\/www.muniancud.cl\/portal\/ancud-presente-en-miami-en-el-seatrade-cruise-global-2026\/\" rel=\"bookmark\" title=\"Ancud presente en Miami en el Seatrade Cruise Global 2026\">Ancud presente en Miami en el Seatrade Cruise Global 2026<\/a><\/h3>            <div class=\"td-module-meta-info\">\n                                                <span class=\"td-post-date\"><time class=\"entry-date updated td-module-date\" datetime=\"2026-04-15T08:23:23+00:00\" >15\/04\/2026<\/time><\/span>                            <\/div>\n        <\/div>\n\n        <\/div>\n\n        \n\t<\/div> <!-- .\/td-block-span12 -->\n\n\t<div class=\"td-block-span12\">\n\n        <div class=\"td_module_6 td_module_wrap td-animation-stack\">\n\n        <div class=\"td-module-thumb\"><a href=\"https:\/\/www.muniancud.cl\/portal\/programa-prodesal-avanza-en-coordinacion-y-apoyo-a-agricultores\/\" rel=\"bookmark\" class=\"td-image-wrap\" title=\"Programa Prodesal avanza en coordinaci\u00f3n y apoyo a agricultores\"><img loading=\"lazy\" decoding=\"async\" class=\"entry-thumb\" src=\"data:image\/png;base64,iVBORw0KGgoAAAANSUhEUgAAAGQAAABGAQMAAAAASKMqAAAAA1BMVEWurq51dlI4AAAAAXRSTlMmkutdmwAAABBJREFUKM9jGAWjYBQMKwAAA9QAAQWBn6cAAAAASUVORK5CYII=\"alt=\"\" title=\"Programa Prodesal avanza en coordinaci\u00f3n y apoyo a agricultores\" data-type=\"image_tag\" data-img-url=\"https:\/\/www.muniancud.cl\/portal\/wp-content\/uploads\/2026\/03\/WhatsApp-Image-2026-03-25-at-10.20.06-2-100x70.jpeg\"  width=\"100\" height=\"70\" \/><\/a><\/div>\n        <div class=\"item-details\">\n            <h3 class=\"entry-title td-module-title\"><a href=\"https:\/\/www.muniancud.cl\/portal\/programa-prodesal-avanza-en-coordinacion-y-apoyo-a-agricultores\/\" rel=\"bookmark\" title=\"Programa Prodesal avanza en coordinaci\u00f3n y apoyo a agricultores\">Programa Prodesal avanza en coordinaci\u00f3n y apoyo a agricultores<\/a><\/h3>            <div class=\"td-module-meta-info\">\n                                                <span class=\"td-post-date\"><time class=\"entry-date updated td-module-date\" datetime=\"2026-03-25T10:48:15+00:00\" >25\/03\/2026<\/time><\/span>                            <\/div>\n        <\/div>\n\n        <\/div>\n\n        \n\t<\/div> <!-- .\/td-block-span12 -->\n\n\t<div class=\"td-block-span12\">\n\n        <div class=\"td_module_6 td_module_wrap td-animation-stack\">\n\n        <div class=\"td-module-thumb\"><a href=\"https:\/\/www.muniancud.cl\/portal\/pescador-de-estero-aldique-llevara-innovadores-productos-del-mar-deshidratados-al-festival-nam-2026-en-santiago\/\" rel=\"bookmark\" class=\"td-image-wrap\" title=\"Pescador de Estero El Dique llevar\u00e1 innovadores productos del mar deshidratados al Festival \u00d1AM 2026 en Santiago\"><img loading=\"lazy\" decoding=\"async\" class=\"entry-thumb\" src=\"data:image\/png;base64,iVBORw0KGgoAAAANSUhEUgAAAGQAAABGAQMAAAAASKMqAAAAA1BMVEWurq51dlI4AAAAAXRSTlMmkutdmwAAABBJREFUKM9jGAWjYBQMKwAAA9QAAQWBn6cAAAAASUVORK5CYII=\"alt=\"\" title=\"Pescador de Estero El Dique llevar\u00e1 innovadores productos del mar deshidratados al Festival \u00d1AM 2026 en Santiago\" data-type=\"image_tag\" data-img-url=\"https:\/\/www.muniancud.cl\/portal\/wp-content\/uploads\/2026\/03\/WhatsApp-Image-2026-03-23-at-11.00.03-100x70.jpeg\"  width=\"100\" height=\"70\" \/><\/a><\/div>\n        <div class=\"item-details\">\n            <h3 class=\"entry-title td-module-title\"><a href=\"https:\/\/www.muniancud.cl\/portal\/pescador-de-estero-aldique-llevara-innovadores-productos-del-mar-deshidratados-al-festival-nam-2026-en-santiago\/\" rel=\"bookmark\" title=\"Pescador de Estero El Dique llevar\u00e1 innovadores productos del mar deshidratados al Festival \u00d1AM 2026 en Santiago\">Pescador de Estero El Dique llevar\u00e1 innovadores productos del mar deshidratados...<\/a><\/h3>            <div class=\"td-module-meta-info\">\n                                                <span class=\"td-post-date\"><time class=\"entry-date updated td-module-date\" datetime=\"2026-03-23T11:58:40+00:00\" >23\/03\/2026<\/time><\/span>                            <\/div>\n        <\/div>\n\n        <\/div>\n\n        \n\t<\/div> <!-- .\/td-block-span12 -->\n\n\t<div class=\"td-block-span12\">\n\n        <div class=\"td_module_6 td_module_wrap td-animation-stack\">\n\n        <div class=\"td-module-thumb\"><a href=\"https:\/\/www.muniancud.cl\/portal\/emprendedores-fortalecen-sus-negocios-con-charla-de-innovacion-en-ancud\/\" rel=\"bookmark\" class=\"td-image-wrap\" title=\"Emprendedores fortalecen sus negocios con charla de innovaci\u00f3n en Ancud\"><img loading=\"lazy\" decoding=\"async\" class=\"entry-thumb\" src=\"data:image\/png;base64,iVBORw0KGgoAAAANSUhEUgAAAGQAAABGAQMAAAAASKMqAAAAA1BMVEWurq51dlI4AAAAAXRSTlMmkutdmwAAABBJREFUKM9jGAWjYBQMKwAAA9QAAQWBn6cAAAAASUVORK5CYII=\"alt=\"\" title=\"Emprendedores fortalecen sus negocios con charla de innovaci\u00f3n en Ancud\" data-type=\"image_tag\" data-img-url=\"https:\/\/www.muniancud.cl\/portal\/wp-content\/uploads\/2026\/02\/WhatsApp-Image-2026-02-26-at-15.12.57-1-100x70.jpeg\"  width=\"100\" height=\"70\" \/><\/a><\/div>\n        <div class=\"item-details\">\n            <h3 class=\"entry-title td-module-title\"><a href=\"https:\/\/www.muniancud.cl\/portal\/emprendedores-fortalecen-sus-negocios-con-charla-de-innovacion-en-ancud\/\" rel=\"bookmark\" title=\"Emprendedores fortalecen sus negocios con charla de innovaci\u00f3n en Ancud\">Emprendedores fortalecen sus negocios con charla de innovaci\u00f3n en Ancud<\/a><\/h3>            <div class=\"td-module-meta-info\">\n                                                <span class=\"td-post-date\"><time class=\"entry-date updated td-module-date\" datetime=\"2026-02-27T12:25:35+00:00\" >27\/02\/2026<\/time><\/span>                            <\/div>\n        <\/div>\n\n        <\/div>\n\n        \n\t<\/div> <!-- .\/td-block-span12 --><\/div><div class=\"td-next-prev-wrap\"><a href=\"#\" class=\"td-ajax-prev-page ajax-page-disabled\" id=\"prev-page-td_uid_5_6a09b054d73a2\" data-td_block_id=\"td_uid_5_6a09b054d73a2\"><i class=\"td-icon-font td-icon-menu-left\"><\/i><\/a><a href=\"#\"  class=\"td-ajax-next-page\" id=\"next-page-td_uid_5_6a09b054d73a2\" data-td_block_id=\"td_uid_5_6a09b054d73a2\"><i class=\"td-icon-font td-icon-menu-right\"><\/i><\/a><\/div><\/div> <!-- .\/block -->[\/vc_column][\/vc_row]<\/p>\n<\/div>","protected":false},"excerpt":{"rendered":"<p>[vc_row][vc_column width=\u00bb2\/3&#8243;][vc_column_text]La Direcci\u00f3n de Turismo y Fomento Productivo promueve y coordina\u00a0 el desarrollo en la comuna en las \u00e1reas del turismo, desarrollo econ\u00f3mico y fomento productivo, asesorando al Alcalde y al Concejo Municipal en la elaboraci\u00f3n de pol\u00edticas y acciones destinadas a ello; apoya la promoci\u00f3n de las actividades productivas de la comuna, propendiendo a [&hellip;]<\/p>\n","protected":false},"author":1,"featured_media":0,"parent":466,"menu_order":12,"comment_status":"closed","ping_status":"closed","template":"page-pagebuilder-title.php","meta":{"footnotes":""},"class_list":["post-745","page","type-page","status-publish","hentry"],"_links":{"self":[{"href":"https:\/\/www.muniancud.cl\/portal\/wp-json\/wp\/v2\/pages\/745","targetHints":{"allow":["GET"]}}],"collection":[{"href":"https:\/\/www.muniancud.cl\/portal\/wp-json\/wp\/v2\/pages"}],"about":[{"href":"https:\/\/www.muniancud.cl\/portal\/wp-json\/wp\/v2\/types\/page"}],"author":[{"embeddable":true,"href":"https:\/\/www.muniancud.cl\/portal\/wp-json\/wp\/v2\/users\/1"}],"replies":[{"embeddable":true,"href":"https:\/\/www.muniancud.cl\/portal\/wp-json\/wp\/v2\/comments?post=745"}],"version-history":[{"count":23,"href":"https:\/\/www.muniancud.cl\/portal\/wp-json\/wp\/v2\/pages\/745\/revisions"}],"predecessor-version":[{"id":36112,"href":"https:\/\/www.muniancud.cl\/portal\/wp-json\/wp\/v2\/pages\/745\/revisions\/36112"}],"up":[{"embeddable":true,"href":"https:\/\/www.muniancud.cl\/portal\/wp-json\/wp\/v2\/pages\/466"}],"wp:attachment":[{"href":"https:\/\/www.muniancud.cl\/portal\/wp-json\/wp\/v2\/media?parent=745"}],"curies":[{"name":"wp","href":"https:\/\/api.w.org\/{rel}","templated":true}]}}