{"id":751,"date":"2018-07-12T11:10:03","date_gmt":"2018-07-12T15:10:03","guid":{"rendered":"https:\/\/www.muniancud.cl\/portal\/?page_id=751"},"modified":"2025-10-29T17:10:53","modified_gmt":"2025-10-29T20:10:53","slug":"direccion-de-obras-municipales","status":"publish","type":"page","link":"https:\/\/www.muniancud.cl\/portal\/unidades-municipales\/direccion-de-obras-municipales\/","title":{"rendered":"Direcci\u00f3n de Obras Municipales"},"content":{"rendered":"<div class=\"wpb-content-wrapper\"><p>[vc_row][vc_column width=\u00bb2\/3&#8243;][vc_column_text]A la Direcci\u00f3n de Obras le corresponder\u00e1 velar por el cumplimiento de las disposiciones de la Ley General de Urbanismo y Construcciones, del Plan Regulador Comunal y de las ordenanzas correspondientes, para cuyo efecto gozar\u00e1 de las siguientes atribuciones espec\u00edficas:[\/vc_column_text][vc_tta_accordion style=\u00bbflat\u00bb c_icon=\u00bbchevron\u00bb active_section=\u00bb0&#8243; collapsible_all=\u00bbtrue\u00bb][vc_tta_section title=\u00bbFunciones\u00bb tab_id=\u00bb1532887423396-2617daf9-88df\u00bb][vc_column_text]<\/p>\n<ol>\n<li>Dar aprobaci\u00f3n a las subdivisiones de predios urbano y urbano \u2013 rurales.<\/li>\n<li>Dar aprobaci\u00f3n a los loteos.<\/li>\n<li>Dar aprobaci\u00f3n a los proyectos de obras de urbanizaci\u00f3n y construcci\u00f3n.<\/li>\n<li>Otorgar los permisos de edificaci\u00f3n de las obras se\u00f1alas en el n\u00famero anterior.<\/li>\n<li>Fiscalizar la ejecuci\u00f3n de dichas obras hasta el momento de su recepci\u00f3n.<\/li>\n<li>Recibirse de las obras ya citadas y autorizar su uso.<\/li>\n<li>Dirigir las construcciones que sean de responsabilidad municipal, sean ejecutadas directamente o a trav\u00e9s de terceros.<\/li>\n<li>Colaborar con otras unidades en la elaboraci\u00f3n, ejecuci\u00f3n y control de programas sociales relacionados con las materias de su competencia.<\/li>\n<li>Aplicar las normas legales sobre construcci\u00f3n y urbanizaci\u00f3n en la comuna.<\/li>\n<li>Realizar tareas de inspecciones sobre las obras en uso, a fin de verificar el cumplimiento de las disposiciones legales y t\u00e9cnicas que la regulan.<\/li>\n<li>Realizar y supervisar las reparaciones, mantenciones y mejoramiento de las infraestructuras municipales.<\/li>\n<li>Efectuar el giro de los derechos municipales que correspondan a los permisos y servicios otorgados por la Direcci\u00f3n de Obras.<\/li>\n<li>Otorgar los permisos y certificados reglamentarios para la ejecuci\u00f3n y recepci\u00f3n de obras de edificaci\u00f3n en la comuna.<\/li>\n<li>Realizar los tr\u00e1mites de ingreso y clasificaci\u00f3n de la correspondencia recibida, despachada y los expedientes de construcci\u00f3n, subdivisi\u00f3n y loteos.<\/li>\n<li>Mantener archivos de la documentaci\u00f3n recibida y despacha por la Direcci\u00f3n Obras.<\/li>\n<li>Confeccionar decretos, autorizaciones, certificados y oficios dictados por la Direcci\u00f3n de Obras.<\/li>\n<\/ol>\n<p>[\/vc_column_text][\/vc_tta_section][\/vc_tta_accordion][vc_single_image image=\u00bb31041&#8243; img_size=\u00bbfull\u00bb alignment=\u00bbcenter\u00bb onclick=\u00bbcustom_link\u00bb link=\u00bbhttps:\/\/domenlinea.minvu.cl\/\u00bb][vc_column_text]De la Direcci\u00f3n de Obras dependen las siguientes secciones:<\/p>\n<ul class=\"td-arrow-list\">\n<li><strong>Secci\u00f3n\u00a0<\/strong><strong>Edificaci\u00f3n<\/strong><\/li>\n<li><strong>Secci\u00f3n Urbanismo<\/strong><\/li>\n<li><strong>Secci\u00f3n Inspecci\u00f3n de Obras<\/strong><\/li>\n<li><strong>Secci\u00f3n Archivo T\u00e9cnico<\/strong><\/li>\n<\/ul>\n<p>[\/vc_column_text][vc_message message_box_style=\u00bbsolid\u00bb message_box_color=\u00bbgreen\u00bb icon_fontawesome=\u00bbfa fa-clock-o\u00bb]<strong>Horarios<\/strong><br \/>\n<strong>Atenci\u00f3n a P\u00fablico: <\/strong>Lunes a Viernes de 08:00 a 13:00 hrs.[\/vc_message][vc_message message_box_style=\u00bbsolid\u00bb message_box_color=\u00bbsky\u00bb icon_fontawesome=\u00bbfa fa-map-marker\u00bb]<b>Ubicaci\u00f3n: Edificio Consistorial<\/b><br \/>\nBlanco Encalada N\u00b0 660 &#8211; Piso 3[\/vc_message][vc_gmaps link=\u00bb#E-8_JTNDaWZyYW1lJTIwc3JjJTNEJTIyaHR0cHMlM0ElMkYlMkZ3d3cuZ29vZ2xlLmNvbSUyRm1hcHMlMkZlbWJlZCUzRnBiJTNEJTIxMW0xOCUyMTFtMTIlMjExbTMlMjExZDc0Mi43ODMyOTIyNDY4MzI0JTIxMmQtNzMuODI4OTc2NTkxNTc3MzIlMjEzZC00MS44Njg0ODEyMjc0Nzg2NyUyMTJtMyUyMTFmMCUyMTJmMCUyMTNmMCUyMTNtMiUyMTFpMTAyNCUyMTJpNzY4JTIxNGYxMy4xJTIxM20zJTIxMW0yJTIxMXMweDk2MjI4ZDU4NmNkOTZiMmYlMjUzQTB4NmM5OTkwMmZiMmUzZDQ4NyUyMTJzSWx1c3RyZSUyQk11bmljaXBhbGlkYWQlMkJkZSUyQkFuY3VkJTIxNWUwJTIxM20yJTIxMXNlcyUyMTJzY2wlMjE0djE1MzE5NDUzNDc5MTMlMjIlMjB3aWR0aCUzRCUyMjQwMCUyMiUyMGhlaWdodCUzRCUyMjIwMCUyMiUyMGZyYW1lYm9yZGVyJTNEJTIyMCUyMiUyMHN0eWxlJTNEJTIyYm9yZGVyJTNBMCUyMiUyMGFsbG93ZnVsbHNjcmVlbiUzRSUzQyUyRmlmcmFtZSUzRQ==\u00bb][\/vc_column][vc_column width=\u00bb1\/3&#8243;][vc_btn title=\u00bbVolver a Unidades Municipales\u00bb style=\u00bbflat\u00bb color=\u00bbprimary\u00bb align=\u00bbleft\u00bb i_icon_fontawesome=\u00bbfa fa-arrow-left\u00bb button_block=\u00bbtrue\u00bb add_icon=\u00bbtrue\u00bb link=\u00bburl:https%3A%2F%2Fwww.muniancud.cl%2Fportal%2Funidades-municipales%2F|||\u00bb][vc_single_image image=\u00bb35247&#8243; img_size=\u00bbfull\u00bb alignment=\u00bbcenter\u00bb style=\u00bbvc_box_rounded\u00bb css=\u00bb\u00bb]<div class=\"td_block_wrap td_block_text_with_title td_uid_1_69f4faabc1502_rand td-pb-border-top td_block_template_8\"  data-td-block-uid=\"td_uid_1_69f4faabc1502\" ><div class=\"td-block-title-wrap\"><h4 class=\"td-block-title\"><span>Director de Obras Municipales<\/span><\/h4><\/div><div class=\"td_mod_wrap td-fix-index\"><p><strong>Mario Hernandez Sacaan<\/strong><br \/>\nEmail: mario.hernandez@muniancud.cl<\/p>\n<\/div><\/div><div class=\"td_block_wrap td_block_text_with_title td_uid_2_69f4faabc2eb7_rand td-pb-border-top td_block_template_8\"  data-td-block-uid=\"td_uid_2_69f4faabc2eb7\" ><div class=\"td-block-title-wrap\"><h4 class=\"td-block-title\"><span>Secretaria<\/span><\/h4><\/div><div class=\"td_mod_wrap td-fix-index\"><p><strong>Claudia Mansilla<\/strong><br \/>\nEmail: claudia.mansilla@muniancud.cl<br \/>\nTel\u00e9fono: 65-2487758<\/p>\n<\/div><\/div><div class=\"td_block_wrap td_block_text_with_title td_uid_3_69f4faabc4614_rand td-pb-border-top td_block_template_8\"  data-td-block-uid=\"td_uid_3_69f4faabc4614\" ><div class=\"td-block-title-wrap\"><h4 class=\"td-block-title\"><span>Tel\u00e9fonos<\/span><\/h4><\/div><div class=\"td_mod_wrap td-fix-index\"><ul>\n<li><strong>Atenci\u00f3n\u00a0P\u00fablico:\u00a0<\/strong>65-2487759<\/li>\n<li><b>Revisi\u00f3n de Expedientes:<\/b><\/li>\n<li data-ogsc=\"rgb(0, 0, 0)\">\n<div data-ogsc=\"rgb(0, 0, 0)\">\n<div class=\"x_elementToProof\" role=\"presentation\" data-ogsc=\"\"><b data-ogsc=\"\" data-olk-copy-source=\"MessageBody\">Gelen Cabrera\u00a0<\/b><\/div>\n<p>Email: gelen.cabrera@muniancud.cl<br \/>\nTel\u00e9fono: 65-2487727<\/p>\n<\/div>\n<\/li>\n<li data-ogsc=\"rgb(0, 0, 0)\">\n<div class=\"x_elementToProof\" role=\"presentation\" data-ogsc=\"\"><b data-ogsc=\"\">Marilu Bachmann<\/b><\/div>\n<p>Email: marilu.bachmann@muniancud.cl<br \/>\nTel\u00e9fono: 65-2487777<\/li>\n<\/ul>\n<\/div><\/div>[\/vc_column][\/vc_row][vc_row][vc_column]<div class=\"td_block_wrap td_block_16 td_uid_4_69f4faabc5928_rand td_with_ajax_pagination td-pb-border-top td_block_template_8 td-column-1 td_block_padding\"  data-td-block-uid=\"td_uid_4_69f4faabc5928\" ><script>var block_td_uid_4_69f4faabc5928 = new tdBlock();\nblock_td_uid_4_69f4faabc5928.id = \"td_uid_4_69f4faabc5928\";\nblock_td_uid_4_69f4faabc5928.atts = '{\"custom_title\":\"Noticias Obras Municipales\",\"category_id\":\"28\",\"ajax_pagination\":\"next_prev\",\"separator\":\"\",\"custom_url\":\"\",\"block_template_id\":\"\",\"mx7_tl\":\"\",\"mx7_el\":\"\",\"m6_tl\":\"\",\"post_ids\":\"\",\"category_ids\":\"\",\"tag_slug\":\"\",\"autors_id\":\"\",\"installed_post_types\":\"\",\"sort\":\"\",\"limit\":\"5\",\"offset\":\"\",\"el_class\":\"\",\"td_ajax_filter_type\":\"\",\"td_ajax_filter_ids\":\"\",\"td_filter_default_txt\":\"All\",\"td_ajax_preloading\":\"\",\"f_header_font_header\":\"\",\"f_header_font_title\":\"Block header\",\"f_header_font_settings\":\"\",\"f_header_font_family\":\"\",\"f_header_font_size\":\"\",\"f_header_font_line_height\":\"\",\"f_header_font_style\":\"\",\"f_header_font_weight\":\"\",\"f_header_font_transform\":\"\",\"f_header_font_spacing\":\"\",\"f_header_\":\"\",\"f_ajax_font_title\":\"Ajax categories\",\"f_ajax_font_settings\":\"\",\"f_ajax_font_family\":\"\",\"f_ajax_font_size\":\"\",\"f_ajax_font_line_height\":\"\",\"f_ajax_font_style\":\"\",\"f_ajax_font_weight\":\"\",\"f_ajax_font_transform\":\"\",\"f_ajax_font_spacing\":\"\",\"f_ajax_\":\"\",\"f_more_font_title\":\"Load more button\",\"f_more_font_settings\":\"\",\"f_more_font_family\":\"\",\"f_more_font_size\":\"\",\"f_more_font_line_height\":\"\",\"f_more_font_style\":\"\",\"f_more_font_weight\":\"\",\"f_more_font_transform\":\"\",\"f_more_font_spacing\":\"\",\"f_more_\":\"\",\"mx7f_title_font_header\":\"\",\"mx7f_title_font_title\":\"Article title\",\"mx7f_title_font_settings\":\"\",\"mx7f_title_font_family\":\"\",\"mx7f_title_font_size\":\"\",\"mx7f_title_font_line_height\":\"\",\"mx7f_title_font_style\":\"\",\"mx7f_title_font_weight\":\"\",\"mx7f_title_font_transform\":\"\",\"mx7f_title_font_spacing\":\"\",\"mx7f_title_\":\"\",\"mx7f_cat_font_title\":\"Article category tag\",\"mx7f_cat_font_settings\":\"\",\"mx7f_cat_font_family\":\"\",\"mx7f_cat_font_size\":\"\",\"mx7f_cat_font_line_height\":\"\",\"mx7f_cat_font_style\":\"\",\"mx7f_cat_font_weight\":\"\",\"mx7f_cat_font_transform\":\"\",\"mx7f_cat_font_spacing\":\"\",\"mx7f_cat_\":\"\",\"mx7f_meta_font_title\":\"Article meta info\",\"mx7f_meta_font_settings\":\"\",\"mx7f_meta_font_family\":\"\",\"mx7f_meta_font_size\":\"\",\"mx7f_meta_font_line_height\":\"\",\"mx7f_meta_font_style\":\"\",\"mx7f_meta_font_weight\":\"\",\"mx7f_meta_font_transform\":\"\",\"mx7f_meta_font_spacing\":\"\",\"mx7f_meta_\":\"\",\"mx7f_ex_font_title\":\"Article excerpt\",\"mx7f_ex_font_settings\":\"\",\"mx7f_ex_font_family\":\"\",\"mx7f_ex_font_size\":\"\",\"mx7f_ex_font_line_height\":\"\",\"mx7f_ex_font_style\":\"\",\"mx7f_ex_font_weight\":\"\",\"mx7f_ex_font_transform\":\"\",\"mx7f_ex_font_spacing\":\"\",\"mx7f_ex_\":\"\",\"m6f_title_font_header\":\"\",\"m6f_title_font_title\":\"Article title\",\"m6f_title_font_settings\":\"\",\"m6f_title_font_family\":\"\",\"m6f_title_font_size\":\"\",\"m6f_title_font_line_height\":\"\",\"m6f_title_font_style\":\"\",\"m6f_title_font_weight\":\"\",\"m6f_title_font_transform\":\"\",\"m6f_title_font_spacing\":\"\",\"m6f_title_\":\"\",\"m6f_cat_font_title\":\"Article category tag\",\"m6f_cat_font_settings\":\"\",\"m6f_cat_font_family\":\"\",\"m6f_cat_font_size\":\"\",\"m6f_cat_font_line_height\":\"\",\"m6f_cat_font_style\":\"\",\"m6f_cat_font_weight\":\"\",\"m6f_cat_font_transform\":\"\",\"m6f_cat_font_spacing\":\"\",\"m6f_cat_\":\"\",\"m6f_meta_font_title\":\"Article meta info\",\"m6f_meta_font_settings\":\"\",\"m6f_meta_font_family\":\"\",\"m6f_meta_font_size\":\"\",\"m6f_meta_font_line_height\":\"\",\"m6f_meta_font_style\":\"\",\"m6f_meta_font_weight\":\"\",\"m6f_meta_font_transform\":\"\",\"m6f_meta_font_spacing\":\"\",\"m6f_meta_\":\"\",\"ajax_pagination_infinite_stop\":\"\",\"css\":\"\",\"tdc_css\":\"\",\"td_column_number\":1,\"header_color\":\"\",\"color_preset\":\"\",\"border_top\":\"\",\"class\":\"td_uid_4_69f4faabc5928_rand\",\"tdc_css_class\":\"td_uid_4_69f4faabc5928_rand\",\"tdc_css_class_style\":\"td_uid_4_69f4faabc5928_rand_style\"}';\nblock_td_uid_4_69f4faabc5928.td_column_number = \"1\";\nblock_td_uid_4_69f4faabc5928.block_type = \"td_block_16\";\nblock_td_uid_4_69f4faabc5928.post_count = \"5\";\nblock_td_uid_4_69f4faabc5928.found_posts = \"51\";\nblock_td_uid_4_69f4faabc5928.header_color = \"\";\nblock_td_uid_4_69f4faabc5928.ajax_pagination_infinite_stop = \"\";\nblock_td_uid_4_69f4faabc5928.max_num_pages = \"11\";\ntdBlocksArray.push(block_td_uid_4_69f4faabc5928);\n<\/script><div class=\"td-block-title-wrap\"><h4 class=\"td-block-title\"><span>Noticias Obras Municipales<\/span><\/h4><\/div><div id=td_uid_4_69f4faabc5928 class=\"td_block_inner td-column-1\">\n\n\t<div class=\"td-block-span12\">\n\n        <div class=\"td_module_6 td_module_wrap td-animation-stack\">\n\n        <div class=\"td-module-thumb\"><a href=\"https:\/\/www.muniancud.cl\/portal\/alcalde-de-ancud-participo-en-comision-tecnica-del-puente-chacao\/\" rel=\"bookmark\" class=\"td-image-wrap\" title=\"Alcalde de Ancud particip\u00f3 en comisi\u00f3n t\u00e9cnica del Puente Chacao\"><img loading=\"lazy\" decoding=\"async\" class=\"entry-thumb\" src=\"data:image\/png;base64,iVBORw0KGgoAAAANSUhEUgAAAGQAAABGAQMAAAAASKMqAAAAA1BMVEWurq51dlI4AAAAAXRSTlMmkutdmwAAABBJREFUKM9jGAWjYBQMKwAAA9QAAQWBn6cAAAAASUVORK5CYII=\"alt=\"\" title=\"Alcalde de Ancud particip\u00f3 en comisi\u00f3n t\u00e9cnica del Puente Chacao\" data-type=\"image_tag\" data-img-url=\"https:\/\/www.muniancud.cl\/portal\/wp-content\/uploads\/2026\/02\/639313844_10241969788124449_4245219474232374549_n-100x70.jpg\"  width=\"100\" height=\"70\" \/><\/a><\/div>\n        <div class=\"item-details\">\n            <h3 class=\"entry-title td-module-title\"><a href=\"https:\/\/www.muniancud.cl\/portal\/alcalde-de-ancud-participo-en-comision-tecnica-del-puente-chacao\/\" rel=\"bookmark\" title=\"Alcalde de Ancud particip\u00f3 en comisi\u00f3n t\u00e9cnica del Puente Chacao\">Alcalde de Ancud particip\u00f3 en comisi\u00f3n t\u00e9cnica del Puente Chacao<\/a><\/h3>            <div class=\"td-module-meta-info\">\n                                                <span class=\"td-post-date\"><time class=\"entry-date updated td-module-date\" datetime=\"2026-02-24T11:22:17+00:00\" >24\/02\/2026<\/time><\/span>                            <\/div>\n        <\/div>\n\n        <\/div>\n\n        \n\t<\/div> <!-- .\/td-block-span12 -->\n\n\t<div class=\"td-block-span12\">\n\n        <div class=\"td_module_6 td_module_wrap td-animation-stack\">\n\n        <div class=\"td-module-thumb\"><a href=\"https:\/\/www.muniancud.cl\/portal\/agua-potable-y-alcantarillado-un-futuro-mas-digno-para-el-pasaje-huentelican\/\" rel=\"bookmark\" class=\"td-image-wrap\" title=\"Agua potable y alcantarillado: \u201cun futuro m\u00e1s digno para el Pasaje Huentelic\u00e1n\u201d\"><img loading=\"lazy\" decoding=\"async\" class=\"entry-thumb\" src=\"data:image\/png;base64,iVBORw0KGgoAAAANSUhEUgAAAGQAAABGAQMAAAAASKMqAAAAA1BMVEWurq51dlI4AAAAAXRSTlMmkutdmwAAABBJREFUKM9jGAWjYBQMKwAAA9QAAQWBn6cAAAAASUVORK5CYII=\"alt=\"\" data-type=\"image_tag\" data-img-url=\"https:\/\/www.muniancud.cl\/portal\/wp-content\/themes\/Newspaper\/images\/no-thumb\/td_100x70.png\"  width=\"100\" height=\"70\" \/><\/a><\/div>\n        <div class=\"item-details\">\n            <h3 class=\"entry-title td-module-title\"><a href=\"https:\/\/www.muniancud.cl\/portal\/agua-potable-y-alcantarillado-un-futuro-mas-digno-para-el-pasaje-huentelican\/\" rel=\"bookmark\" title=\"Agua potable y alcantarillado: \u201cun futuro m\u00e1s digno para el Pasaje Huentelic\u00e1n\u201d\">Agua potable y alcantarillado: \u201cun futuro m\u00e1s digno para el Pasaje...<\/a><\/h3>            <div class=\"td-module-meta-info\">\n                                                <span class=\"td-post-date\"><time class=\"entry-date updated td-module-date\" datetime=\"2026-01-29T15:54:17+00:00\" >29\/01\/2026<\/time><\/span>                            <\/div>\n        <\/div>\n\n        <\/div>\n\n        \n\t<\/div> <!-- .\/td-block-span12 -->\n\n\t<div class=\"td-block-span12\">\n\n        <div class=\"td_module_6 td_module_wrap td-animation-stack\">\n\n        <div class=\"td-module-thumb\"><a href=\"https:\/\/www.muniancud.cl\/portal\/consejo-municipal-de-ancud-aprueba-por-unanimidad-el-presupuesto-2026\/\" rel=\"bookmark\" class=\"td-image-wrap\" title=\"Concejo Municipal de Ancud aprueba por unanimidad el Presupuesto 2026\"><img loading=\"lazy\" decoding=\"async\" class=\"entry-thumb\" src=\"data:image\/png;base64,iVBORw0KGgoAAAANSUhEUgAAAGQAAABGAQMAAAAASKMqAAAAA1BMVEWurq51dlI4AAAAAXRSTlMmkutdmwAAABBJREFUKM9jGAWjYBQMKwAAA9QAAQWBn6cAAAAASUVORK5CYII=\"alt=\"\" title=\"Concejo Municipal de Ancud aprueba por unanimidad el Presupuesto 2026\" data-type=\"image_tag\" data-img-url=\"https:\/\/www.muniancud.cl\/portal\/wp-content\/uploads\/2025\/12\/WhatsApp-Image-2025-12-12-at-10.21.05-100x70.jpeg\"  width=\"100\" height=\"70\" \/><\/a><\/div>\n        <div class=\"item-details\">\n            <h3 class=\"entry-title td-module-title\"><a href=\"https:\/\/www.muniancud.cl\/portal\/consejo-municipal-de-ancud-aprueba-por-unanimidad-el-presupuesto-2026\/\" rel=\"bookmark\" title=\"Concejo Municipal de Ancud aprueba por unanimidad el Presupuesto 2026\">Concejo Municipal de Ancud aprueba por unanimidad el Presupuesto 2026<\/a><\/h3>            <div class=\"td-module-meta-info\">\n                                                <span class=\"td-post-date\"><time class=\"entry-date updated td-module-date\" datetime=\"2025-12-12T17:45:16+00:00\" >12\/12\/2025<\/time><\/span>                            <\/div>\n        <\/div>\n\n        <\/div>\n\n        \n\t<\/div> <!-- .\/td-block-span12 -->\n\n\t<div class=\"td-block-span12\">\n\n        <div class=\"td_module_6 td_module_wrap td-animation-stack\">\n\n        <div class=\"td-module-thumb\"><a href=\"https:\/\/www.muniancud.cl\/portal\/avanza-licitacion-del-proyecto-de-defensa-fluvial-en-ancud-tras-reunion-informativa-con-autoridades-y-vecinos\/\" rel=\"bookmark\" class=\"td-image-wrap\" title=\"Avanza licitaci\u00f3n del proyecto de defensa fluvial en Ancud tras reuni\u00f3n informativa con autoridades y vecinos\"><img loading=\"lazy\" decoding=\"async\" class=\"entry-thumb\" src=\"data:image\/png;base64,iVBORw0KGgoAAAANSUhEUgAAAGQAAABGAQMAAAAASKMqAAAAA1BMVEWurq51dlI4AAAAAXRSTlMmkutdmwAAABBJREFUKM9jGAWjYBQMKwAAA9QAAQWBn6cAAAAASUVORK5CYII=\"alt=\"\" title=\"Avanza licitaci\u00f3n del proyecto de defensa fluvial en Ancud tras reuni\u00f3n informativa con autoridades y vecinos\" data-type=\"image_tag\" data-img-url=\"https:\/\/www.muniancud.cl\/portal\/wp-content\/uploads\/2025\/12\/473572914_29234277212838443_4102928603313290465_n-1-1-100x70.jpg\"  width=\"100\" height=\"70\" \/><\/a><\/div>\n        <div class=\"item-details\">\n            <h3 class=\"entry-title td-module-title\"><a href=\"https:\/\/www.muniancud.cl\/portal\/avanza-licitacion-del-proyecto-de-defensa-fluvial-en-ancud-tras-reunion-informativa-con-autoridades-y-vecinos\/\" rel=\"bookmark\" title=\"Avanza licitaci\u00f3n del proyecto de defensa fluvial en Ancud tras reuni\u00f3n informativa con autoridades y vecinos\">Avanza licitaci\u00f3n del proyecto de defensa fluvial en Ancud tras reuni\u00f3n...<\/a><\/h3>            <div class=\"td-module-meta-info\">\n                                                <span class=\"td-post-date\"><time class=\"entry-date updated td-module-date\" datetime=\"2025-12-05T16:31:08+00:00\" >05\/12\/2025<\/time><\/span>                            <\/div>\n        <\/div>\n\n        <\/div>\n\n        \n\t<\/div> <!-- .\/td-block-span12 -->\n\n\t<div class=\"td-block-span12\">\n\n        <div class=\"td_module_6 td_module_wrap td-animation-stack\">\n\n        <div class=\"td-module-thumb\"><a href=\"https:\/\/www.muniancud.cl\/portal\/la-municipalidad-de-ancud-mejora-accesos-y-servicios-en-playa-lechagua-de-cara-a-la-temporada-estival\/\" rel=\"bookmark\" class=\"td-image-wrap\" title=\"La Municipalidad de Ancud mejora accesos y servicios en Playa Lechagua de cara a la temporada estival\"><img loading=\"lazy\" decoding=\"async\" class=\"entry-thumb\" src=\"data:image\/png;base64,iVBORw0KGgoAAAANSUhEUgAAAGQAAABGAQMAAAAASKMqAAAAA1BMVEWurq51dlI4AAAAAXRSTlMmkutdmwAAABBJREFUKM9jGAWjYBQMKwAAA9QAAQWBn6cAAAAASUVORK5CYII=\"alt=\"\" title=\"La Municipalidad de Ancud mejora accesos y servicios en Playa Lechagua de cara a la temporada estival\" data-type=\"image_tag\" data-img-url=\"https:\/\/www.muniancud.cl\/portal\/wp-content\/uploads\/2025\/10\/lechagua.jpg\"  width=\"93\" height=\"70\" \/><\/a><\/div>\n        <div class=\"item-details\">\n            <h3 class=\"entry-title td-module-title\"><a href=\"https:\/\/www.muniancud.cl\/portal\/la-municipalidad-de-ancud-mejora-accesos-y-servicios-en-playa-lechagua-de-cara-a-la-temporada-estival\/\" rel=\"bookmark\" title=\"La Municipalidad de Ancud mejora accesos y servicios en Playa Lechagua de cara a la temporada estival\">La Municipalidad de Ancud mejora accesos y servicios en Playa Lechagua...<\/a><\/h3>            <div class=\"td-module-meta-info\">\n                                                <span class=\"td-post-date\"><time class=\"entry-date updated td-module-date\" datetime=\"2025-10-23T10:41:21+00:00\" >23\/10\/2025<\/time><\/span>                            <\/div>\n        <\/div>\n\n        <\/div>\n\n        \n\t<\/div> <!-- .\/td-block-span12 --><\/div><div class=\"td-next-prev-wrap\"><a href=\"#\" class=\"td-ajax-prev-page ajax-page-disabled\" id=\"prev-page-td_uid_4_69f4faabc5928\" data-td_block_id=\"td_uid_4_69f4faabc5928\"><i class=\"td-icon-font td-icon-menu-left\"><\/i><\/a><a href=\"#\"  class=\"td-ajax-next-page\" id=\"next-page-td_uid_4_69f4faabc5928\" data-td_block_id=\"td_uid_4_69f4faabc5928\"><i class=\"td-icon-font td-icon-menu-right\"><\/i><\/a><\/div><\/div> <!-- .\/block -->[\/vc_column][\/vc_row]<\/p>\n<\/div>","protected":false},"excerpt":{"rendered":"<p>[vc_row][vc_column width=\u00bb2\/3&#8243;][vc_column_text]A la Direcci\u00f3n de Obras le corresponder\u00e1 velar por el cumplimiento de las disposiciones de la Ley General de Urbanismo y Construcciones, del Plan Regulador Comunal y de las ordenanzas correspondientes, para cuyo efecto gozar\u00e1 de las siguientes atribuciones espec\u00edficas:[\/vc_column_text][vc_tta_accordion style=\u00bbflat\u00bb c_icon=\u00bbchevron\u00bb active_section=\u00bb0&#8243; collapsible_all=\u00bbtrue\u00bb][vc_tta_section title=\u00bbFunciones\u00bb tab_id=\u00bb1532887423396-2617daf9-88df\u00bb][vc_column_text] Dar aprobaci\u00f3n a las subdivisiones de predios urbano [&hellip;]<\/p>\n","protected":false},"author":1,"featured_media":0,"parent":466,"menu_order":15,"comment_status":"closed","ping_status":"closed","template":"page-pagebuilder-title.php","meta":{"footnotes":""},"class_list":["post-751","page","type-page","status-publish","hentry"],"_links":{"self":[{"href":"https:\/\/www.muniancud.cl\/portal\/wp-json\/wp\/v2\/pages\/751","targetHints":{"allow":["GET"]}}],"collection":[{"href":"https:\/\/www.muniancud.cl\/portal\/wp-json\/wp\/v2\/pages"}],"about":[{"href":"https:\/\/www.muniancud.cl\/portal\/wp-json\/wp\/v2\/types\/page"}],"author":[{"embeddable":true,"href":"https:\/\/www.muniancud.cl\/portal\/wp-json\/wp\/v2\/users\/1"}],"replies":[{"embeddable":true,"href":"https:\/\/www.muniancud.cl\/portal\/wp-json\/wp\/v2\/comments?post=751"}],"version-history":[{"count":9,"href":"https:\/\/www.muniancud.cl\/portal\/wp-json\/wp\/v2\/pages\/751\/revisions"}],"predecessor-version":[{"id":36115,"href":"https:\/\/www.muniancud.cl\/portal\/wp-json\/wp\/v2\/pages\/751\/revisions\/36115"}],"up":[{"embeddable":true,"href":"https:\/\/www.muniancud.cl\/portal\/wp-json\/wp\/v2\/pages\/466"}],"wp:attachment":[{"href":"https:\/\/www.muniancud.cl\/portal\/wp-json\/wp\/v2\/media?parent=751"}],"curies":[{"name":"wp","href":"https:\/\/api.w.org\/{rel}","templated":true}]}}